000
CDUS41 KALY 160629
CLIALB


CLIMATE REPORT
NATIONAL WEATHER SERVICE ALBANY NY
128 AM EST THU NOV 16 2017


...................................

...THE ALBANY NY CLIMATE SUMMARY FOR NOVEMBER 15 2017...

CLIMATE NORMAL PERIOD 1981 TO 2010
CLIMATE RECORD PERIOD 1874 TO 2017


WEATHER ITEM   OBSERVED TIME   RECORD YEAR NORMAL DEPARTURE LAST
                VALUE   (LST)  VALUE       VALUE  FROM      YEAR
                                                  NORMAL
..................................................................
TEMPERATURE (F)
 YESTERDAY
  MAXIMUM         47    336 PM  74    1993  48     -1       46
  MINIMUM         34    704 AM  14    1939  32      2       34
  AVERAGE         41                        40      1       40

PRECIPITATION (IN)
  YESTERDAY        0.00          1.55 2016   0.11  -0.11     1.55
  MONTH TO DATE    0.47                      1.64  -1.17     1.89
  SINCE SEP 1      6.00                      8.62  -2.62     6.97
  SINCE JAN 1     37.80                     34.77   3.03    30.42

SNOWFALL (IN)
  YESTERDAY        0.0           4.8  1906   0.0    0.0      0.0
  MONTH TO DATE    T                         0.7   -0.7      0.0
  SINCE SEP 1      T                         1.0   -1.0      1.7
  SINCE JUL 1      T                         1.0   -1.0      1.7
  SNOW DEPTH       0

DEGREE DAYS
 HEATING
  YESTERDAY       24                        25     -1       25
  MONTH TO DATE  364                       342     22      316
  SINCE SEP 1    693                       964   -271      770
  SINCE JUL 1    712                       987   -275      771

 COOLING
  YESTERDAY        0                         0      0        0
  MONTH TO DATE    0                         0      0        0
  SINCE SEP 1    139                        55     84      114
  SINCE JAN 1    714                       598    116      902
..................................................................


WIND (MPH)
  HIGHEST WIND SPEED    13   HIGHEST WIND DIRECTION     S (170)
  HIGHEST GUST SPEED    17   HIGHEST GUST DIRECTION    SE (150)
  AVERAGE WIND SPEED     4.6


SKY COVER
  AVERAGE SKY COVER 0.7



RELATIVE HUMIDITY (PERCENT)
 HIGHEST    82
 LOWEST     42
 AVERAGE    62

..........................................................


THE ALBANY NY CLIMATE NORMALS FOR TODAY
                         NORMAL    RECORD    YEAR
 MAXIMUM TEMPERATURE (F)   48        71      2006
 MINIMUM TEMPERATURE (F)   32         7      1972


SUNRISE AND SUNSET
NOVEMBER 16 2017......SUNRISE   648 AM EST   SUNSET   431 PM EST
NOVEMBER 17 2017......SUNRISE   650 AM EST   SUNSET   430 PM EST


-  INDICATES NEGATIVE NUMBERS.
R  INDICATES RECORD WAS SET OR TIED.
MM INDICATES DATA IS MISSING.
T  INDICATES TRACE AMOUNT.




$$
