000
CDUS41 KALY 280626
CLIALB


CLIMATE REPORT
NATIONAL WEATHER SERVICE ALBANY NY
225 AM EDT THU MAY 28 2015


...................................

...THE ALBANY NY CLIMATE SUMMARY FOR MAY 27 2015...

CLIMATE NORMAL PERIOD 1981 TO 2010
CLIMATE RECORD PERIOD 1874 TO 2015


WEATHER ITEM   OBSERVED TIME   RECORD YEAR NORMAL DEPARTURE LAST
                VALUE   (LST)  VALUE       VALUE  FROM      YEAR
                                                  NORMAL
..................................................................
TEMPERATURE (F)
 YESTERDAY
  MAXIMUM         88   1206 PM  94    1914  73     15       87
  MINIMUM         68   1159 PM  30    1969  51     17       62
  AVERAGE         78                        62     16       75

PRECIPITATION (IN)
  YESTERDAY        0.11          2.03 1906   0.12  -0.01     0.01
  MONTH TO DATE    0.42                      3.11  -2.69     2.29
  SINCE MAR 1      3.77                      9.49  -5.72     7.45
  SINCE JAN 1      8.09                     14.28  -6.19    13.24

SNOWFALL (IN)
  YESTERDAY        0.0           0.0    MM   0.0    0.0      0.0
  MONTH TO DATE    0.0                       0.1   -0.1      0.0
  SINCE MAR 1      5.3                      12.6   -7.3      8.3
  SINCE JUL 1     75.9                      59.1   16.8     73.5
  SNOW DEPTH       0

DEGREE DAYS
 HEATING
  YESTERDAY        0                         5     -5        0
  MONTH TO DATE   91                       217   -126      154
  SINCE MAR 1   1687                      1666     21     1826
  SINCE JUL 1   6817                      6610    207     6943

 COOLING
  YESTERDAY       13                         1     12       10
  MONTH TO DATE  100                        16     84       29
  SINCE MAR 1    100                        20     80       35
  SINCE JAN 1    100                        20     80       35
..................................................................


WIND (MPH)
  HIGHEST WIND SPEED    28   HIGHEST WIND DIRECTION     S (180)
  HIGHEST GUST SPEED    33   HIGHEST GUST DIRECTION     S (170)
  AVERAGE WIND SPEED    12.1


SKY COVER
  AVERAGE SKY COVER 0.8



RELATIVE HUMIDITY (PERCENT)
 HIGHEST    90
 LOWEST     50
 AVERAGE    70

..........................................................


THE ALBANY NY CLIMATE NORMALS FOR TODAY
                         NORMAL    RECORD    YEAR
 MAXIMUM TEMPERATURE (F)   73        91      1911
 MINIMUM TEMPERATURE (F)   51        33      1994


SUNRISE AND SUNSET
MAY 28 2015...........SUNRISE   522 AM EDT   SUNSET   823 PM EDT
MAY 29 2015...........SUNRISE   521 AM EDT   SUNSET   824 PM EDT


-  INDICATES NEGATIVE NUMBERS.
R  INDICATES RECORD WAS SET OR TIED.
MM INDICATES DATA IS MISSING.
T  INDICATES TRACE AMOUNT.




$$
