000
CXUS51 KALY 012242 RRA
CLSDDH

CLIMATE REPORT
NATIONAL WEATHER SERVICE ALBANY NY
633 PM EDT THU SEP 1 2016

...................................

...THE BENNINGTON VT CLIMATE SUMMARY FOR THE SEASON, FROM
6/1/2016 TO 8/31/2016...

CLIMATE NORMAL PERIOD 1981 TO 2010
CLIMATE RECORD PERIOD 9999 TO 9999

WEATHER         OBSERVED          NORMAL  DEPART  LAST YEAR`S
                 VALUE   DATE(S)  VALUE   FROM    VALUE  DATE(S)
                                          NORMAL
................................................................
TEMPERATURE (F)
HIGHEST            92   08/14                         90  08/18
                                                          07/29
LOWEST             40   06/11                         33  06/07
AVG. MAXIMUM     80.8              77.4     3.4     78.6
AVG. MINIMUM     55.3              54.9     0.4     54.5
MEAN             68.0              66.1     1.9     66.6
DAYS MAX >= 90      4               1.1     2.9        2
DAYS MAX <= 32      0               0.0     0.0        0
DAYS MIN <= 32      0               0.2    -0.2        0
DAYS MIN <= 0       0               0.0     0.0        0

PRECIPITATION (INCHES)
TOTALS           8.26             12.47   -4.21     6.67
DAILY AVG.       0.09              0.14   -0.05     0.08
DAYS >= .01        35                                 29
DAYS >= .10        19                                 17
DAYS >= .50         5                                  2
DAYS >= 1.00        3                                  0
GREATEST
 24 HR. TOTAL    1.18   08/01 TO 08/02

DEGREE_DAYS
HEATING TOTAL      91               169     -78
 SINCE 7/1         22                72     -50
COOLING TOTAL     397               274     123
 SINCE 1/1        439               288     151

FREEZE DATES
EARLIEST                        10/01
LATEST                          05/10
.................................................................

WIND (MPH)
AVERAGE WIND SPEED              3.9
HIGHEST WIND SPEED/DIRECTION    29/150    DATE  06/05
HIGHEST GUST SPEED/DIRECTION    45/290    DATE  06/21


WEATHER CONDITIONS. NUMBER OF DAYS WITH
THUNDERSTORM              7     MIXED PRECIP               0
HEAVY RAIN               10     RAIN                      17
LIGHT RAIN               38     FREEZING RAIN              0
LT FREEZING RAIN          0     HAIL                       0
HEAVY SNOW                1     SNOW                       0
LIGHT SNOW                0     SLEET                      0
FOG                      68     FOG W/VIS <= 1/4 MILE     20
HAZE                     40

-  INDICATES NEGATIVE NUMBERS.
R  INDICATES RECORD WAS SET OR TIED.
MM INDICATES DATA IS MISSING.
T  INDICATES TRACE AMOUNT.

$$
