000
CXUS55 KBYZ 011100
CF6LVM
PRELIMINARY LOCAL CLIMATOLOGICAL DATA (WS FORM: F-6)
STATION: LIVINGSTON MT
MONTH: DECEMBER
YEAR: 2022
LATITUDE: 45 41 N
LONGITUDE: 110 26 W
TEMPERATURE IN F: :PCPN: SNOW: WIND :SUNSHINE: SKY :PK WND
================================================================================
1 2 3 4 5 6A 6B 7 8 9 10 11 12 13 14 15 16 17 18
12Z AVG MX 2MIN
DY MAX MIN AVG DEP HDD CDD WTR SNW DPTH SPD SPD DIR MIN PSBL S-S WX SPD DR
================================================================================
1 43 25 34 4 31 0 0.02 M M 23.7 47 210 M M 10 1 61 210
2 28 18 23 -7 42 0 T M M 18.1 39 220 M M 4 1 49 220
3 37 18 28 -2 37 0 0.00 M M 25.6 47 220 M M 0 61 210
4 33 12 23 -6 42 0 0.27 M M 14.3 31 280 M M 5 1 41 270
5 35 24 30 1 35 0 0.18 M M 19.0 45 220 M M 10 128 56 230
6 35 29 32 3 33 0 0.00 M M 36.9 49 220 M M 6 89 64 220
7 38 28 33 5 32 0 0.00 M M 27.2 43 220 M M 1 55 210
8 34 20 27 -1 38 0 0.00 M M 30.2 47 220 M M 0 57 210
9 35 20 28 0 37 0 T M M 13.0 37 220 M M 5 45 220
10 45 23 34 6 31 0 0.00 M M 16.1 33 220 M M 1 41 220
11 45 30 38 10 27 0 0.00 M M 13.4 31 220 M M 5 39 230
12 31 13 22 -6 43 0 0.06 M M 11.5 21 90 M M 9 18 27 90
13 23 3 13 -14 52 0 0.01 M M 10.3 17 250 M M 6 1 22 280
14 29 11 20 -7 45 0 T M M 13.3 25 260 M M 7 1 31 260
15 24 18 21 -6 44 0 T M M 8.9 18 220 M M 10 23 220
16 28 20 24 -3 41 0 T M M 20.1 33 220 M M 6 41 210
17 29 23 26 -1 39 0 0.00 M M 26.5 46 200 M M 4 56 220
18 26 3 15 -12 50 0 T M M 13.8 37 200 M M 8 18 47 200
19 3 -7 -2 -29 67 0 T M M 9.0 26 90 M M 3 18 32 90
20 0 -4 -2 -29 67 0 T M M 12.4 30 90 M M 9 36 90
21 -3 -26 -14 -41 79 0 T M M 13.8 35 80 M M 9 8 43 90
22 -11 -26 -18 -45 83 0 0.00 M M 10.7 21 300 M M 2 24 290
23 36 -21 8 -19 57 0 T M M 10.5 45 240 M M 9 8 62 260
24 45 35 40 13 25 0 T M M 26.5 56 220 M M 5 69 220
25 48 39 44 17 21 0 T M M 21.7 48 230 M M 9 63 210
26 52 40 46 19 19 0 0.00 M M 32.6 51 210 M M 2 64 230
27 54 35 45 18 20 0 0.03 M M 30.2 62 220 M M 6 75 220
28 43 30 37 10 28 0 T M M 19.8 38 240 M M 10 45 240
29 38 27 33 6 32 0 0.00 M M 20.6 37 220 M M 5 50 220
30 43 30 37 10 28 0 0.00 M M 26.4 45 220 M M 4 61 210
31 40 28 34 7 31 0 0.01 M M 14.1 28 250 M M 7 1 35 270
================================================================================
SM 986 518 1256 0 0.58 M 590.2 M 177
================================================================================
AV 31.8 16.7 19.0 FASTST M M 6 MAX(MPH)
MISC ----> 62 220 75 220
================================================================================
NOTES:
# LAST OF SEVERAL OCCURRENCES
COLUMN 17 PEAK WIND IN M.P.H.
PRELIMINARY LOCAL CLIMATOLOGICAL DATA (WS FORM: F-6) , PAGE 2
STATION: LIVINGSTON MT
MONTH: DECEMBER
YEAR: 2022
LATITUDE: 45 41 N
LONGITUDE: 110 26 W
[TEMPERATURE DATA] [PRECIPITATION DATA] SYMBOLS USED IN COLUMN 16
AVERAGE MONTHLY: 24.3 TOTAL FOR MONTH: 0.58 1 = FOG OR MIST
DPTR FM NORMAL: -3.3 DPTR FM NORMAL: 0.08 2 = FOG REDUCING VISIBILITY
HIGHEST: 54 ON 27 GRTST 24HR 0.45 ON 4- 5 TO 1/4 MILE OR LESS
LOWEST: -26 ON 22,21 3 = THUNDER
SNOW, ICE PELLETS, HAIL 4 = ICE PELLETS
TOTAL MONTH: M 5 = HAIL
GRTST 24HR M ON M 6 = FREEZING RAIN OR DRIZZLE
GRTST DEPTH: M ON M 7 = DUSTSTORM OR SANDSTORM:
VSBY 1/2 MILE OR LESS
8 = SMOKE OR HAZE
[NO. OF DAYS WITH] [WEATHER - DAYS WITH] 9 = BLOWING SNOW
X = TORNADO
MAX 32 OR BELOW: 12 0.01 INCH OR MORE: 7
MAX 90 OR ABOVE: 0 0.10 INCH OR MORE: 2
MIN 32 OR BELOW: 27 0.50 INCH OR MORE: 0
MIN 0 OR BELOW: 5 1.00 INCH OR MORE: 0
[HDD (BASE 65) ]
TOTAL THIS MO. 1256 CLEAR (SCALE 0-3) 7
DPTR FM NORMAL 97 PTCLDY (SCALE 4-7) 15
TOTAL FM JUL 1 3029 CLOUDY (SCALE 8-10) 9
DPTR FM NORMAL 19
[CDD (BASE 65) ]
TOTAL THIS MO. 0
DPTR FM NORMAL 0 [PRESSURE DATA]
TOTAL FM JAN 1 481 HIGHEST SLP 31.04 ON 22
DPTR FM NORMAL 203 LOWEST SLP 29.13 ON 27
[REMARKS]
#FINAL-12-22#