000
CXUS55 KBYZ 011218
CF6LVM
PRELIMINARY LOCAL CLIMATOLOGICAL DATA (WS FORM: F-6)
STATION: LIVINGSTON MT
MONTH: JANUARY
YEAR: 2024
LATITUDE: 45 41 N
LONGITUDE: 110 26 W
TEMPERATURE IN F: :PCPN: SNOW: WIND :SUNSHINE: SKY :PK WND
================================================================================
1 2 3 4 5 6A 6B 7 8 9 10 11 12 13 14 15 16 17 18
12Z AVG MX 2MIN
DY MAX MIN AVG DEP HDD CDD WTR SNW DPTH SPD SPD DIR MIN PSBL S-S WX SPD DR
================================================================================
1 42 19 31 4 34 0 0.00 M M 11.8 23 240 M M 0 28 230
2 47 13 30 3 35 0 0.00 M M 17.3 31 240 M M 0 41 240
3 43 16 30 3 35 0 0.00 M M 3.3 21 300 M M 0 25 300
4 40 25 33 5 32 0 0.00 M M 14.4 22 240 M M 7 29 250
5 40 24 32 4 33 0 T M M 15.3 26 230 M M 8 35 230
6 37 23 30 2 35 0 0.00 M M 27.2 45 210 M M 1 8 63 210
7 31 14 23 -5 42 0 0.01 M M 11.3 24 210 M M 9 18 31 240
8 29 8 19 -9 46 0 0.00 M M 18.4 44 220 M M 5 72 210
9 35 23 29 1 36 0 T M M 22.2 55 210 M M 5 76 220
10 34 5 20 -8 45 0 T M M 20.4 45 220 M M 8 18 54 220
11 8 -9 0 -28 65 0 T M M 15.5 24 80 M M 10 8 31 80
12 -9 -26 -17 -45 82 0 T M M 11.7 23 100 M M 9 8 32 80
13 -1 -29 -15 -43 80 0 T M M 9.3 20 320 M M 1 8 25 310
14 -4 -26 -15 -43 80 0 T M M 6.4 22 90 M M 8 30 80
15 2 -24 -11 -39 76 0 T M M 13.2 20 310 M M 2 8 27 320
16 28 -9 10 -18 55 0 0.00 M M 29.2 47 220 M M 5 89 65 210
17 38 13 26 -2 39 0 T M M 24.2 47 210 M M 9 18 70 220
18 13 -11 1 -27 64 0 0.06 M M 10.5 25 320 M M 6 1 32 310
19 20 -4 8 -20 57 0 T M M 2.4 7 90 M M 10 8 80
20 54 19 37 9 28 0 0.00 M M 14.0 33 210 M M 3 44 220
21 53 40 47 19 18 0 0.00 M M 18.0 36 220 M M 7 49 220
22 51 30 41 13 24 0 0.00 M M 9.3 24 240 M M 2 35 240
23 51 27 39 11 26 0 0.00 M M 10.9 20 260 M M 5 25 230
24 51 19 35 7 30 0 0.00 M M 16.1 32 210 M M 4 45 210
25 50 30 40 12 25 0 0.00 M M 13.8 28 220 M M 5 42 210
26 46 28 37 9 28 0 0.00 M M 15.8 30 240 M M 3 43 260
27 50 33 42 14 23 0 T M M 28.7 44 220 M M 4 62 220
28 58 42 50 22 15 0 0.00 M M 26.5 40 210 M M 6 57 210
29 60 33 47 19 18 0 0.00 M M 19.5 33 230 M M 3 44 230
30 63 31 47 19 18 0 0.00 M M 14.9 35 220 M M 0 44 220
31 62 30 46 18 19 0 0.00 M M 17.4 35 210 M M 0 44 210
================================================================================
SM 1122 407 1243 0 0.07 M 488.9 M 145
================================================================================
AV 36.2 13.1 15.8 FASTST M M 5 MAX(MPH)
MISC ----> 55 210 76 220
================================================================================
NOTES:
# LAST OF SEVERAL OCCURRENCES
COLUMN 17 PEAK WIND IN M.P.H.
PRELIMINARY LOCAL CLIMATOLOGICAL DATA (WS FORM: F-6) , PAGE 2
STATION: LIVINGSTON MT
MONTH: JANUARY
YEAR: 2024
LATITUDE: 45 41 N
LONGITUDE: 110 26 W
[TEMPERATURE DATA] [PRECIPITATION DATA] SYMBOLS USED IN COLUMN 16
AVERAGE MONTHLY: 24.7 TOTAL FOR MONTH: 0.07 1 = FOG OR MIST
DPTR FM NORMAL: -3.4 DPTR FM NORMAL: -0.37 2 = FOG REDUCING VISIBILITY
HIGHEST: 63 ON 30 GRTST 24HR 0.08 ON 10-10 TO 1/4 MILE OR LESS
LOWEST: -29 ON 13 3 = THUNDER
SNOW, ICE PELLETS, HAIL 4 = ICE PELLETS
TOTAL MONTH: M 5 = HAIL
GRTST 24HR M ON M 6 = FREEZING RAIN OR DRIZZLE
GRTST DEPTH: M ON M 7 = DUSTSTORM OR SANDSTORM:
VSBY 1/2 MILE OR LESS
8 = SMOKE OR HAZE
[NO. OF DAYS WITH] [WEATHER - DAYS WITH] 9 = BLOWING SNOW
X = TORNADO
MAX 32 OR BELOW: 10 0.01 INCH OR MORE: 2
MAX 90 OR ABOVE: 0 0.10 INCH OR MORE: 0
MIN 32 OR BELOW: 27 0.50 INCH OR MORE: 0
MIN 0 OR BELOW: 8 1.00 INCH OR MORE: 0
[HDD (BASE 65) ]
TOTAL THIS MO. 1243 CLEAR (SCALE 0-3) 11
DPTR FM NORMAL 99 PTCLDY (SCALE 4-7) 14
TOTAL FM JUL 1 3668 CLOUDY (SCALE 8-10) 6
DPTR FM NORMAL -494
[CDD (BASE 65) ]
TOTAL THIS MO. 0
DPTR FM NORMAL 0 [PRESSURE DATA]
TOTAL FM JAN 1 0 HIGHEST SLP 30.78 ON 15
DPTR FM NORMAL 0 LOWEST SLP 29.37 ON 10
[REMARKS]
#FINAL-01-24#