847
CXUS53 KPAH 020613 RRA
CLMPAH

CLIMATE REPORT
NATIONAL WEATHER SERVICE PADUCAH KY
114 AM CDT FRI SEP 2 2016

...................................

...THE PADUCAH ASOS CLIMATE SUMMARY FOR THE MONTH OF AUGUST 2016...

CLIMATE NORMAL PERIOD 1981 TO 2010
CLIMATE RECORD PERIOD 1937 TO 2016

WEATHER         OBSERVED          NORMAL  DEPART  LAST YEAR`S
                 VALUE   DATE(S)  VALUE   FROM    VALUE  DATE(S)
                                          NORMAL
................................................................
TEMPERATURE (F)
RECORD
 HIGH             106   08/04/1947
 LOW               44   08/29/1986
HIGHEST            96   08/05        87       9       95  08/04
LOWEST             58   08/22        66      -8       52  08/26
                                                          08/25
AVG. MAXIMUM     88.3              89.0    -0.7     86.5
AVG. MINIMUM     70.8              66.1     4.7     63.9
MEAN             79.6              77.5     2.1     75.2
DAYS MAX >= 90     14              13.3     0.7        7
DAYS MAX <= 32      0               0.0     0.0        0
DAYS MIN <= 32      0               0.0     0.0        0
DAYS MIN <= 0       0               0.0     0.0        0

PRECIPITATION (INCHES)
RECORD
 MAXIMUM         7.85   2014
 MINIMUM         0.11   1996
TOTALS           9.60R             2.76    6.84     1.95
DAILY AVG.       0.31              0.09    0.22     0.06
DAYS >= .01        12               6.9     5.1        7
DAYS >= .10        11               4.5     6.5        5
DAYS >= .50         8               1.9     6.1        1
DAYS >= 1.00        3               0.8     2.2        0
GREATEST
 24 HR. TOTAL    1.94   08/05 TO 08/05
 STORM TOTAL       MM
 (MM/DD(HH))            MM

DEGREE_DAYS
COOLING TOTAL     459               390      69      324
 SINCE 1/1       1530              1313     217     1424

FREEZE DATES
RECORD
 EARLIEST     10/01/1984
 LATEST       04/28/1992
EARLIEST                        10/26
LATEST                          04/04
.................................................................

WIND (MPH)
AVERAGE WIND SPEED              4.1
HIGHEST WIND SPEED/DIRECTION    38/340    DATE  08/05
HIGHEST GUST SPEED/DIRECTION    49/340    DATE  08/05

SKY COVER
POSSIBLE SUNSHINE (PERCENT)   MM
AVERAGE SKY COVER           0.30
NUMBER OF DAYS FAIR           16
NUMBER OF DAYS PC             13
NUMBER OF DAYS CLOUDY          2

AVERAGE RH (PERCENT)     77

WEATHER CONDITIONS. NUMBER OF DAYS WITH
THUNDERSTORM              0     MIXED PRECIP               0
HEAVY RAIN                9     RAIN                       9
LIGHT RAIN               13     FREEZING RAIN              0
LT FREEZING RAIN          0     HAIL                       0
HEAVY SNOW                0     SNOW                       0
LIGHT SNOW                0     SLEET                      0
FOG                      26     FOG W/VIS <= 1/4 MILE      4
HAZE                      9

-  INDICATES NEGATIVE NUMBERS.
R  INDICATES RECORD WAS SET OR TIED.
MM INDICATES DATA IS MISSING.
T  INDICATES TRACE AMOUNT.

$$
