000
CXUS56 KSLC 011324
CF6SLC
PRELIMINARY LOCAL CLIMATOLOGICAL DATA (WS FORM: F-6)
STATION: SALT LAKE CITY UT
MONTH: FEBRUARY
YEAR: 2020
LATITUDE: 40 46 N
LONGITUDE: 111 58 W
TEMPERATURE IN F: :PCPN: SNOW: WIND :SUNSHINE: SKY :PK WND
================================================================================
1 2 3 4 5 6A 6B 7 8 9 10 11 12 13 14 15 16 17 18
12Z AVG MX 2MIN
DY MAX MIN AVG DEP HDD CDD WTR SNW DPTH SPD SPD DIR MIN PSBL S-S WX SPD DR
================================================================================
1 54 32 43 12 22 0 0.00 0.0 0 6.1 15 160 M M 0 18 170
2 49 29 39 8 26 0 0.03 0.4 0 10.2 29 310 M M 1 1 35 330
3 29 17 23 -8 42 0 0.41 8.6 5 16.3 29 320 M M 10 189 37 320
4 26 9 18 -13 47 0 0.00 0.0 8 5.5 15 310 M M 1 17 310
5 26 16 21 -10 44 0 0.03 T 6 8.2 15 150 M M 9 18 19 140
6 37 25 31 -1 34 0 0.29 2.5 5 8.4 16 140 M M 10 1 19 140
7 44 35 40 8 25 0 0.06 0.0 3 6.8 14 120 M M 9 1 15 120
8 52 29 41 9 24 0 0.00 0.0 T 11.3 32 360 M M 4 38 360
9 41 25 33 1 32 0 T T 0 6.9 23 320 M M 1 25 330
10 37 23 30 -2 35 0 0.00 0.0 0 5.8 16 330 M M 2 20 330
11 39 22 31 -2 34 0 0.00 0.0 0 3.4 12 120 M M 1 14 340
12 43 29 36 3 29 0 T 0.0 0 6.0 13 300 M M 8 17 290
13 47 28 38 5 27 0 0.00 0.0 0 6.2 14 160 M M 1 17 150
14 56 32 44 10 21 0 0.00 0.0 0 9.7 21 200 M M 0 24 190
15 45 28 37 3 28 0 0.00 0.0 0 3.8 12 330 M M 6 15 20
16 41 33 37 3 28 0 0.43 T 0 5.7 25 330 M M 10 15 37 330
17 41 29 35 0 30 0 T T 0 7.1 16 340 M M 6 19 340
18 38 24 31 -4 34 0 0.00 0.0 0 6.0 14 340 M M 2 18 320
19 36 23 30 -5 35 0 0.00 0.0 0 5.0 14 310 M M 0 21 320
20 41 21 31 -5 34 0 0.00 0.0 0 4.5 10 330 M M 0 13 330
21 43 22 33 -3 32 0 0.00 0.0 0 3.9 10 300 M M 0 14 300
22 45 27 36 0 29 0 0.00 0.0 0 3.5 12 270 M M 3 14 290
23 54 27 41 4 24 0 0.00 0.0 0 4.4 16 170 M M 1 21 170
24 44 30 37 0 28 0 0.00 0.0 0 10.8 31 340 M M 6 41 320
25 39 24 32 -6 33 0 0.00 0.0 0 5.6 16 290 M M 0 21 320
26 49 25 37 -1 28 0 0.00 0.0 0 5.8 13 150 M M 2 16 150
27 52 27 40 2 25 0 0.00 0.0 0 4.3 13 310 M M 0 15 300
28 60 31 46 7 19 0 0.00 0.0 0 7.4 17 160 M M 0 23 160
29 60 38 49 10 16 0 0.00 0.0 0 10.9 23 160 M M 3 31 170
================================================================================
SM 1268 760 865 0 1.25 11.5 199.5 M 96
================================================================================
AV 43.7 26.2 6.9 FASTST M M 3 MAX(MPH)
MISC ----> # 32 360 # 41 320
================================================================================
NOTES:
# LAST OF SEVERAL OCCURRENCES
COLUMN 17 PEAK WIND IN M.P.H.
PRELIMINARY LOCAL CLIMATOLOGICAL DATA (WS FORM: F-6) , PAGE 2
STATION: SALT LAKE CITY UT
MONTH: FEBRUARY
YEAR: 2020
LATITUDE: 40 46 N
LONGITUDE: 111 58 W
[TEMPERATURE DATA] [PRECIPITATION DATA] SYMBOLS USED IN COLUMN 16
AVERAGE MONTHLY: 35.0 TOTAL FOR MONTH: 1.25 1 = FOG OR MIST
DPTR FM NORMAL: 0.8 DPTR FM NORMAL: 0.00 2 = FOG REDUCING VISIBILITY
HIGHEST: 60 ON 29,28 GRTST 24HR 0.43 ON 16-16 TO 1/4 MILE OR LESS
LOWEST: 9 ON 4 3 = THUNDER
SNOW, ICE PELLETS, HAIL 4 = ICE PELLETS
TOTAL MONTH: 11.5 INCHES 5 = HAIL
GRTST 24HR 8.6 ON 3- 3 6 = FREEZING RAIN OR DRIZZLE
GRTST DEPTH: 8 ON 4 7 = DUSTSTORM OR SANDSTORM:
VSBY 1/2 MILE OR LESS
8 = SMOKE OR HAZE
[NO. OF DAYS WITH] [WEATHER - DAYS WITH] 9 = BLOWING SNOW
X = TORNADO
MAX 32 OR BELOW: 3 0.01 INCH OR MORE: 6
MAX 90 OR ABOVE: 0 0.10 INCH OR MORE: 3
MIN 32 OR BELOW: 26 0.50 INCH OR MORE: 0
MIN 0 OR BELOW: 0 1.00 INCH OR MORE: 0
[HDD (BASE 65) ]
TOTAL THIS MO. 865 CLEAR (SCALE 0-3) 18
DPTR FM NORMAL 3 PTCLDY (SCALE 4-7) 6
TOTAL FM JUL 1 4060 CLOUDY (SCALE 8-10) 5
DPTR FM NORMAL -222
[CDD (BASE 65) ]
TOTAL THIS MO. 0
DPTR FM NORMAL 0 [PRESSURE DATA]
TOTAL FM JAN 1 0 HIGHEST SLP 30.59 ON 25
DPTR FM NORMAL 0 LOWEST SLP 29.41 ON 2
[REMARKS]
#FINAL-02-20#