000
CXUS56 KSLC 010810
CF6SLC
PRELIMINARY LOCAL CLIMATOLOGICAL DATA (WS FORM: F-6)
STATION: SALT LAKE CITY UT
MONTH: OCTOBER
YEAR: 2023
LATITUDE: 40 46 N
LONGITUDE: 111 58 W
TEMPERATURE IN F: :PCPN: SNOW: WIND :SUNSHINE: SKY :PK WND
================================================================================
1 2 3 4 5 6A 6B 7 8 9 10 11 12 13 14 15 16 17 18
12Z AVG MX 2MIN
DY MAX MIN AVG DEP HDD CDD WTR SNW DPTH SPD SPD DIR MIN PSBL S-S WX SPD DR
================================================================================
1 71 51 61 0 4 0 0.25 0.0 0 10.9 23 200 M M 6 1 32 160
2 58 48 53 -8 12 0 0.39 0.0 0 7.4 20 280 M M 9 1 29 280
3 60 48 54 -6 11 0 T 0.0 0 6.5 15 360 M M 10 21 350
4 66 50 58 -2 7 0 0.17 0.0 0 6.1 12 360 M M 5 1 22 320
5 68 47 58 -2 7 0 0.00 0.0 0 5.5 15 350 M M 0 19 350
6 73 48 61 2 4 0 0.00 0.0 0 5.9 15 340 M M 0 20 330
7 76 50 63 5 2 0 0.00 0.0 0 5.4 10 320 M M 0 14 330
8 79 50 65 7 0 0 0.00 0.0 0 5.5 10 130 M M 0 14 350
9 83 51 67 9 0 2 0.00 0.0 0 7.4 14 160 M M 0 19 150
10 80 56 68 11 0 3 0.00 0.0 0 10.5 25 160 M M 3 35 170
11 60 45 53 -4 12 0 0.42 0.0 0 10.3 29 330 M M 8 13 39 20
12 49 43 46 -10 19 0 0.18 0.0 0 4.8 15 260 M M 9 1 19 260
13 64 41 53 -3 12 0 0.00 0.0 0 5.7 14 150 M M 0 19 150
14 70 45 58 3 7 0 0.00 0.0 0 5.6 14 350 M M 0 8 18 160
15 72 45 59 4 6 0 0.00 0.0 0 4.9 10 360 M M 1 12 350
16 77 48 63 9 2 0 0.00 0.0 0 4.9 9 270 M M 0 12 280
17 73 48 61 7 4 0 0.00 0.0 0 4.6 9 310 M M 0 13 320
18 73 48 61 7 4 0 0.00 0.0 0 6.1 15 340 M M 0 19 330
19 76 48 62 9 3 0 0.00 0.0 0 3.9 8 10 M M 0 12 160
20 78 50 64 11 1 0 0.00 0.0 0 5.4 12 160 M M 0 8 15 160
21 75 50 63 11 2 0 0.00 0.0 0 4.4 9 150 M M 0 13 320
22 79 51 65 13 0 0 T 0.0 0 8.3 35 210 M M 1 53 190
23 69 50 60 9 5 0 0.00 0.0 0 6.2 16 300 M M 1 18 21 300
24 66 47 57 6 8 0 0.00 0.0 0 5.6 14 130 M M 0 17 130
25 74 52 63 12 2 0 T 0.0 0 16.7 30 160 M M 3 41 170
26 53 36 45 -5 20 0 0.56 0.0 0 10.3 25 350 M M 5 1 36 310
27 54 33 44 -6 21 0 0.00 0.0 0 6.5 14 330 M M 0 17 330
28 46 32 39 -10 26 0 0.00 0.0 0 8.4 17 290 M M 2 27 290
29 44 28 36 -13 29 0 0.00 0.0 0 7.8 15 300 M M 2 22 290
30 48 29 39 -10 26 0 0.00 0.0 0 6.0 12 310 M M 0 16 340
31 52 30 41 -7 24 0 0.00 0.0 0 4.0 8 350 M M 0 12 360
================================================================================
SM 2066 1398 280 5 1.97 0.0 211.5 M 65
================================================================================
AV 66.6 45.1 6.8 FASTST M M 2 MAX(MPH)
MISC ----> 35 210 53 190
================================================================================
NOTES:
# LAST OF SEVERAL OCCURRENCES
COLUMN 17 PEAK WIND IN M.P.H.
PRELIMINARY LOCAL CLIMATOLOGICAL DATA (WS FORM: F-6) , PAGE 2
STATION: SALT LAKE CITY UT
MONTH: OCTOBER
YEAR: 2023
LATITUDE: 40 46 N
LONGITUDE: 111 58 W
[TEMPERATURE DATA] [PRECIPITATION DATA] SYMBOLS USED IN COLUMN 16
AVERAGE MONTHLY: 55.9 TOTAL FOR MONTH: 1.97 1 = FOG OR MIST
DPTR FM NORMAL: 1.3 DPTR FM NORMAL: 0.71 2 = FOG REDUCING VISIBILITY
HIGHEST: 83 ON 9 GRTST 24HR 0.56 ON 25-26 TO 1/4 MILE OR LESS
LOWEST: 28 ON 29 3 = THUNDER
SNOW, ICE PELLETS, HAIL 4 = ICE PELLETS
TOTAL MONTH: 0.0 INCH 5 = HAIL
GRTST 24HR 0.0 6 = FREEZING RAIN OR DRIZZLE
GRTST DEPTH: 0 7 = DUSTSTORM OR SANDSTORM:
VSBY 1/2 MILE OR LESS
8 = SMOKE OR HAZE
[NO. OF DAYS WITH] [WEATHER - DAYS WITH] 9 = BLOWING SNOW
X = TORNADO
MAX 32 OR BELOW: 0 0.01 INCH OR MORE: 6
MAX 90 OR ABOVE: 0 0.10 INCH OR MORE: 6
MIN 32 OR BELOW: 4 0.50 INCH OR MORE: 1
MIN 0 OR BELOW: 0 1.00 INCH OR MORE: 0
[HDD (BASE 65) ]
TOTAL THIS MO. 280 CLEAR (SCALE 0-3) 24
DPTR FM NORMAL -57 PTCLDY (SCALE 4-7) 3
TOTAL FM JUL 1 302 CLOUDY (SCALE 8-10) 4
DPTR FM NORMAL -97
[CDD (BASE 65) ]
TOTAL THIS MO. 5
DPTR FM NORMAL -9 [PRESSURE DATA]
TOTAL FM JAN 1 1623 HIGHEST SLP M ON M
DPTR FM NORMAL 203 LOWEST SLP 29.40 ON 10
[REMARKS]
#FINAL-10-23#