577
CXUS53 KSGF 010646
CLMSGF


CLIMATE REPORT
NATIONAL WEATHER SERVICE SPRINGFIELD MO
1241 AM CST THU DEC 1 2016

...................................

...THE SPRINGFIELD MO CLIMATE SUMMARY FOR THE MONTH OF NOVEMBER 2016...

CLIMATE NORMAL PERIOD 1981 TO 2010
CLIMATE RECORD PERIOD 1888 TO 2016

WEATHER         OBSERVED          NORMAL  DEPART
                 VALUE   DATE(S)  VALUE   FROM
                                          NORMAL
................................................
TEMPERATURE (F)
RECORD
 HIGH              83   11/09/2006
 LOW                4   11/17/1959
HIGHEST            82   11/01        57      25
LOWEST             25   11/20        36     -11
AVG. MAXIMUM     62.4              56.7     5.7
AVG. MINIMUM     40.7              35.4     5.3
MEAN             51.6              46.1     5.5
DAYS MAX >= 90      0               0.0     0.0
DAYS MAX <= 32      0               0.5    -0.5
DAYS MIN <= 32      6              11.8    -5.8
DAYS MIN <= 0       0               0.0     0.0

PRECIPITATION (INCHES)
RECORD
 MAXIMUM        12.24   1985
 MINIMUM         0.14   1910
TOTALS           2.32              4.22   -1.90
DAILY AVG.       0.08              0.14   -0.06
DAYS >= .01         5               9.4    -4.4
DAYS >= .10         3               5.9    -2.9
DAYS >= .50         1               2.6    -1.6
DAYS >= 1.00        1               1.3    -0.3
GREATEST
 24 HR. TOTAL    1.65   11/03 TO 11/03
                        11/02 TO 11/03
                        11/03 TO 11/03

SNOWFALL (INCHES)
TOTALS            0.0
SINCE 7/1         0.0
DAYS >= TRACE       0

DEGREE_DAYS
HEATING TOTAL     414               571    -157
 SINCE 7/1        516               879    -363
COOLING TOTAL      17                 2      15
 SINCE 1/1       1808              1389     419
.................................................

WIND (MPH)
AVERAGE WIND SPEED              9.6
HIGHEST WIND SPEED/DIRECTION    33/270    DATE  11/18
HIGHEST GUST SPEED/DIRECTION    42/270    DATE  11/18

SKY COVER
POSSIBLE SUNSHINE (PERCENT)   MM
AVERAGE SKY COVER           0.30
NUMBER OF DAYS FAIR           18
NUMBER OF DAYS PC              7
NUMBER OF DAYS CLOUDY          5

AVERAGE RH (PERCENT)     68

WEATHER CONDITIONS. NUMBER OF DAYS WITH
THUNDERSTORM              1     MIXED PRECIP               0
HEAVY RAIN                2     RAIN                       2
LIGHT RAIN                7     FREEZING RAIN              0
LT FREEZING RAIN          0     HAIL                       0
HEAVY SNOW                0     SNOW                       0
LIGHT SNOW                0     SLEET                      0
FOG                      12     FOG W/VIS <= 1/4 MILE      5
HAZE                      1

-  INDICATES NEGATIVE NUMBERS.
R  INDICATES RECORD WAS SET OR TIED.
MM INDICATES DATA IS MISSING.
T  INDICATES TRACE AMOUNT.

$$
