000
CDUS43 KFSD 152232
CLIFSD

CLIMATE REPORT
NATIONAL WEATHER SERVICE SIOUX FALLS SD
532 PM CDT TUE JUN 15 2021

...................................

...THE SIOUX FALLS CLIMATE SUMMARY FOR JUNE 15 2021...
VALID TODAY AS OF 0400 PM LOCAL TIME.

CLIMATE NORMAL PERIOD: 1991 TO 2020
CLIMATE RECORD PERIOD: 1893 TO 2021


WEATHER ITEM   OBSERVED TIME   RECORD YEAR NORMAL DEPARTURE LAST
                VALUE   (LST)  VALUE       VALUE  FROM      YEAR
                                                  NORMAL
...................................................................
TEMPERATURE (F)
 TODAY
  MAXIMUM         92   3:58 PM  98    1959  81     11       92
  MINIMUM         54   5:04 AM  37    1968  59     -5       74
                                      1989
  AVERAGE         73                        70      3       83

PRECIPITATION (IN)
  TODAY            0.00          2.74 2014   0.14  -0.14      T
  MONTH TO DATE    0.40                      2.25  -1.85     1.00
  SINCE JUN 1      0.40                      2.25  -1.85     1.00
  SINCE JAN 1      8.84                     12.14  -3.30     7.36

SNOWFALL (IN)
  TODAY            0.0           0.0    MM   0.0    0.0      0.0
  MONTH TO DATE    0.0                       0.0    0.0      0.0
  SINCE JUN 1      0.0                       0.0    0.0      0.0
  SINCE JUL 1     40.0                      45.3   -5.3     39.4
  SNOW DEPTH       0

DEGREE DAYS
 HEATING
  TODAY            0                         1     -1        0
  MONTH TO DATE    3                        26    -23        0
  SINCE JUN 1      3                        26    -23        0
  SINCE JUL 1   6816                      7242   -426     7120

 COOLING
  TODAY            8                         6      2       18
  MONTH TO DATE  190                        69    121      169
  SINCE JUN 1    190                        69    121      169
  SINCE JAN 1    253                       120    133      189
...................................................................


WIND (MPH)
  HIGHEST WIND SPEED    15   HIGHEST WIND DIRECTION     E (80)
  HIGHEST GUST SPEED    20   HIGHEST GUST DIRECTION     E (80)
  AVERAGE WIND SPEED     4.7


SKY COVER
  POSSIBLE SUNSHINE  MM
  AVERAGE SKY COVER 0.3


WEATHER CONDITIONS
THE FOLLOWING WEATHER WAS RECORDED TODAY.
  NO SIGNIFICANT WEATHER WAS OBSERVED.


RELATIVE HUMIDITY (PERCENT)
 HIGHEST    72           4:00 AM
 LOWEST     19           4:00 PM
 AVERAGE    46

..........................................................


THE SIOUX FALLS CLIMATE NORMALS FOR TOMORROW
                         NORMAL    RECORD    YEAR
 MAXIMUM TEMPERATURE (F)   81        99      1959
 MINIMUM TEMPERATURE (F)   59        40      1976


SUNRISE AND SUNSET
JUNE 15 2021..........SUNRISE   5:45 AM CDT   SUNSET   9:10 PM CDT
JUNE 16 2021..........SUNRISE   5:45 AM CDT   SUNSET   9:10 PM CDT


-  INDICATES NEGATIVE NUMBERS.
R  INDICATES RECORD WAS SET OR TIED.
MM INDICATES DATA IS MISSING.
T  INDICATES TRACE AMOUNT.




$$
