000
CDUS43 KFSD 060630
CLIFSD

CLIMATE REPORT
NATIONAL WEATHER SERVICE SIOUX FALLS SD
130 AM CDT WED JUL 06 2022

...................................

...THE SIOUX FALLS CLIMATE SUMMARY FOR JULY 5 2022...

CLIMATE NORMAL PERIOD: 1991 TO 2020
CLIMATE RECORD PERIOD: 1893 TO 2022


WEATHER ITEM   OBSERVED TIME   RECORD YEAR NORMAL DEPARTURE LAST
                VALUE   (LST)  VALUE       VALUE  FROM      YEAR
                                                  NORMAL
...................................................................
TEMPERATURE (F)
 YESTERDAY
  MAXIMUM         94  12:58 PM 109    1936  85      9       97
  MINIMUM         68   3:14 PM  39    1972  63      5       70
  AVERAGE         81                        74      7       84

PRECIPITATION (IN)
  YESTERDAY        1.33          2.29 1982   0.11   1.22     0.18
  MONTH TO DATE    1.45                      0.54   0.91     0.18
  SINCE JUN 1      3.40                      4.77  -1.37     0.96
  SINCE JAN 1     11.35                     14.66  -3.31     9.40

SNOWFALL (IN)
  YESTERDAY        0.0           0.0    MM   0.0    0.0      0.0
  MONTH TO DATE    0.0                       0.0    0.0      0.0
  SINCE JUN 1      0.0                       0.0    0.0      0.0
  SINCE JUL 1      0.0                       0.0    0.0      0.0
  SNOW DEPTH       0

DEGREE DAYS
 HEATING
  YESTERDAY        0                         0      0        0
  MONTH TO DATE    0                         0      0        0
  SINCE JUN 1     19                        32    -13        5
  SINCE JUL 1      0                         0      0        0

 COOLING
  YESTERDAY       16                         9      7       19
  MONTH TO DATE   68                        45     23       74
  SINCE JUN 1    319                       223     96      393
  SINCE JAN 1    378                       274    104      456
...................................................................


WIND (MPH)
  HIGHEST WIND SPEED    54   HIGHEST WIND DIRECTION     N (350)
  HIGHEST GUST SPEED    80   HIGHEST GUST DIRECTION     N (340)
  AVERAGE WIND SPEED     9.6


SKY COVER
  POSSIBLE SUNSHINE  MM
  AVERAGE SKY COVER 0.6


WEATHER CONDITIONS
THE FOLLOWING WEATHER WAS RECORDED YESTERDAY.
  THUNDERSTORM
  HEAVY RAIN
  RAIN
  LIGHT RAIN
  HAIL
  FOG
  FOG W/VISIBILITY <= 1/4 MILE
  HAZE


RELATIVE HUMIDITY (PERCENT)
 HIGHEST    93           3:00 PM
 LOWEST     61          11:00 AM
 AVERAGE    77

..........................................................


THE SIOUX FALLS CLIMATE NORMALS FOR TODAY
                         NORMAL    RECORD    YEAR
 MAXIMUM TEMPERATURE (F)   85       105      1936
 MINIMUM TEMPERATURE (F)   63        46      1942


SUNRISE AND SUNSET
JULY  6 2022..........SUNRISE   5:53 AM CDT   SUNSET   9:11 PM CDT
JULY  7 2022..........SUNRISE   5:53 AM CDT   SUNSET   9:10 PM CDT


-  INDICATES NEGATIVE NUMBERS.
R  INDICATES RECORD WAS SET OR TIED.
MM INDICATES DATA IS MISSING.
T  INDICATES TRACE AMOUNT.




$$
