000
CDUS43 KARX 010640
CLILSE


CLIMATE REPORT
NATIONAL WEATHER SERVICE LA CROSSE WI
138 AM CDT TUE MAY 1 2018


...................................

...THE LA CROSSE WI CLIMATE SUMMARY FOR APRIL 30 2018...

CLIMATE NORMAL PERIOD 1981 TO 2010
CLIMATE RECORD PERIOD 1873 TO 2018


WEATHER ITEM   OBSERVED TIME   RECORD YEAR NORMAL DEPARTURE LAST
                VALUE   (LST)  VALUE       VALUE  FROM      YEAR
                                                  NORMAL
..................................................................
TEMPERATURE (F)
 YESTERDAY
  MAXIMUM         84    217 PM  90    1952  66     18       47
  MINIMUM         52    435 AM  17    1956  44      8       40
  AVERAGE         68                        55     13       44

PRECIPITATION (IN)
  YESTERDAY        0.00          3.84 1954   0.12  -0.12     0.64
  MONTH TO DATE    2.96                      3.34  -0.38     4.87
  SINCE MAR 1      4.10                      5.38  -1.28     6.63
  SINCE JAN 1      6.70                      7.55  -0.85    10.49

SNOWFALL (IN)
  YESTERDAY        0.0           2.7  1909   0.0    0.0      0.0
                                      2001
  MONTH TO DATE   19.0                       1.7   17.3      0.0
  SINCE JUL 1     49.8                      43.3    6.5     42.2
  SNOW DEPTH       0

DEGREE DAYS
 HEATING
  YESTERDAY        0                        11    -11       21
  MONTH TO DATE  765                       499    266      372
  SINCE JUL 1   6917                      6952    -35     5554

 COOLING
  YESTERDAY        3                         0      3        0
  MONTH TO DATE    3                         7     -4        6
  SINCE JAN 1      3                         7     -4        6
..................................................................


WIND (MPH)
  HIGHEST WIND SPEED    25   HIGHEST WIND DIRECTION     S (180)
  HIGHEST GUST SPEED    36   HIGHEST GUST DIRECTION     S (170)
  AVERAGE WIND SPEED    14.5


SKY COVER
  POSSIBLE SUNSHINE  MM
  AVERAGE SKY COVER 0.0


WEATHER CONDITIONS
 THE FOLLOWING WEATHER WAS RECORDED YESTERDAY.
  NO SIGNIFICANT WEATHER WAS OBSERVED.


RELATIVE HUMIDITY (PERCENT)
 HIGHEST    41          1100 PM
 LOWEST     26           500 PM
 AVERAGE    34

..........................................................


THE LA CROSSE WI CLIMATE NORMALS FOR TODAY
                         NORMAL    RECORD    YEAR
 MAXIMUM TEMPERATURE (F)   66        94      1992
 MINIMUM TEMPERATURE (F)   44        27      1966


SUNRISE AND SUNSET
MAY  1 2018...........SUNRISE   557 AM CDT   SUNSET   808 PM CDT
MAY  2 2018...........SUNRISE   555 AM CDT   SUNSET   809 PM CDT


-  INDICATES NEGATIVE NUMBERS.
R  INDICATES RECORD WAS SET OR TIED.
MM INDICATES DATA IS MISSING.
T  INDICATES TRACE AMOUNT.




$$
