000
CDUS41 KBGM 070219
CLIBGM


CLIMATE REPORT
NATIONAL WEATHER SERVICE BINGHAMTON NY
1017 PM EDT FRI APR 6 2018


...................................

...THE BINGHAMTON NY CLIMATE SUMMARY FOR APRIL 6 2018...
VALID AS OF 1000 PM LOCAL TIME.

CLIMATE NORMAL PERIOD 1981 TO 2010
CLIMATE RECORD PERIOD 1951 TO 2018


WEATHER ITEM   OBSERVED TIME   RECORD YEAR NORMAL DEPARTURE LAST
                VALUE   (LST)  VALUE       VALUE  FROM      YEAR
                                                  NORMAL
..................................................................
TEMPERATURE (F)
 TODAY
  MAXIMUM         43    252 PM  74    2005  50     -7       46
  MINIMUM         22    454 AM  12    1982  32    -10       37
  AVERAGE         33                        41     -8       42

PRECIPITATION (IN)
  TODAY            0.17          1.58 2017   0.12   0.05     1.58
  MONTH TO DATE    0.81                      0.70   0.11     2.36
  SINCE MAR 1      3.73                      3.69   0.04     7.96
  SINCE JAN 1      9.93                      8.45   1.48    14.23

SNOWFALL (IN)
  TODAY            1.5           9.0  1982   0.2    1.3      0.0
  MONTH TO DATE    2.9                       1.4    1.5      1.2
  SINCE MAR 1     39.2                      16.5   22.7     40.8
  SINCE JUL 1     87.3                      80.4    6.9    134.3
  SNOW DEPTH       T

DEGREE DAYS
 HEATING
  TODAY           32                        24      8       23
  MONTH TO DATE  189                       150     39      125
  SINCE MAR 1   1308                      1147    161     1237
  SINCE JUL 1   6276                      6346    -70     5850

 COOLING
  TODAY            0                         0      0        0
  MONTH TO DATE    0                         0      0        0
  SINCE MAR 1      0                         0      0        0
  SINCE JAN 1      0                         0      0        0
..................................................................


WIND (MPH)
  HIGHEST WIND SPEED    33   HIGHEST WIND DIRECTION     W (280)
  HIGHEST GUST SPEED    49   HIGHEST GUST DIRECTION     W (260)
  AVERAGE WIND SPEED     8.9


SKY COVER
  AVERAGE SKY COVER 0.9


WEATHER CONDITIONS
 THE FOLLOWING WEATHER WAS RECORDED TODAY.
  LIGHT RAIN
  SNOW
  LIGHT SNOW
  FOG
  FOG W/VISIBILITY <= 1/4 MILE


RELATIVE HUMIDITY (PERCENT)
 HIGHEST   100           100 PM
 LOWEST     62           300 PM
 AVERAGE    81

..........................................................


THE BINGHAMTON NY CLIMATE NORMALS FOR TOMORROW
                         NORMAL    RECORD    YEAR
 MAXIMUM TEMPERATURE (F)   50        83      1991
 MINIMUM TEMPERATURE (F)   33         9      1982


SUNRISE AND SUNSET
APRIL  6 2018.........SUNRISE   638 AM EDT   SUNSET   735 PM EDT
APRIL  7 2018.........SUNRISE   636 AM EDT   SUNSET   736 PM EDT


-  INDICATES NEGATIVE NUMBERS.
R  INDICATES RECORD WAS SET OR TIED.
MM INDICATES DATA IS MISSING.
T  INDICATES TRACE AMOUNT.




$$
