343
CDUS41 KBGM 140614
CLIBGM


CLIMATE REPORT
NATIONAL WEATHER SERVICE BINGHAMTON NY
213 AM EDT MON MAY 14 2018


...................................

...THE BINGHAMTON NY CLIMATE SUMMARY FOR MAY 13 2018...

CLIMATE NORMAL PERIOD 1981 TO 2010
CLIMATE RECORD PERIOD 1951 TO 2018


WEATHER ITEM   OBSERVED TIME   RECORD YEAR NORMAL DEPARTURE LAST
                VALUE   (LST)  VALUE       VALUE  FROM      YEAR
                                                  NORMAL
..................................................................
TEMPERATURE (F)
 YESTERDAY
  MAXIMUM         53   1210 PM  83    1985  65    -12       49
  MINIMUM         42    554 AM  29    2005  45     -3       44
  AVERAGE         48                        55     -7       47

PRECIPITATION (IN)
  YESTERDAY        0.03          1.36 1964   0.11  -0.08     0.53
  MONTH TO DATE    1.23                      1.41  -0.18     3.51
  SINCE MAR 1      6.52                      7.83  -1.31    14.72
  SINCE JAN 1     12.72                     12.59   0.13    20.99

SNOWFALL (IN)
  YESTERDAY        0.0           T    2013   0.0    0.0      0.0
  MONTH TO DATE    0.0                       0.1   -0.1      0.0
  SINCE MAR 1     42.5                      19.5   23.0     41.7
  SINCE JUL 1     90.6                      83.4    7.2    135.2
  SNOW DEPTH       0

DEGREE DAYS
 HEATING
  YESTERDAY       17                        11      6       18
  MONTH TO DATE   94                       161    -67      227
  SINCE MAR 1   1966                      1761    205     1774
  SINCE JUL 1   6934                      6960    -26     6387

 COOLING
  YESTERDAY        0                         1     -1        0
  MONTH TO DATE   13                         1     12        0
  SINCE MAR 1     13                         5      8        4
  SINCE JAN 1     13                         5      8        4
..................................................................


WIND (MPH)
  HIGHEST WIND SPEED    14   HIGHEST WIND DIRECTION    SE (140)
  HIGHEST GUST SPEED    17   HIGHEST GUST DIRECTION    SE (150)
  AVERAGE WIND SPEED     7.6


SKY COVER
  AVERAGE SKY COVER 1.0


WEATHER CONDITIONS
 THE FOLLOWING WEATHER WAS RECORDED YESTERDAY.
  LIGHT RAIN
  FOG
  HAZE


RELATIVE HUMIDITY (PERCENT)
 HIGHEST   100           400 AM
 LOWEST     71           100 PM
 AVERAGE    86

..........................................................


THE BINGHAMTON NY CLIMATE NORMALS FOR TODAY
                         NORMAL    RECORD    YEAR
 MAXIMUM TEMPERATURE (F)   65        81      1956
 MINIMUM TEMPERATURE (F)   46        30      2013
                                             1996


SUNRISE AND SUNSET
MAY 14 2018...........SUNRISE   544 AM EDT   SUNSET   817 PM EDT
MAY 15 2018...........SUNRISE   543 AM EDT   SUNSET   818 PM EDT


-  INDICATES NEGATIVE NUMBERS.
R  INDICATES RECORD WAS SET OR TIED.
MM INDICATES DATA IS MISSING.
T  INDICATES TRACE AMOUNT.




$$
