000
CDUS41 KBUF 060705
CLIBUF


CLIMATE REPORT
NATIONAL WEATHER SERVICE BUFFALO NY
305 AM EDT SUN MAY 6 2018


...................................

...THE BUFFALO NY CLIMATE SUMMARY FOR MAY 5 2018...

CLIMATE NORMAL PERIOD 1981 TO 2010
CLIMATE RECORD PERIOD 1871 TO 2018


WEATHER ITEM   OBSERVED TIME   RECORD YEAR NORMAL DEPARTURE LAST
                VALUE   (LST)  VALUE       VALUE  FROM      YEAR
                                                  NORMAL
..................................................................
TEMPERATURE (F)
 YESTERDAY
  MAXIMUM         69    245 PM  90    1950  63      6       49
  MINIMUM         45    342 AM  28    1891  44      1       45
  AVERAGE         57                        53      4       47

PRECIPITATION (IN)
  YESTERDAY        0.00          1.37 2017   0.10  -0.10     1.37
  MONTH TO DATE    0.41                      0.51  -0.10     3.11
  SINCE MAR 1      7.33                      6.39   0.94    13.85
  SINCE JAN 1     14.67                     12.06   2.61    19.03

SNOWFALL (IN)
  YESTERDAY        0.0           0.1  1973   0.0    0.0      0.0
  MONTH TO DATE    0.0                       0.1   -0.1      0.0
  SINCE MAR 1     29.1                      15.7   13.4     29.1
  SINCE JUL 1    112.3                      94.5   17.8     76.1
  SNOW DEPTH       0

DEGREE DAYS
 HEATING
  YESTERDAY        8                        12     -4       18
  MONTH TO DATE   24                        63    -39       77
  SINCE MAR 1   1826                      1600    226     1493
  SINCE JUL 1   6336                      6344     -8     5385

 COOLING
  YESTERDAY        0                         0      0        0
  MONTH TO DATE    2                         0      2        0
  SINCE MAR 1      2                         3     -1        6
  SINCE JAN 1      2                         3     -1        6
..................................................................


WIND (MPH)
  HIGHEST WIND SPEED    25   HIGHEST WIND DIRECTION    SW (240)
  HIGHEST GUST SPEED    33   HIGHEST GUST DIRECTION     W (250)
  AVERAGE WIND SPEED    11.2


SKY COVER
  AVERAGE SKY COVER 0.6


WEATHER CONDITIONS
 THE FOLLOWING WEATHER WAS RECORDED YESTERDAY.
  NO SIGNIFICANT WEATHER WAS OBSERVED.


RELATIVE HUMIDITY (PERCENT)
 HIGHEST    86           200 AM
 LOWEST     42           100 PM
 AVERAGE    64

..........................................................


THE BUFFALO NY CLIMATE NORMALS FOR TODAY
                         NORMAL    RECORD    YEAR
 MAXIMUM TEMPERATURE (F)   63        88      1959
 MINIMUM TEMPERATURE (F)   44        31      1891


SUNRISE AND SUNSET
MAY  6 2018...........SUNRISE   602 AM EDT   SUNSET   821 PM EDT
MAY  7 2018...........SUNRISE   601 AM EDT   SUNSET   823 PM EDT


-  INDICATES NEGATIVE NUMBERS.
R  INDICATES RECORD WAS SET OR TIED.
MM INDICATES DATA IS MISSING.
T  INDICATES TRACE AMOUNT.




$$
