000
CXUS55 KCYS 271521
CF6DGW
PRELIMINARY LOCAL CLIMATOLOGICAL DATA (WS FORM: F-6)

                                          STATION:   CONVERSE CO (DOUGLAS) WY ARPT
                                          MONTH:     FEBRUARY
                                          YEAR:      2021
                                          LATITUDE:   42 46 N
                                          LONGITUDE: 105 22 W

  TEMPERATURE IN F:       :PCPN:    SNOW:  WIND      :SUNSHINE: SKY     :PK WND
================================================================================
1   2   3   4   5  6A  6B    7    8   9   10  11  12  13   14  15   16   17  18
                                     12Z  AVG MX 2MIN
DY MAX MIN AVG DEP HDD CDD  WTR  SNW DPTH SPD SPD DIR MIN PSBL S-S WX    SPD DR
================================================================================

 1  54  19  37  12  28   0 0.00    M    M  6.8 24 280   M    M   0        28 270
 2  57  27  42  17  23   0 0.00    M    M  8.2 24 260   M    M   0        34 260
 3  55  15  35  10  30   0    T    M    M 15.1 36 290   M    M   6 1      50 260
 4  31  10  21  -4  44   0 0.00    M    M  9.9 28 300   M    M   5        36 300
 5  33  15  24  -1  41   0    T    M    M  6.9 15 320   M    M   5        18 320
 6  23   9  16  -9  49   0    T    M    M 11.7 22 350   M    M   9 18     29 360
 7  14   0   7 -18  58   0    T    M    M  9.3 21 350   M    M  10 8      25 350
 8  18  -8   5 -20  60   0    T    M    M  6.1 17  40   M    M   7 8      21  30
 9  11   1   6 -20  59   0    T    M    M  8.3 17  30   M    M   9 8      22  30
10   9  -4   3 -23  62   0    T    M    M 10.4 20 140   M    M  10 8      23 130
11   3 -12  -4 -30  69   0    T    M    M  9.8 18 340   M    M  10 8      22 340
12  -4 -11  -7 -33  72   0    T    M    M  8.2 14  50   M    M  10 8      19  40
13  -2  -8  -5 -31  70   0    T    M    M  8.7 16  60   M    M  10 8      20  60
14  -2 -16  -9 -35  74   0    T    M    M 12.2 22 140   M    M   4 8      28 150
15   8 -17  -4 -30  69   0 0.00    M    M  5.3 15 130   M    M   5        18 140
16  35   1  18  -9  47   0    T    M    M  3.0 15 340   M    M   9 1      18 340
17  30  13  22  -5  43   0 0.04    M    M  5.2 13 330   M    M   9 128    17 340
18  26  -5  11 -16  54   0    T    M    M  3.5  9 300   M    M   5 18     11 300
19  38 -11  14 -13  51   0 0.00    M    M 10.4 35 270   M    M   2 8      46 270
20  41  18  30   2  35   0    T    M    M  8.6 21 240   M    M   7        26 250
21  36  16  26  -2  39   0    T    M    M 13.6 31 290   M    M   2 1      39 280
22  47  28  38  10  27   0 0.00    M    M 19.0 36 270   M    M   0        46 270
23  45  11  28   0  37   0    T    M    M 18.8 40 260   M    M   5 12     57 260
24  34   2  18 -11  47   0 0.00    M    M  4.9 13  10   M    M   1        17 340
25  41   7  24  -5  41   0 0.00    M    M  7.6 29 260   M    M   0        36 250
26  41  23  32   3  33   0 0.00    M    M 18.4 36 260   M    M   2        45 280
================================================================================
SM  722  123      1262   0  0.04    M    249.9          M      142
================================================================================
AV 27.8  4.7                               9.6 FASTST   M    M   5    MAX(MPH)
                                 MISC ---->    40 260                 57 260
================================================================================
NOTES:
# LAST OF SEVERAL OCCURRENCES

COLUMN 17 PEAK WIND IN M.P.H.

PRELIMINARY LOCAL CLIMATOLOGICAL DATA (WS FORM: F-6) , PAGE 2

                                          STATION:   CONVERSE CO (DOUGLAS) WY ARPT
                                          MONTH:     FEBRUARY
                                          YEAR:      2021
                                          LATITUDE:   42 46 N
                                          LONGITUDE: 105 22 W

[TEMPERATURE DATA]      [PRECIPITATION DATA]       SYMBOLS USED IN COLUMN 16

AVERAGE MONTHLY: 16.3   TOTAL FOR MONTH:   0.04    1 = FOG OR MIST
DPTR FM NORMAL: -10.2   DPTR FM NORMAL:   -0.33    2 = FOG REDUCING VISIBILITY
HIGHEST:    57 ON  2    GRTST 24HR  0.04 ON 16-17      TO 1/4 MILE OR LESS
LOWEST:    -17 ON 15                               3 = THUNDER
                        SNOW, ICE PELLETS, HAIL    4 = ICE PELLETS
                        TOTAL MONTH:  M            5 = HAIL
                        GRTST 24HR    M  ON   M    6 = FREEZING RAIN OR DRIZZLE
                        GRTST DEPTH:  M  ON   M    7 = DUSTSTORM OR SANDSTORM:
                                                       VSBY 1/2 MILE OR LESS
                                                   8 = SMOKE OR HAZE
[NO. OF DAYS WITH]      [WEATHER - DAYS WITH]      9 = BLOWING SNOW
                                                   X = TORNADO
MAX 32 OR BELOW:  13    0.01 INCH OR MORE:   1
MAX 90 OR ABOVE:   0    0.10 INCH OR MORE:   0
MIN 32 OR BELOW:  26    0.50 INCH OR MORE:   0
MIN  0 OR BELOW:  10    1.00 INCH OR MORE:   0

[HDD (BASE 65) ]
TOTAL THIS MO.  1262    CLEAR  (SCALE 0-3)   8
DPTR FM NORMAL   261    PTCLDY (SCALE 4-7)   9
TOTAL FM JUL 1  5405    CLOUDY (SCALE 8-10)  9
DPTR FM NORMAL    73

[CDD (BASE 65) ]
TOTAL THIS MO.     0
DPTR FM NORMAL     0    [PRESSURE DATA]
TOTAL FM JAN 1     0    HIGHEST SLP M ON M
DPTR FM NORMAL     0    LOWEST  SLP 29.57 ON  3

[REMARKS]
