000
CXUS53 KEAX 010836
CF6LXT
PRELIMINARY LOCAL CLIMATOLOGICAL DATA (WS FORM: F-6)
STATION: LEE`S SUMMIT MO
MONTH: FEBRUARY
YEAR: 2023
LATITUDE: 38 57 N
LONGITUDE: 94 22 W
TEMPERATURE IN F: :PCPN: SNOW: WIND :SUNSHINE: SKY :PK WND
================================================================================
1 2 3 4 5 6A 6B 7 8 9 10 11 12 13 14 15 16 17 18
12Z AVG MX 2MIN
DY MAX MIN AVG DEP HDD CDD WTR SNW DPTH SPD SPD DIR MIN PSBL S-S WX SPD DR
================================================================================
1 37 12 25 -7 40 0 0.00 M M 8.8 16 200 M M 0 20 200
2 51 14 33 1 32 0 0.00 M M 12.7 24 340 M M 0 35 360
3 33 7 20 -12 45 0 0.00 M M 8.3 16 360 M M 0 22 170
4 52 28 40 8 25 0 0.00 M M 16.0 30 210 M M 0 40 210
5 61 31 46 14 19 0 0.00 M M 7.4 15 250 M M 0 21 250
6 69 41 55 22 10 0 0.00 M M 18.1 38 200 M M 1 52 190
7 53 34 44 11 21 0 0.00 M M 7.6 17 300 M M 0 8 24 310
8 44 29 37 4 28 0 0.47 M M 8.5 20 20 M M 6 1 26 50
9 42 32 37 4 28 0 0.58 M M 14.2 25 310 M M 10 1 35 310
10 38 22 30 -4 35 0 0.00 M M 7.8 17 340 M M 3 22 340
11 49 20 35 1 30 0 0.00 M M 5.3 12 160 M M 0 16 200
12 61 32 47 13 18 0 0.00 M M 11.0 21 200 M M 0 27 190
13 59 28 44 10 21 0 0.00 M M 6.8 15 160 M M 0 21 160
14 53 43 48 13 17 0 0.37 M M 13.8 44 210 M M 8 1 64 210
15 43 32 38 3 27 0 0.00 M M 12.5 23 280 M M 9 34 290
16 32 19 26 -9 39 0 0.04 M M 12.6 23 360 M M 9 16 30 60
17 44 15 30 -6 35 0 0.00 M M 8.7 18 230 M M 0 24 220
18 54 30 42 6 23 0 0.00 M M 18.1 31 220 M M 1 43 210
19 57 35 46 10 19 0 0.03 M M 9.3 25 210 M M 1 34 200
20 62 31 47 10 18 0 0.00 M M 6.4 21 280 M M 1 1 29 310
21 59 32 46 9 19 0 0.00 M M 9.4 17 160 M M 1 27 150
22 65 32 49 12 16 0 0.24 M M 12.6 29 200 M M 5 1 45 170
23 33 18 26 -12 39 0 0.00 M M 13.8 25 290 M M 2 34 280
24 32 13 23 -15 42 0 0.02 M M 9.1 17 30 M M 4 6 23 70
25 47 24 36 -2 29 0 0.00 M M 5.9 17 220 M M 3 21 200
26 60 33 47 8 18 0 T M M 9.9 21 160 M M 8 30 160
27 65 45 55 16 10 0 0.33 M M 17.1 39 220 M M 5 3 54 210
28 66 33 50 10 15 0 0.00 M M 7.8 16 80 M M 0 22 110
================================================================================
SM 1421 765 718 0 2.08 M 299.5 M 77
================================================================================
AV 50.8 27.3 10.7 FASTST M M 3 MAX(MPH)
MISC ----> 44 210 64 210
================================================================================
NOTES:
# LAST OF SEVERAL OCCURRENCES
COLUMN 17 PEAK WIND IN M.P.H.
PRELIMINARY LOCAL CLIMATOLOGICAL DATA (WS FORM: F-6) , PAGE 2
STATION: LEE`S SUMMIT MO
MONTH: FEBRUARY
YEAR: 2023
LATITUDE: 38 57 N
LONGITUDE: 94 22 W
[TEMPERATURE DATA] [PRECIPITATION DATA] SYMBOLS USED IN COLUMN 16
AVERAGE MONTHLY: 39.0 TOTAL FOR MONTH: 2.08 1 = FOG OR MIST
DPTR FM NORMAL: 3.9 DPTR FM NORMAL: 0.65 2 = FOG REDUCING VISIBILITY
HIGHEST: 69 ON 6 GRTST 24HR 1.05 ON 8- 9 TO 1/4 MILE OR LESS
LOWEST: 7 ON 3 3 = THUNDER
SNOW, ICE PELLETS, HAIL 4 = ICE PELLETS
TOTAL MONTH: M 5 = HAIL
GRTST 24HR M ON M 6 = FREEZING RAIN OR DRIZZLE
GRTST DEPTH: M ON M 7 = DUSTSTORM OR SANDSTORM:
VSBY 1/2 MILE OR LESS
8 = SMOKE OR HAZE
[NO. OF DAYS WITH] [WEATHER - DAYS WITH] 9 = BLOWING SNOW
X = TORNADO
MAX 32 OR BELOW: 2 0.01 INCH OR MORE: 8
MAX 90 OR ABOVE: 0 0.10 INCH OR MORE: 5
MIN 32 OR BELOW: 21 0.50 INCH OR MORE: 1
MIN 0 OR BELOW: 0 1.00 INCH OR MORE: 0
[HDD (BASE 65) ]
TOTAL THIS MO. 718 CLEAR (SCALE 0-3) 19
DPTR FM NORMAL -119 PTCLDY (SCALE 4-7) 6
TOTAL FM JUL 1 3570 CLOUDY (SCALE 8-10) 3
DPTR FM NORMAL -198
[CDD (BASE 65) ]
TOTAL THIS MO. 0
DPTR FM NORMAL 0 [PRESSURE DATA]
TOTAL FM JAN 1 0 HIGHEST SLP 30.69 ON 3
DPTR FM NORMAL 0 LOWEST SLP 29.05 ON 27
[REMARKS]
#FINAL-02-23#