000
CXUS53 KARX 012218
CF6OLZ
PRELIMINARY LOCAL CLIMATOLOGICAL DATA (WS FORM: F-6)
STATION: OELWEIN IA
MONTH: JULY
YEAR: 2023
LATITUDE: 42 40 N
LONGITUDE: 91 58 W
TEMPERATURE IN F: :PCPN: SNOW: WIND :SUNSHINE: SKY :PK WND
================================================================================
1 2 3 4 5 6A 6B 7 8 9 10 11 12 13 14 15 16 17 18
12Z AVG MX 2MIN
DY MAX MIN AVG DEP HDD CDD WTR SNW DPTH SPD SPD DIR MIN PSBL S-S WX SPD DR
================================================================================
1 81 66 74 M 0 9 M 0.0 0 4.1 25 90 M M 5 1 33 90
2 84 66 75 M 0 10 0.00 0.0 0 6.4 10 10 M M 2 15 10
3 86 63 75 M 0 10 0.00 0.0 0 3.7 8 240 M M 1 1 14 270
4 86 64 75 M 0 10 M 0.0 0 7.9 20 50 M M 3 13 32 50
5 77 59 68 M 0 3 0.00 0.0 0 8.2 16 360 M M 4 22 360
6 72 54 63 M 2 0 0.00 0.0 0 7.7 13 320 M M 2 20 310
7 70 50 60 M 5 0 0.02 0.0 0 2.9 6 150 M M 4 1 M M
8 75 50 63 M 2 0 0.00 0.0 0 6.8 10 260 M M 2 1 17 290
9 77 52 65 M 0 0 M 0.0 0 5.8 10 280 M M 1 14 300
10 84 55 70 M 0 5 M 0.0 0 9.8 16 220 M M 1 22 220
11 79 63 71 M 0 6 M 0.0 0 6.5 14 50 M M 3 21 50
12 75 59 67 M 0 2 0.83 0.0 0 6.7 13 150 M M 7 13 21 70
13 82 61 72 M 0 7 0.70 0.0 0 7.8 16 350 M M 6 13 51 350
14 82 63 73 M 0 8 0.94 0.0 0 5.6 16 340 M M 2 8 48 170
15 79 61 70 M 0 5 0.00 0.0 0 6.6 10 260 M M 1 18 16 260
16 77 59 68 M 0 3 0.00 0.0 0 6.3 13 260 M M 3 1 20 280
17 72 54 63 M 2 0 0.00 0.0 0 7.0 10 300 M M 2 23 310
18 75 54 65 M 0 0 0.00 0.0 0 3.1 7 130 M M 1 12 0
19 81 55 68 M 0 3 0.00 0.0 0 6.5 13 210 M M 0 16 170
20 77 61 69 M 0 4 0.00 0.0 0 8.6 13 340 M M 2 1 20 320
21 79 55 67 M 0 2 0.00 0.0 0 3.5 7 99 M M 1 M M
22 81 57 69 M 0 4 M 0.0 0 5.6 23 10 M M 1 33 10
23 82 55 69 M 0 4 0.00 0.0 0 1.8 7 190 M M 0 M M
24 84 61 73 M 0 8 0.00 0.0 0 3.1 7 200 M M 0 18 14 200
25 88 64 76 M 0 11 0.00 0.0 0 7.3 13 150 M M 1 1 17 140
26 88 72 80 M 0 15 0.07 0.0 0 4.9 16 360 M M 1 13 27 360
27 88 68 78 M 0 13 M 0.0 0 5.9 12 160 M M 0 1 18 150
28 90 68 79 M 0 14 0.46 0.0 0 7.1 14 180 M M 4 18 20 30
29 82 66 74 M 0 9 0.00 0.0 0 6.6 9 30 M M 3 17 20
30 81 59 70 M 0 5 0.00 0.0 0 2.7 8 20 M M 1 M M
31 81 59 70 M 0 5 0.00 0.0 0 4.1 7 70 M M 0 M M
================================================================================
SM 2495 1853 11 175 3.02 0.0 180.6 M 64
================================================================================
AV 80.5 59.8 5.8 FASTST M M 2 MAX(MPH)
MISC ----> 25 90 51 350
================================================================================
NOTES:
# LAST OF SEVERAL OCCURRENCES
COLUMN 17 PEAK WIND IN M.P.H.
PRELIMINARY LOCAL CLIMATOLOGICAL DATA (WS FORM: F-6) , PAGE 2
STATION: OELWEIN IA
MONTH: JULY
YEAR: 2023
LATITUDE: 42 40 N
LONGITUDE: 91 58 W
[TEMPERATURE DATA] [PRECIPITATION DATA] SYMBOLS USED IN COLUMN 16
AVERAGE MONTHLY: 70.1 TOTAL FOR MONTH: 3.02 1 = FOG OR MIST
DPTR FM NORMAL: 0.0 DPTR FM NORMAL: M 2 = FOG REDUCING VISIBILITY
HIGHEST: 90 ON 28 GRTST 24HR 0.94 ON 14-14 TO 1/4 MILE OR LESS
LOWEST: 50 ON 8, 7 3 = THUNDER
SNOW, ICE PELLETS, HAIL 4 = ICE PELLETS
TOTAL MONTH: 0.0 INCH 5 = HAIL
GRTST 24HR 0.0 6 = FREEZING RAIN OR DRIZZLE
GRTST DEPTH: 0 7 = DUSTSTORM OR SANDSTORM:
VSBY 1/2 MILE OR LESS
8 = SMOKE OR HAZE
[NO. OF DAYS WITH] [WEATHER - DAYS WITH] 9 = BLOWING SNOW
X = TORNADO
MAX 32 OR BELOW: 0 0.01 INCH OR MORE: 6
MAX 90 OR ABOVE: 1 0.10 INCH OR MORE: 4
MIN 32 OR BELOW: 0 0.50 INCH OR MORE: 3
MIN 0 OR BELOW: 0 1.00 INCH OR MORE: 0
[HDD (BASE 65) ]
TOTAL THIS MO. 11 CLEAR (SCALE 0-3) 23
DPTR FM NORMAL M PTCLDY (SCALE 4-7) 8
TOTAL FM JUL 1 11 CLOUDY (SCALE 8-10) 0
DPTR FM NORMAL M
[CDD (BASE 65) ]
TOTAL THIS MO. 175
DPTR FM NORMAL M [PRESSURE DATA]
TOTAL FM JAN 1 428 HIGHEST SLP M ON M
DPTR FM NORMAL M LOWEST SLP M ON M
[REMARKS]
#FINAL-07-23#