000
CDUS43 KFSD 290630
CLIFSD

CLIMATE REPORT
NATIONAL WEATHER SERVICE SIOUX FALLS SD
1230 AM CST SAT JAN 29 2022

...................................

...THE SIOUX FALLS CLIMATE SUMMARY FOR JANUARY 28 2022...

CLIMATE NORMAL PERIOD: 1991 TO 2020
CLIMATE RECORD PERIOD: 1893 TO 2022


WEATHER ITEM   OBSERVED TIME   RECORD YEAR NORMAL DEPARTURE LAST
                VALUE   (LST)  VALUE       VALUE  FROM      YEAR
                                                  NORMAL
...................................................................
TEMPERATURE (F)
 YESTERDAY
  MAXIMUM         34   4:46 PM  55    1896  28      6       25
  MINIMUM         -5   5:20 AM -27    1966   8    -13       15
  AVERAGE         15                        18     -3       20

PRECIPITATION (IN)
  YESTERDAY        0.00          0.80 1909   0.02  -0.02      T
  MONTH TO DATE    0.29                      0.54  -0.25     0.97
  SINCE DEC 1      1.78                      1.37   0.41     1.51
  SINCE JAN 1      0.29                      0.54  -0.25     0.97

SNOWFALL (IN)
  YESTERDAY        0.0           7.7  1947   0.3   -0.3       T
  MONTH TO DATE    2.8                       7.2   -4.4      5.3
  SINCE DEC 1     13.0                      15.9   -2.9     13.7
  SINCE JUL 1     13.5                      23.5  -10.0     24.0
  SNOW DEPTH       0

DEGREE DAYS
 HEATING
  YESTERDAY       50                        47      3       45
  MONTH TO DATE 1331                      1323      8     1098
  SINCE DEC 1   2498                      2640   -142     2255
  SINCE JUL 1   3665                      4176   -511     3786

 COOLING
  YESTERDAY        0                         0      0        0
  MONTH TO DATE    0                         0      0        0
  SINCE DEC 1      0                         0      0        0
  SINCE JAN 1      0                         0      0        0
...................................................................


WIND (MPH)
  HIGHEST WIND SPEED    14   HIGHEST WIND DIRECTION     S (200)
  HIGHEST GUST SPEED    18   HIGHEST GUST DIRECTION    SW (230)
  AVERAGE WIND SPEED     5.6


SKY COVER
  POSSIBLE SUNSHINE  MM
  AVERAGE SKY COVER 0.5


WEATHER CONDITIONS
THE FOLLOWING WEATHER WAS RECORDED YESTERDAY.
  NO SIGNIFICANT WEATHER WAS OBSERVED.


RELATIVE HUMIDITY (PERCENT)
 HIGHEST    72           6:00 AM
 LOWEST     43           2:00 PM
 AVERAGE    58

..........................................................


THE SIOUX FALLS CLIMATE NORMALS FOR TODAY
                         NORMAL    RECORD    YEAR
 MAXIMUM TEMPERATURE (F)   28        62      1931
 MINIMUM TEMPERATURE (F)    9       -29      1966


SUNRISE AND SUNSET
JANUARY 29 2022.......SUNRISE   7:46 AM CST   SUNSET   5:34 PM CST
JANUARY 30 2022.......SUNRISE   7:45 AM CST   SUNSET   5:36 PM CST


-  INDICATES NEGATIVE NUMBERS.
R  INDICATES RECORD WAS SET OR TIED.
MM INDICATES DATA IS MISSING.
T  INDICATES TRACE AMOUNT.




$$
