905
CXUS52 KTAE 131458
CF6MAI
PRELIMINARY LOCAL CLIMATOLOGICAL DATA (WS FORM: F-6)
STATION: MARIANNA
MONTH: FEBRUARY
YEAR: 2021
LATITUDE: 30 50 N
LONGITUDE: 85 11 W
TEMPERATURE IN F: :PCPN: SNOW: WIND :SUNSHINE: SKY :PK WND
================================================================================
1 2 3 4 5 6A 6B 7 8 9 10 11 12 13 14 15 16 17 18
12Z AVG MX 2MIN
DY MAX MIN AVG DEP HDD CDD WTR SNW DPTH SPD SPD DIR MIN PSBL S-S WX SPD DR
================================================================================
1 56 43 50 -2 15 0 0.00 0.0 0 18.4 23 310 M M 10 37 320
2 M M M M M M 0.00 0.0 0 M M M M M M M M
3 59 29 44 -8 21 0 0.00 0.0 0 5.2 14 310 M M 0 17 330
4 66 31 49 -3 16 0 T 0.0 0 7.3 20 190 M M 3 1 22 200
5 64 47 56 3 9 0 T 0.0 0 6.6 17 330 M M 10 1 20 330
6 49 45 47 -6 18 0 T 0.0 0 10.5 17 60 M M 10 13 21 60
7 56 37 47 -6 18 0 0.00 0.0 0 5.3 15 340 M M 7 1 18 350
8 67 33 50 -3 15 0 0.00 0.0 0 3.4 10 40 M M 1 14 80
9 67 52 60 7 5 0 0.29 0.0 M 5.9 20 290 M M 9 13 28 290
10 71 52 62 8 3 0 M 0.0 M 3.5 20 300 M M 9 1238 27 300
11 79 61 70 16 0 5 0.37 0.0 0 7.7 18 290 M M 9 123 24 300
12 71 57 64 10 1 0 1.07 0.0 0 4.5 16 40 M M 9 1 18 60
13 57 48 53 -1 12 0 0.49 0.0 0 9.8 18 90 M M 10 1 23 80
14 51 46 49 -5 16 0 0.15 0.0 0 9.9 17 50 M M 10 1 21 50
15 70 47 59 4 6 0 0.83 0.0 0 9.7 41 190 M M 10 13 54 190
16 47 32 40 -15 25 0 0.00 0.0 M 9.4 15 320 M M 6 20 330
17 60 29 45 -10 20 0 T 0.0 0 7.2 14 140 M M 5 23 150
18 71 49 60 5 5 0 1.44 0.0 M 8.1 17 290 M M 10 13 21 300
19 51 38 45 -10 20 0 0.05 0.0 M 9.5 20 320 M M 6 1 24 310
20 60 31 46 -10 19 0 0.00 0.0 M 5.3 15 50 M M 0 19 40
21 69 33 51 -5 14 0 0.00 0.0 0 4.8 18 90 M M 3 23 120
22 73 52 63 7 2 0 0.18 0.0 M 5.4 20 290 M M 6 1 25 290
23 71 39 55 -1 10 0 0.00 0.0 M 2.6 13 350 M M 0 17 350
24 76 38 57 1 8 0 0.00 0.0 M 3.7 14 210 M M 0 19 250
25 80 51 66 9 0 1 0.00 0.0 0 2.2 9 170 M M 5 12 12 230
26 83 55 69 12 0 4 0.00 0.0 0 5.9 20 230 M M 4 128 24 190
27 84 57 71 14 0 6 0.00 0.0 0 5.8 18 200 M M 5 12 22 210
28 83 66 75 18 0 10 0.00 0.0 0 8.3 21 200 M M 6 1 28 190
================================================================================
SM 1791 1198 278 26 4.87 0.0 185.9 M 163
================================================================================
AV 66.3 44.4 6.9 FASTST M M 6 MAX(MPH)
MISC ----> 41 190 54 190
================================================================================
NOTES:
# LAST OF SEVERAL OCCURRENCES
COLUMN 17 PEAK WIND IN M.P.H.
PRELIMINARY LOCAL CLIMATOLOGICAL DATA (WS FORM: F-6) , PAGE 2
STATION: MARIANNA
MONTH: FEBRUARY
YEAR: 2021
LATITUDE: 30 50 N
LONGITUDE: 85 11 W
[TEMPERATURE DATA] [PRECIPITATION DATA] SYMBOLS USED IN COLUMN 16
AVERAGE MONTHLY: 55.4 TOTAL FOR MONTH: 4.87 1 = FOG OR MIST
DPTR FM NORMAL: 0.9 DPTR FM NORMAL: -0.07 2 = FOG REDUCING VISIBILITY
HIGHEST: 84 ON 27 GRTST 24HR 1.49 ON 18-19 TO 1/4 MILE OR LESS
LOWEST: 29 ON 17, 3 3 = THUNDER
SNOW, ICE PELLETS, HAIL 4 = ICE PELLETS
TOTAL MONTH: 0.0 INCH 5 = HAIL
GRTST 24HR 0.0 6 = FREEZING RAIN OR DRIZZLE
GRTST DEPTH: 0 7 = DUSTSTORM OR SANDSTORM:
VSBY 1/2 MILE OR LESS
8 = SMOKE OR HAZE
[NO. OF DAYS WITH] [WEATHER - DAYS WITH] 9 = BLOWING SNOW
X = TORNADO
MAX 32 OR BELOW: 0 0.01 INCH OR MORE: 9
MAX 90 OR ABOVE: 0 0.10 INCH OR MORE: 8
MIN 32 OR BELOW: 5 0.50 INCH OR MORE: 3
MIN 0 OR BELOW: 0 1.00 INCH OR MORE: 2
[HDD (BASE 65) ]
TOTAL THIS MO. 278 CLEAR (SCALE 0-3) 7
DPTR FM NORMAL -27 PTCLDY (SCALE 4-7) 9
TOTAL FM JUL 1 1235 CLOUDY (SCALE 8-10) 12
DPTR FM NORMAL -169
[CDD (BASE 65) ]
TOTAL THIS MO. 26
DPTR FM NORMAL 15 [PRESSURE DATA]
TOTAL FM JAN 1 37 HIGHEST SLP 30.41 ON 21
DPTR FM NORMAL 27 LOWEST SLP 29.67 ON 15
[REMARKS]
#FINAL-02-21#