000
CXUS52 KTAE 010800
CF6MAI
PRELIMINARY LOCAL CLIMATOLOGICAL DATA (WS FORM: F-6)
STATION: MARIANNA
MONTH: JUNE
YEAR: 2020
LATITUDE: 30 50 N
LONGITUDE: 85 11 W
TEMPERATURE IN F: :PCPN: SNOW: WIND :SUNSHINE: SKY :PK WND
================================================================================
1 2 3 4 5 6A 6B 7 8 9 10 11 12 13 14 15 16 17 18
12Z AVG MX 2MIN
DY MAX MIN AVG DEP HDD CDD WTR SNW DPTH SPD SPD DIR MIN PSBL S-S WX SPD DR
================================================================================
1 90 68 79 0 0 14 0.03 0.0 0 6.6 17 60 M M 4 21 60
2 79 74 77 -2 0 12 T 0.0 0 4.7 13 80 M M 10 18 80
3 85 71 78 -1 0 13 T 0.0 0 3.1 10 260 M M 3 1 15 160
4 87 69 78 -1 0 13 0.00 0.0 0 3.2 13 70 M M 5 1 16 70
5 91 70 81 2 0 16 0.00 0.0 0 4.0 16 210 M M 1 20 220
6 81 72 77 -2 0 12 M 0.0 0 6.9 15 120 M M 8 1 21 120
7 84 73 79 -1 0 14 M 0.0 0 9.5 17 130 M M 7 18 27 130
8 90 77 84 4 0 19 T 0.0 0 11.0 22 190 M M 5 27 200
9 87 74 81 1 0 16 1.35 0.0 0 5.1 23 240 M M 7 13 32 250
10 92 74 83 3 0 18 0.01 0.0 0 8.0 18 220 M M 5 1 24 220
11 92 74 83 3 0 18 0.00 0.0 0 4.7 13 310 M M 2 1 15 350
12 91 74 83 3 0 18 T 0.0 0 6.6 22 80 M M 6 29 70
13 89 69 79 -1 0 14 0.00 0.0 0 7.1 16 70 M M 3 24 50
14 89 68 79 -1 0 14 0.00 0.0 0 6.7 20 40 M M 0 24 40
15 91 66 79 -1 0 14 0.00 0.0 0 4.6 17 60 M M 1 20 60
16 84 65 75 -5 0 10 0.00 0.0 0 9.6 20 60 M M 1 24 50
17 86 63 75 -6 0 10 0.00 0.0 0 4.8 12 70 M M 5 15 80
18 90 65 78 -3 0 13 0.00 0.0 0 3.2 10 200 M M 1 14 190
19 93 67 80 -1 0 15 0.00 0.0 0 2.8 12 270 M M 2 13 270
20 95 72 84 3 0 19 0.00 0.0 0 5.0 20 220 M M 3 26 210
21 93 71 82 1 0 17 0.00 0.0 0 6.7 21 230 M M 1 26 230
22 94 71 83 2 0 18 0.24 0.0 0 6.4 26 310 M M 3 13 34 320
23 91 72 82 1 0 17 0.21 0.0 0 7.7 30 250 M M 1 13 46 250
24 92 75 84 3 0 19 T 0.0 0 7.1 18 230 M M 1 3 22 230
25 90 73 82 1 0 17 0.05 0.0 0 3.7 29 360 M M 1 3 43 360
26 89 73 81 0 0 16 0.00 0.0 0 3.5 12 310 M M 1 14 310
27 92 75 84 3 0 19 0.00 0.0 0 4.0 12 190 M M 0 13 220
28 96 74 85 4 0 20 0.00 0.0 0 6.1 15 200 M M 0 19 210
29 96 76 86 4 0 21 T 0.0 0 6.6 16 260 M M 1 24 230
30 97 74 86 4 0 21 0.03 0.0 0 6.7 23 270 M M 2 38 27 270
================================================================================
SM 2696 2139 0 477 1.92 0.0 175.7 M 90
================================================================================
AV 89.9 71.3 5.9 FASTST M M 3 MAX(MPH)
MISC ----> # 30 250 # 46 250
================================================================================
NOTES:
# LAST OF SEVERAL OCCURRENCES
COLUMN 17 PEAK WIND IN M.P.H.
PRELIMINARY LOCAL CLIMATOLOGICAL DATA (WS FORM: F-6) , PAGE 2
STATION: MARIANNA
MONTH: JUNE
YEAR: 2020
LATITUDE: 30 50 N
LONGITUDE: 85 11 W
[TEMPERATURE DATA] [PRECIPITATION DATA] SYMBOLS USED IN COLUMN 16
AVERAGE MONTHLY: 80.6 TOTAL FOR MONTH: 1.92 1 = FOG OR MIST
DPTR FM NORMAL: 0.3 DPTR FM NORMAL: -3.65 2 = FOG REDUCING VISIBILITY
HIGHEST: 97 ON 30 GRTST 24HR 1.35 ON 9- 9 TO 1/4 MILE OR LESS
LOWEST: 63 ON 17 3 = THUNDER
SNOW, ICE PELLETS, HAIL 4 = ICE PELLETS
TOTAL MONTH: 0.0 INCH 5 = HAIL
GRTST 24HR 0.0 6 = FREEZING RAIN OR DRIZZLE
GRTST DEPTH: 0 7 = DUSTSTORM OR SANDSTORM:
VSBY 1/2 MILE OR LESS
8 = SMOKE OR HAZE
[NO. OF DAYS WITH] [WEATHER - DAYS WITH] 9 = BLOWING SNOW
X = TORNADO
MAX 32 OR BELOW: 0 0.01 INCH OR MORE: 7
MAX 90 OR ABOVE: 19 0.10 INCH OR MORE: 3
MIN 32 OR BELOW: 0 0.50 INCH OR MORE: 1
MIN 0 OR BELOW: 0 1.00 INCH OR MORE: 1
[HDD (BASE 65) ]
TOTAL THIS MO. 0 CLEAR (SCALE 0-3) 19
DPTR FM NORMAL 0 PTCLDY (SCALE 4-7) 10
TOTAL FM JUL 1 1150 CLOUDY (SCALE 8-10) 1
DPTR FM NORMAL -499
[CDD (BASE 65) ]
TOTAL THIS MO. 477
DPTR FM NORMAL 18 [PRESSURE DATA]
TOTAL FM JAN 1 1154 HIGHEST SLP 30.25 ON 26
DPTR FM NORMAL 225 LOWEST SLP 29.92 ON 30
[REMARKS]
#FINAL-06-20#