000
CXUS52 KTAE 010900
CF6MAI
PRELIMINARY LOCAL CLIMATOLOGICAL DATA (WS FORM: F-6)
STATION: MARIANNA
MONTH: DECEMBER
YEAR: 2020
LATITUDE: 30 50 N
LONGITUDE: 85 11 W
TEMPERATURE IN F: :PCPN: SNOW: WIND :SUNSHINE: SKY :PK WND
================================================================================
1 2 3 4 5 6A 6B 7 8 9 10 11 12 13 14 15 16 17 18
12Z AVG MX 2MIN
DY MAX MIN AVG DEP HDD CDD WTR SNW DPTH SPD SPD DIR MIN PSBL S-S WX SPD DR
================================================================================
1 51 29 40 -16 25 0 0.00 0.0 0 5.8 14 320 M M 0 20 290
2 58 28 43 -13 22 0 0.00 0.0 0 3.2 15 30 M M 0 20 30
3 59 37 48 -7 17 0 0.00 0.0 M 4.1 9 70 M M 0 11 80
4 71 42 57 2 8 0 1.66 0.0 M 7.0 18 320 M M 4 13 25 180
5 62 39 51 -4 14 0 0.00 0.0 M 4.9 18 10 M M 0 22 20
6 65 43 54 -1 11 0 0.05 0.0 M 2.1 15 310 M M 3 19 320
7 58 38 48 -6 17 0 0.02 0.0 M 10.1 23 310 M M 2 30 300
8 57 32 45 -9 20 0 0.00 0.0 M 6.1 15 310 M M 0 21 320
9 68 32 50 -4 15 0 0.00 0.0 M 4.7 16 230 M M 0 1 21 240
10 71 36 54 0 11 0 0.00 0.0 M 0.9 8 250 M M 1 128 10 230
11 71 39 55 2 10 0 0.00 0.0 M 2.3 8 200 M M 0 10 140
12 77 49 63 10 2 0 0.00 0.0 M 7.3 17 200 M M 2 23 200
13 71 63 67 14 0 2 0.26 M M 3.8 15 190 M M 9 1 21 170
14 71 45 58 5 7 0 0.01 M M 13.0 24 290 M M 5 32 280
15 64 40 52 0 13 0 0.00 M M 6.1 15 60 M M 4 18 60
16 54 45 50 -2 15 0 0.81 0.0 M 6.4 14 70 M M 9 1 18 110
17 46 30 38 -14 27 0 0.00 0.0 M 8.1 14 340 M M 7 18 320
18 55 27 41 -11 24 0 0.00 0.0 M 4.0 12 60 M M 0 14 70
19 59 31 45 -7 20 0 0.00 0.0 M 4.4 12 70 M M 2 14 80
20 56 50 53 2 12 0 0.20 0.0 0 7.0 15 50 M M 10 1 18 50
21 64 41 53 2 12 0 0.00 0.0 0 5.1 15 290 M M 4 19 300
22 70 38 54 3 11 0 0.00 0.0 M 2.0 10 50 M M 0 14 30
23 70 36 53 2 12 0 0.00 0.0 M 3.9 14 190 M M 1 18 170
24 66 35 51 0 14 0 1.80 0.0 M 13.0 31 290 M M 6 13 37 290
25 47 28 38 -12 27 0 0.00 0.0 M 8.2 21 300 M M 0 28 330
26 51 25 38 -12 27 0 0.00 0.0 M 2.6 10 330 M M 0 14 330
27 60 28 44 -6 21 0 0.00 0.0 0 1.7 9 60 M M 0 12 110
28 67 33 50 0 15 0 0.00 0.0 0 1.2 8 320 M M 1 10 340
29 70 35 53 3 12 0 0.00 0.0 M 4.2 12 50 M M 0 15 60
30 74 49 62 12 3 0 0.00 0.0 M 4.7 17 180 M M 6 22 190
31 76 53 65 15 0 0 0.10 0.0 M 6.9 16 170 M M 8 1 21 160
================================================================================
SM 1959 1176 444 2 4.91 0.0 164.8 M 84
================================================================================
AV 63.2 37.9 5.3 FASTST M M 3 MAX(MPH)
MISC ----> 31 290 37 290
================================================================================
NOTES:
# LAST OF SEVERAL OCCURRENCES
COLUMN 17 PEAK WIND IN M.P.H.
PRELIMINARY LOCAL CLIMATOLOGICAL DATA (WS FORM: F-6) , PAGE 2
STATION: MARIANNA
MONTH: DECEMBER
YEAR: 2020
LATITUDE: 30 50 N
LONGITUDE: 85 11 W
[TEMPERATURE DATA] [PRECIPITATION DATA] SYMBOLS USED IN COLUMN 16
AVERAGE MONTHLY: 50.6 TOTAL FOR MONTH: 4.91 1 = FOG OR MIST
DPTR FM NORMAL: -1.8 DPTR FM NORMAL: 1.00 2 = FOG REDUCING VISIBILITY
HIGHEST: 77 ON 12 GRTST 24HR 1.80 ON 24-24 TO 1/4 MILE OR LESS
LOWEST: 25 ON 26 3 = THUNDER
SNOW, ICE PELLETS, HAIL 4 = ICE PELLETS
TOTAL MONTH: 0.0 INCH 5 = HAIL
GRTST 24HR 0.0 6 = FREEZING RAIN OR DRIZZLE
GRTST DEPTH: 0 7 = DUSTSTORM OR SANDSTORM:
VSBY 1/2 MILE OR LESS
8 = SMOKE OR HAZE
[NO. OF DAYS WITH] [WEATHER - DAYS WITH] 9 = BLOWING SNOW
X = TORNADO
MAX 32 OR BELOW: 0 0.01 INCH OR MORE: 9
MAX 90 OR ABOVE: 0 0.10 INCH OR MORE: 6
MIN 32 OR BELOW: 10 0.50 INCH OR MORE: 3
MIN 0 OR BELOW: 0 1.00 INCH OR MORE: 2
[HDD (BASE 65) ]
TOTAL THIS MO. 444 CLEAR (SCALE 0-3) 19
DPTR FM NORMAL 43 PTCLDY (SCALE 4-7) 8
TOTAL FM JUL 1 546 CLOUDY (SCALE 8-10) 4
DPTR FM NORMAL -91
[CDD (BASE 65) ]
TOTAL THIS MO. 2
DPTR FM NORMAL -10 [PRESSURE DATA]
TOTAL FM JAN 1 3007 HIGHEST SLP 30.42 ON 18
DPTR FM NORMAL 446 LOWEST SLP 29.70 ON 24
[REMARKS]
#FINAL-12-20#