000
CXUS56 KLOX 060255
CF6SDB
PRELIMINARY LOCAL CLIMATOLOGICAL DATA (WS FORM: F-6)
STATION: SANDBERG CA
MONTH: DECEMBER
YEAR: 2022
LATITUDE: 34 45 N
LONGITUDE: 118 44 W
TEMPERATURE IN F: :PCPN: SNOW: WIND :SUNSHINE: SKY :PK WND
================================================================================
1 2 3 4 5 6A 6B 7 8 9 10 11 12 13 14 15 16 17 18
12Z AVG MX 2MIN
DY MAX MIN AVG DEP HDD CDD WTR SNW DPTH SPD SPD DIR MIN PSBL S-S WX SPD DR
================================================================================
1 40 36 38 -8 27 0 T M M 19.5 26 190 M M 10 12 41 170
2 46 35 41 -5 24 0 0.10 M M 9.9 24 170 M M 10 12 32 180
3 55 43 49 3 16 0 0.12 M M 8.9 20 170 M M 8 12 31 170
4 48 39 44 -2 21 0 T M M 11.0 20 170 M M 9 12 27 170
5 45 36 41 -4 24 0 0.01 M M 10.8 24 330 M M 5 12 35 340
6 46 34 40 -5 25 0 0.00 M M 9.1 18 170 M M 3 12 26 150
7 45 31 38 -7 27 0 0.00 M M 7.0 16 170 M M 4 12 23 170
8 47 34 41 -4 24 0 0.00 M M 7.2 18 320 M M 0 1 24 320
9 50 35 43 -2 22 0 0.00 M M 14.0 26 320 M M 0 31 310
10 43 35 39 -5 26 0 0.26 M M 17.7 32 190 M M 7 12 63 180
11 45 29 37 -7 28 0 0.56 M M 18.3 39 190 M M 5 12 64 190
12 36 29 33 -11 32 0 0.04 M M 12.1 29 320 M M 9 12 40 330
13 44 30 37 -7 28 0 0.01 M M 10.4 30 340 M M 4 12 40 340
14 47 31 39 -5 26 0 0.00 M M 6.6 16 50 M M 0 21 60
15 45 33 39 -5 26 0 0.00 M M 13.5 25 60 M M 0 40 70
16 44 36 40 -4 25 0 0.00 M M 22.0 28 70 M M 0 45 70
17 43 35 39 -5 26 0 0.00 M M 17.5 23 70 M M 0 36 60
18 51 34 43 -1 22 0 0.00 M M 7.8 17 320 M M 0 M M
19 50 35 43 -1 22 0 0.00 M M 9.9 15 50 M M 0 22 60
20 57 40 49 5 16 0 0.00 M M 6.9 15 340 M M 0 32 320
21 59 40 50 6 15 0 0.00 M M 9.3 25 330 M M 0 33 340
22 56 44 50 6 15 0 0.00 M M 9.7 22 330 M M 0 27 340
23 58 45 52 8 13 0 0.00 M M 12.9 25 320 M M 0 35 340
24 60 44 52 8 13 0 0.00 M M 15.2 28 50 M M 0 45 60
25 65 50 58 14 7 0 0.00 M M 12.2 21 50 M M 0 28 60
26 63 54 59 15 6 0 0.00 M M 9.3 17 60 M M 0 22 60
27 57 41 49 5 16 0 0.28 M M 14.0 25 320 M M 8 12 36 200
28 49 36 43 -1 22 0 0.01 M M 13.3 31 310 M M 5 12 47 310
29 42 39 41 -3 24 0 0.01 M M 12.9 22 200 M M 10 12 46 170
30 52 41 47 2 18 0 0.00 M M 11.4 26 290 M M 8 128 43 280
31 47 43 45 0 20 0 1.08 M M 20.4 35 190 M M 10 12 56 200
================================================================================
SM 1535 1167 656 0 2.48 M 380.7 M 115
================================================================================
AV 49.5 37.6 12.3 FASTST M M 4 MAX(MPH)
MISC ----> 39 190 64 190
================================================================================
NOTES:
# LAST OF SEVERAL OCCURRENCES
COLUMN 17 PEAK WIND IN M.P.H.
PRELIMINARY LOCAL CLIMATOLOGICAL DATA (WS FORM: F-6) , PAGE 2
STATION: SANDBERG CA
MONTH: DECEMBER
YEAR: 2022
LATITUDE: 34 45 N
LONGITUDE: 118 44 W
[TEMPERATURE DATA] [PRECIPITATION DATA] SYMBOLS USED IN COLUMN 16
AVERAGE MONTHLY: 43.6 TOTAL FOR MONTH: 2.48 1 = FOG OR MIST
DPTR FM NORMAL: -1.0 DPTR FM NORMAL: 0.43 2 = FOG REDUCING VISIBILITY
HIGHEST: 65 ON 25 GRTST 24HR 1.08 ON 31-31 TO 1/4 MILE OR LESS
LOWEST: 29 ON 12,11 3 = THUNDER
SNOW, ICE PELLETS, HAIL 4 = ICE PELLETS
TOTAL MONTH: M 5 = HAIL
GRTST 24HR M ON M 6 = FREEZING RAIN OR DRIZZLE
GRTST DEPTH: M ON M 7 = DUSTSTORM OR SANDSTORM:
VSBY 1/2 MILE OR LESS
8 = SMOKE OR HAZE
[NO. OF DAYS WITH] [WEATHER - DAYS WITH] 9 = BLOWING SNOW
X = TORNADO
MAX 32 OR BELOW: 0 0.01 INCH OR MORE: 11
MAX 90 OR ABOVE: 0 0.10 INCH OR MORE: 6
MIN 32 OR BELOW: 5 0.50 INCH OR MORE: 2
MIN 0 OR BELOW: 0 1.00 INCH OR MORE: 1
[HDD (BASE 65) ]
TOTAL THIS MO. 656 CLEAR (SCALE 0-3) 15
DPTR FM NORMAL 24 PTCLDY (SCALE 4-7) 8
TOTAL FM JUL 1 1369 CLOUDY (SCALE 8-10) 8
DPTR FM NORMAL 118
[CDD (BASE 65) ]
TOTAL THIS MO. 0
DPTR FM NORMAL 0 [PRESSURE DATA]
TOTAL FM JAN 1 1568 HIGHEST SLP M ON M
DPTR FM NORMAL 272 LOWEST SLP 29.61 ON 31
[REMARKS]
#FINAL-12-22#