000
CDUS43 KFSD 222228
CLIFSD

CLIMATE REPORT
NATIONAL WEATHER SERVICE SIOUX FALLS SD
428 PM CST SAT FEB 22 2020

...................................

...THE SIOUX FALLS CLIMATE SUMMARY FOR FEBRUARY 22 2020...
VALID TODAY AS OF 0400 PM LOCAL TIME.

CLIMATE NORMAL PERIOD: 1981 TO 2010
CLIMATE RECORD PERIOD: 1893 TO 2020


WEATHER ITEM   OBSERVED TIME   RECORD YEAR NORMAL DEPARTURE LAST
                VALUE   (LST)  VALUE       VALUE  FROM      YEAR
                                                  NORMAL
...................................................................
TEMPERATURE (F)
 TODAY
  MAXIMUM         46   3:24 PM  70    1982  34     12       26
  MINIMUM         20   5:10 AM -17    1989  14      6       15
  AVERAGE         33                        24      9       21

PRECIPITATION (IN)
  TODAY            0.00          0.31 2018   0.02  -0.02     0.26
  MONTH TO DATE    0.18                      0.43  -0.25     1.49
  SINCE DEC 1      2.22                      1.68   0.54     3.28
  SINCE JAN 1      0.98                      0.99  -0.01     2.05

SNOWFALL (IN)
  TODAY            0.0           5.6  1999   0.2   -0.2      2.7
  MONTH TO DATE    1.9                       5.3   -3.4     20.1
  SINCE DEC 1     18.4                      21.2   -2.8     35.4
  SINCE JUL 1     27.5                      29.9   -2.4     39.2
  SNOW DEPTH       T

DEGREE DAYS
 HEATING
  TODAY           32                        41     -9       44
  MONTH TO DATE  963                       980    -17     1163
  SINCE DEC 1   3601                      3900   -299     3847
  SINCE JUL 1   5250                      5612   -362     5627

 COOLING
  TODAY            0                         0      0        0
  MONTH TO DATE    0                         0      0        0
  SINCE DEC 1      0                         0      0        0
  SINCE JAN 1      0                         0      0        0
...................................................................


WIND (MPH)
  HIGHEST WIND SPEED    15   HIGHEST WIND DIRECTION     S (190)
  HIGHEST GUST SPEED    19   HIGHEST GUST DIRECTION    SW (210)
  AVERAGE WIND SPEED     4.5


SKY COVER
  POSSIBLE SUNSHINE  MM
  AVERAGE SKY COVER 0.3


WEATHER CONDITIONS
THE FOLLOWING WEATHER WAS RECORDED TODAY.
  FOG


RELATIVE HUMIDITY (PERCENT)
 HIGHEST    88           2:00 AM
 LOWEST     53           3:00 PM
 AVERAGE    71

..........................................................


THE SIOUX FALLS CLIMATE NORMALS FOR TOMORROW
                         NORMAL    RECORD    YEAR
 MAXIMUM TEMPERATURE (F)   34        70      1958
 MINIMUM TEMPERATURE (F)   15       -19      1965


SUNRISE AND SUNSET
FEBRUARY 22 2020......SUNRISE   7:15 AM CST   SUNSET   6:06 PM CST
FEBRUARY 23 2020......SUNRISE   7:14 AM CST   SUNSET   6:07 PM CST


-  INDICATES NEGATIVE NUMBERS.
R  INDICATES RECORD WAS SET OR TIED.
MM INDICATES DATA IS MISSING.
T  INDICATES TRACE AMOUNT.




$$
