000
CXUS53 KGRR 011017
CF6LAN
PRELIMINARY LOCAL CLIMATOLOGICAL DATA (WS FORM: F-6)

                                          STATION:   LANSING
                                          MONTH:     MARCH
                                          YEAR:      2018
                                          LATITUDE:   42 46 N
                                          LONGITUDE:  84 36 W

  TEMPERATURE IN F:       :PCPN:    SNOW:  WIND      :SUNSHINE: SKY     :PK WND
================================================================================
1   2   3   4   5  6A  6B    7    8   9   10  11  12  13   14  15   16   17  18
                                     12Z  AVG MX 2MIN
DY MAX MIN AVG DEP HDD CDD  WTR  SNW DPTH SPD SPD DIR MIN PSBL S-S WX    SPD DR
================================================================================

 1  38  32  35   6  30   0 0.37  1.4    0 10.7 18  20   M    M   9 12     23  20
 2  44  26  35   5  30   0 0.00  0.0    1  8.9 16 320   M    M   3        22 300
 3  42  24  33   3  32   0 0.00  0.0    0  6.2 14  20   M    M   0        21  30
 4  44  21  33   3  32   0 0.00  0.0    0  8.3 15  70   M    M   2        19  70
 5  39  22  31   0  34   0 0.00  0.0    0 11.0 22 110   M    M   1        27 120
 6  38  30  34   3  31   0 0.05  0.1    T  6.3 18 120   M    M   9 18     26 130
 7  33  24  29  -3  36   0 0.23  2.4    1 13.5 21 280   M    M  10 1      28 280
 8  31  21  26  -6  39   0    T    T    T 14.2 25 280   M    M   8 18     31 280
 9  33  26  30  -2  35   0    T    T    T 10.2 18 310   M    M   9 1      24 310
10  34  17  26  -7  39   0 0.00  0.0    0  4.0 14 340   M    M   6        21 350
11  38  19  29  -4  36   0    T    T    0  3.7 14 350   M    M   0        17 340
12  39  21  30  -3  35   0 0.05  1.1    T  7.0 18 340   M    M   6 18     29 340
13  36  25  31  -3  34   0 0.03  0.3    T 10.8 20 320   M    M   9 18     27 320
14  39  22  31  -3  34   0    T    T    0 12.5 24 250   M    M   8        30 250
15  38  21  30  -4  35   0    T    T    0 13.3 24 310   M    M   7        31 320
16  39  19  29  -6  36   0 0.00  0.0    0  6.0 16 350   M    M   2        22 360
17  48  19  34  -1  31   0 0.00  0.0    0  2.5 12 310   M    M   0        18  40
18  56  24  40   4  25   0 0.00  0.0    0  8.6 21 280   M    M   0        30 280
19  45  21  33  -3  32   0 0.00  0.0    0 11.7 22  40   M    M   3        27  30
20  40  21  31  -5  34   0 0.00  0.0    0 16.3 25  40   M    M   0        32  30
21  38  25  32  -5  33   0 0.00  0.0    0 10.5 20  40   M    M   0        26  40
22  45  21  33  -4  32   0 0.00  0.0    0  7.4 17 310   M    M   1        23 310
23  44  22  33  -5  32   0 0.00  0.0    0  7.9 16  10   M    M   0        22 340
24  42  20  31  -7  34   0 0.00  0.0    0 11.5 24  50   M    M   0        32  40
25  42  17  30  -9  35   0 0.00  0.0    0 11.1 20  90   M    M   0        27  90
26  53  20  37  -2  28   0    T  0.0    0 13.3 23 120   M    M   2        29 110
27  52  41  47   7  18   0 0.37  0.0    0 11.3 20 260   M    M  10 1      26 170
28  47  39  43   3  22   0 0.00  0.0    0  3.5 10 140   M    M  10        13 100
29  46  38  42   2  23   0 0.07  0.0    0  4.3 13  10   M    M  10 1      17 330
30  45  28  37  -4  28   0 0.00  0.0    0  8.1 18 350   M    M   3        23 340
31  47  31  39  -2  26   0 0.12  0.0    0 14.2 33 220   M    M   6 1      45 210
================================================================================
SM 1295  757       981   0  1.29     5.3 288.8          M      134
================================================================================
AV 41.8 24.4                               9.3 FASTST   M    M   4    MAX(MPH)
                                 MISC ---->  # 33 220               # 45  210
================================================================================
NOTES:
# LAST OF SEVERAL OCCURRENCES

COLUMN 17 PEAK WIND IN M.P.H.

PRELIMINARY LOCAL CLIMATOLOGICAL DATA (WS FORM: F-6) , PAGE 2

                                          STATION:  LANSING
                                          MONTH:    MARCH
                                          YEAR:     2018
                                          LATITUDE:   42 46 N
                                          LONGITUDE:  84 36 W

[TEMPERATURE DATA]      [PRECIPITATION DATA]       SYMBOLS USED IN COLUMN 16

AVERAGE MONTHLY: 33.1   TOTAL FOR MONTH:   1.29    1 = FOG OR MIST
DPTR FM NORMAL:  -2.0   DPTR FM NORMAL:   -0.77    2 = FOG REDUCING VISIBILITY
HIGHEST:    56 ON 18    GRTST 24HR  0.37 ON 27-27      TO 1/4 MILE OR LESS
LOWEST:     17 ON 25,10                            3 = THUNDER
                        SNOW, ICE PELLETS, HAIL    4 = ICE PELLETS
                        TOTAL MONTH:   5.3 INCHES  5 = HAIL
                        GRTST 24HR   2.4 ON  7- 7  6 = FREEZING RAIN OR DRIZZLE
                        GRTST DEPTH:   1 ON  7, 2  7 = DUSTSTORM OR SANDSTORM:
                                                       VSBY 1/2 MILE OR LESS
                                                   8 = SMOKE OR HAZE
[NO. OF DAYS WITH]      [WEATHER - DAYS WITH]      9 = BLOWING SNOW
                                                   X = TORNADO
MAX 32 OR BELOW:   1    0.01 INCH OR MORE:   8
MAX 90 OR ABOVE:   0    0.10 INCH OR MORE:   4
MIN 32 OR BELOW:  28    0.50 INCH OR MORE:   0
MIN  0 OR BELOW:   0    1.00 INCH OR MORE:   0

[HDD (BASE 65) ]
TOTAL THIS MO.   981    CLEAR  (SCALE 0-3)  17
DPTR FM NORMAL    52    PTCLDY (SCALE 4-7)   5
TOTAL FM JUL 1  5759    CLOUDY (SCALE 8-10)  9
DPTR FM NORMAL  -105

[CDD (BASE 65) ]
TOTAL THIS MO.     0
DPTR FM NORMAL    -1    [PRESSURE DATA]
TOTAL FM JAN 1     0    HIGHEST SLP 30.60 ON  3
DPTR FM NORMAL    -1    LOWEST  SLP 29.65 ON  7

[REMARKS]
#FINAL-03-18#
