559
CDUS43 KICT 050630
CLICNU


CLIMATE REPORT
NATIONAL WEATHER SERVICE WICHITA KS
130 AM CDT THU APR 5 2018


...................................

...THE CHANUTE KS CLIMATE SUMMARY FOR APRIL 4 2018...

CLIMATE NORMAL PERIOD 1981 TO 2010
CLIMATE RECORD PERIOD 1894 TO 2018


WEATHER ITEM   OBSERVED TIME   RECORD YEAR NORMAL DEPARTURE LAST
                VALUE   (LST)  VALUE       VALUE  FROM      YEAR
                                                  NORMAL
..................................................................
TEMPERATURE (F)
 YESTERDAY
  MAXIMUM         49    421 PM  86    1942  64    -15       56
  MINIMUM         23    637 AM  21    1972  42    -19       47
  AVERAGE         36                        53    -17       52

PRECIPITATION (IN)
  YESTERDAY        0.00          2.42 1964   0.12  -0.12     0.72
  MONTH TO DATE    0.04                      0.48  -0.44     2.65
  SINCE MAR 1      1.50                      3.52  -2.02     4.67
  SINCE JAN 1      4.11                      6.68  -2.57     6.82

DEGREE DAYS
 HEATING
  YESTERDAY       29                        12     17       13
  MONTH TO DATE  108                        51     57       35
  SINCE MAR 1    628                       610     18      445
  SINCE JUL 1   3974                      4182   -208     3213

 COOLING
  YESTERDAY        0                         0      0        0
  MONTH TO DATE    0                         0      0        0
  SINCE MAR 1      0                         4     -4       17
  SINCE JAN 1      0                         4     -4       20
..................................................................


WIND (MPH)
  HIGHEST WIND SPEED    16   HIGHEST WIND DIRECTION     N (350)
  HIGHEST GUST SPEED    20   HIGHEST GUST DIRECTION    SE (150)
  AVERAGE WIND SPEED     8.9


SKY COVER
  POSSIBLE SUNSHINE  MM
  AVERAGE SKY COVER 0.0


WEATHER CONDITIONS
 THE FOLLOWING WEATHER WAS RECORDED YESTERDAY.
  HAZE


RELATIVE HUMIDITY (PERCENT)
 HIGHEST    81           400 AM
 LOWEST     33           100 PM
 AVERAGE    57

..........................................................


THE CHANUTE KS CLIMATE NORMALS FOR TODAY
                         NORMAL    RECORD    YEAR
 MAXIMUM TEMPERATURE (F)   65        85      2016
                                             2000
 MINIMUM TEMPERATURE (F)   42        18      1920


SUNRISE AND SUNSET
APRIL  5 2018.........SUNRISE   701 AM CDT   SUNSET   748 PM CDT
APRIL  6 2018.........SUNRISE   700 AM CDT   SUNSET   749 PM CDT


-  INDICATES NEGATIVE NUMBERS.
R  INDICATES RECORD WAS SET OR TIED.
MM INDICATES DATA IS MISSING.
T  INDICATES TRACE AMOUNT.




$$
