000
CDUS43 KJKL 122020
CLILOZ

CLIMATE REPORT
NATIONAL WEATHER SERVICE JACKSON KY
420 PM EDT SAT MAY 12 2018

...................................

...THE LONDON KY CLIMATE SUMMARY FOR MAY 12 2018...
VALID TODAY AS OF 0400 PM LOCAL TIME.

CLIMATE NORMAL PERIOD 1981 TO 2010
CLIMATE RECORD PERIOD 1954 TO 2018

WEATHER ITEM   OBSERVED TIME   RECORD YEAR NORMAL DEPARTURE LAST
                VALUE   (LST)  VALUE       VALUE  FROM      YEAR
                                                  NORMAL
..................................................................
TEMPERATURE (F)
 TODAY
  MAXIMUM         87    250 PM  89    2000  75     12       68
  MINIMUM         61    622 AM  33    1989  52      9       56
  AVERAGE         74                        64     10       62

PRECIPITATION (IN)
  TODAY            0.00          0.93 2017   0.18  -0.18     0.93
  MONTH TO DATE    0.72                      1.96  -1.24     4.28
  SINCE MAR 1     10.81                     10.06   0.75    14.64
  SINCE JAN 1     21.25                     17.31   3.94    19.96

SNOWFALL (IN)
  TODAY           MM
  MONTH TO DATE   MM
  SINCE MAR 1     MM
  SINCE JUL 1     MM
  SNOW DEPTH      MM

DEGREE DAYS
 HEATING
  TODAY            0                         4     -4        3
  MONTH TO DATE    4                        52    -48       71
  SINCE MAR 1   1022                       877    145      708

 COOLING
  TODAY            9                         2      7        0
  MONTH TO DATE   49                        19     30       13
  SINCE MAR 1     54                        45      9       70
  SINCE JAN 1     62                        45     17       70
..................................................................

WIND (MPH)
  HIGHEST WIND SPEED    17   HIGHEST WIND DIRECTION    SW (240)
  HIGHEST GUST SPEED    24   HIGHEST GUST DIRECTION    SW (230)
  AVERAGE WIND SPEED     5.0

SKY COVER
  POSSIBLE SUNSHINE  MM
  AVERAGE SKY COVER 0.0

WEATHER CONDITIONS
 THE FOLLOWING WEATHER WAS RECORDED TODAY.
  FOG

RELATIVE HUMIDITY (PERCENT)
 HIGHEST    90           400 AM
 LOWEST     35           300 PM
 AVERAGE    63
..........................................................

THE LONDON KY CLIMATE NORMALS FOR TOMORROW
                         NORMAL    RECORD    YEAR
 MAXIMUM TEMPERATURE (F)   76        89      1956
 MINIMUM TEMPERATURE (F)   52        34      2013

SUNRISE AND SUNSET
MAY 12 2018...........SUNRISE   631 AM EDT   SUNSET   835 PM EDT
MAY 13 2018...........SUNRISE   630 AM EDT   SUNSET   836 PM EDT

-  INDICATES NEGATIVE NUMBERS.
R  INDICATES RECORD WAS SET OR TIED.
MM INDICATES DATA IS MISSING.
T  INDICATES TRACE AMOUNT.

$$

TAB
