000
CXUS54 KFWD 072138
CF6F44
PRELIMINARY LOCAL CLIMATOLOGICAL DATA (WS FORM: F-6)
STATION: ATHENS
MONTH: APRIL
YEAR: 2022
LATITUDE: 32 9 N
LONGITUDE: 95 50 W
TEMPERATURE IN F: :PCPN: SNOW: WIND :SUNSHINE: SKY :PK WND
================================================================================
1 2 3 4 5 6A 6B 7 8 9 10 11 12 13 14 15 16 17 18
12Z AVG MX 2MIN
DY MAX MIN AVG DEP HDD CDD WTR SNW DPTH SPD SPD DIR MIN PSBL S-S WX SPD DR
================================================================================
1 73 41 57 M 8 0 0.00 M M 4.1 12 110 M M 0 18 110
2 77 50 64 M 1 0 0.00 M M 3.3 10 130 M M 1 M M
3 81 50 66 M 0 1 0.00 M M 6.3 15 160 M M 0 23 180
4 81 57 69 M 0 4 0.00 M M 7.2 16 160 M M 7 20 150
5 90 57 74 M 0 9 1.30 M M 5.3 12 180 M M 5 13 31 180
6 73 50 62 M 3 0 0.00 M M 11.2 21 330 M M 1 18 29 10
7 68 50 59 M 6 0 0.00 M M 8.1 22 340 M M 3 36 340
8 66 41 54 M 11 0 0.00 M M 6.6 18 330 M M 1 31 330
9 82 34 58 M 7 0 0.00 M M 5.3 14 190 M M 0 23 180
10 82 61 72 M 0 7 0.00 M M 14.0 25 180 M M 4 3 37 200
11 82 68 75 M 0 10 0.00 M M 11.2 16 180 M M 7 26 190
12 79 61 70 M 0 5 0.57 M M 11.1 16 160 M M 7 3 24 170
13 79 55 67 M 0 2 0.34 M M 8.8 16 180 M M 5 3 25 180
14 75 50 63 M 2 0 0.00 M M 4.3 9 140 M M 0 M M
15 77 52 65 M 0 0 0.00 M M 6.0 13 180 M M 6 1 20 180
16 81 61 71 M 0 6 0.00 M M 5.4 15 180 M M 8 20 180
17 72 59 66 M 0 1 0.00 M M 3.5 6 40 M M 7 1 M M
18 73 54 64 M 1 0 0.00 M M 6.3 12 70 M M 4 21 30
19 73 46 60 M 5 0 0.00 M M 7.7 18 160 M M 3 28 160
20 82 64 73 M 0 8 0.00 M M 13.4 20 180 M M 8 30 190
21 81 70 76 M 0 11 0.00 M M 9.3 12 170 M M 9 32 150
22 82 68 75 M 0 10 0.00 M M 11.4 17 170 M M 5 25 170
23 84 68 76 M 0 11 0.00 M M 14.4 20 180 M M 7 31 170
24 82 64 73 M 0 8 0.00 M M 10.5 16 170 M M 7 23 180
25 73 59 66 M 0 1 1.75 M M 5.2 13 360 M M 8 13 22 40
26 73 52 63 M 2 0 0.00 M M 4.9 8 70 M M 0 18 80
27 77 46 62 M 3 0 0.00 M M 3.5 12 130 M M 0 16 120
28 81 54 68 M 0 3 0.00 M M 6.7 13 170 M M 4 21 170
29 82 68 75 M 0 10 0.00 M M 10.7 16 180 M M 7 23 190
30 86 63 75 M 0 10 M M M 5.8 13 180 M M 7 21 180
================================================================================
SM 2347 1673 49 117 3.96 M 231.3 M 131
================================================================================
AV 78.2 55.8 7.7 FASTST M M 4 MAX(MPH)
MISC ----> 25 180 37 200
================================================================================
NOTES:
# LAST OF SEVERAL OCCURRENCES
COLUMN 17 PEAK WIND IN M.P.H.
PRELIMINARY LOCAL CLIMATOLOGICAL DATA (WS FORM: F-6) , PAGE 2
STATION: ATHENS
MONTH: APRIL
YEAR: 2022
LATITUDE: 32 9 N
LONGITUDE: 95 50 W
[TEMPERATURE DATA] [PRECIPITATION DATA] SYMBOLS USED IN COLUMN 16
AVERAGE MONTHLY: 67.0 TOTAL FOR MONTH: 3.96 1 = FOG OR MIST
DPTR FM NORMAL: 0.0 DPTR FM NORMAL: M 2 = FOG REDUCING VISIBILITY
HIGHEST: 90 ON 5 GRTST 24HR 1.75 ON 25-25 TO 1/4 MILE OR LESS
LOWEST: 34 ON 9 3 = THUNDER
SNOW, ICE PELLETS, HAIL 4 = ICE PELLETS
TOTAL MONTH: M 5 = HAIL
GRTST 24HR M ON M 6 = FREEZING RAIN OR DRIZZLE
GRTST DEPTH: M ON M 7 = DUSTSTORM OR SANDSTORM:
VSBY 1/2 MILE OR LESS
8 = SMOKE OR HAZE
[NO. OF DAYS WITH] [WEATHER - DAYS WITH] 9 = BLOWING SNOW
X = TORNADO
MAX 32 OR BELOW: 0 0.01 INCH OR MORE: 4
MAX 90 OR ABOVE: 1 0.10 INCH OR MORE: 4
MIN 32 OR BELOW: 0 0.50 INCH OR MORE: 3
MIN 0 OR BELOW: 0 1.00 INCH OR MORE: 2
[HDD (BASE 65) ]
TOTAL THIS MO. 49 CLEAR (SCALE 0-3) 10
DPTR FM NORMAL M PTCLDY (SCALE 4-7) 18
TOTAL FM JUL 1 2017 CLOUDY (SCALE 8-10) 2
DPTR FM NORMAL M
[CDD (BASE 65) ]
TOTAL THIS MO. 117
DPTR FM NORMAL M [PRESSURE DATA]
TOTAL FM JAN 1 144 HIGHEST SLP M ON M
DPTR FM NORMAL M LOWEST SLP M ON M
[REMARKS]
#FINAL-04-22#