000
CXUS54 KFWD 070343
CF6F44
PRELIMINARY LOCAL CLIMATOLOGICAL DATA (WS FORM: F-6)
STATION: ATHENS
MONTH: NOVEMBER
YEAR: 2020
LATITUDE: 32 9 N
LONGITUDE: 95 50 W
TEMPERATURE IN F: :PCPN: SNOW: WIND :SUNSHINE: SKY :PK WND
================================================================================
1 2 3 4 5 6A 6B 7 8 9 10 11 12 13 14 15 16 17 18
12Z AVG MX 2MIN
DY MAX MIN AVG DEP HDD CDD WTR SNW DPTH SPD SPD DIR MIN PSBL S-S WX SPD DR
================================================================================
1 72 43 58 M 7 0 0.00 M M 4.7 15 10 M M 0 20 30
2 70 39 55 M 10 0 0.00 M M 1.2 8 140 M M 0 M M
3 73 36 55 M 10 0 0.00 M M 1.5 6 180 M M 0 M M
4 73 41 57 M 8 0 0.00 M M 2.9 12 170 M M 0 16 170
5 75 59 67 M 0 2 0.00 M M 4.5 10 160 M M 5 16 180
6 77 52 65 M 0 0 0.00 M M 2.0 7 140 M M 3 M M
7 77 48 63 M 2 0 0.00 M M 2.0 8 160 M M 1 M M
8 75 54 65 M 0 0 0.00 M M 2.6 9 160 M M 5 12 18 150
9 79 61 70 M 0 5 0.00 M M 5.7 13 170 M M 7 1 17 170
10 77 59 68 M 0 3 0.00 M M 5.2 10 170 M M 8 M M
11 77 46 62 M 3 0 0.00 M M 3.5 8 20 M M 1 8 M M
12 81 46 64 M 1 0 0.00 M M 1.3 6 170 M M 0 8 M M
13 79 55 67 M 0 2 0.00 M M 2.2 6 140 M M 5 M M
14 81 66 74 M 0 9 M M M 6.2 12 200 M M 7 22 200
15 73 37 55 M 10 0 0.00 M M 8.1 17 350 M M 1 28 350
16 70 34 52 M 13 0 0.00 M M 1.1 8 120 M M 0 M M
17 73 36 55 M 10 0 0.00 M M 1.7 8 140 M M 0 8 M M
18 73 39 56 M 9 0 0.00 M M 3.8 10 140 M M 0 M M
19 77 43 60 M 5 0 0.00 M M 6.1 14 170 M M 2 23 190
20 77 59 68 M 0 3 0.00 M M 5.8 10 170 M M 6 16 180
21 77 55 66 M 0 1 0.00 M M 1.7 10 160 M M 6 1 M M
22 70 52 61 M 4 0 0.00 M M 6.2 17 360 M M 8 23 360
23 63 50 57 M 8 0 0.00 M M 2.8 8 90 M M 6 M M
24 72 50 61 M 4 0 0.88 M M 8.6 16 190 M M 9 3 24 160
25 63 41 52 M 13 0 0.01 M M 1.6 8 160 M M 1 20 320
26 72 37 55 M 10 0 0.00 M M 2.9 8 120 M M 1 M M
27 63 57 60 M 5 0 0.07 M M 4.3 9 350 M M 10 1 M M
28 59 52 56 M 9 0 0.07 M M 5.2 10 70 M M 10 18 70
29 50 43 47 M 18 0 0.10 M M 5.5 13 350 M M 7 1 20 340
30 50 28 39 M 26 0 0.00 M M 6.6 13 350 M M 0 20 340
================================================================================
SM 2148 1418 185 25 1.13 M 117.5 M 109
================================================================================
AV 71.6 47.3 3.9 FASTST M M 4 MAX(MPH)
MISC ----> # 17 350 28 350
================================================================================
NOTES:
# LAST OF SEVERAL OCCURRENCES
COLUMN 17 PEAK WIND IN M.P.H.
PRELIMINARY LOCAL CLIMATOLOGICAL DATA (WS FORM: F-6) , PAGE 2
STATION: ATHENS
MONTH: NOVEMBER
YEAR: 2020
LATITUDE: 32 9 N
LONGITUDE: 95 50 W
[TEMPERATURE DATA] [PRECIPITATION DATA] SYMBOLS USED IN COLUMN 16
AVERAGE MONTHLY: 59.4 TOTAL FOR MONTH: 1.13 1 = FOG OR MIST
DPTR FM NORMAL: 0.0 DPTR FM NORMAL: M 2 = FOG REDUCING VISIBILITY
HIGHEST: 81 ON 14,12 GRTST 24HR 0.88 ON 24-24 TO 1/4 MILE OR LESS
LOWEST: 28 ON 30 3 = THUNDER
SNOW, ICE PELLETS, HAIL 4 = ICE PELLETS
TOTAL MONTH: M 5 = HAIL
GRTST 24HR M ON M 6 = FREEZING RAIN OR DRIZZLE
GRTST DEPTH: M ON M 7 = DUSTSTORM OR SANDSTORM:
VSBY 1/2 MILE OR LESS
8 = SMOKE OR HAZE
[NO. OF DAYS WITH] [WEATHER - DAYS WITH] 9 = BLOWING SNOW
X = TORNADO
MAX 32 OR BELOW: 0 0.01 INCH OR MORE: 5
MAX 90 OR ABOVE: 0 0.10 INCH OR MORE: 1
MIN 32 OR BELOW: 1 0.50 INCH OR MORE: 1
MIN 0 OR BELOW: 0 1.00 INCH OR MORE: 0
[HDD (BASE 65) ]
TOTAL THIS MO. 185 CLEAR (SCALE 0-3) 16
DPTR FM NORMAL M PTCLDY (SCALE 4-7) 10
TOTAL FM JUL 1 320 CLOUDY (SCALE 8-10) 4
DPTR FM NORMAL M
[CDD (BASE 65) ]
TOTAL THIS MO. 25
DPTR FM NORMAL M [PRESSURE DATA]
TOTAL FM JAN 1 2365 HIGHEST SLP M ON M
DPTR FM NORMAL M LOWEST SLP M ON M
[REMARKS]
#FINAL-11-20#