000
CXUS54 KMAF 301210
CF6GNC
PRELIMINARY LOCAL CLIMATOLOGICAL DATA (WS FORM: F-6)

                                          STATION:   GAINES COUNTY AIRPORT
                                          MONTH:     NOVEMBER
                                          YEAR:      2020
                                          LATITUDE:   32 40 N
                                          LONGITUDE: 102 39 W

  TEMPERATURE IN F:       :PCPN:    SNOW:  WIND      :SUNSHINE: SKY     :PK WND
================================================================================
1   2   3   4   5  6A  6B    7    8   9   10  11  12  13   14  15   16   17  18
                                     12Z  AVG MX 2MIN
DY MAX MIN AVG DEP HDD CDD  WTR  SNW DPTH SPD SPD DIR MIN PSBL S-S WX    SPD DR
================================================================================

 1  70  45  58   M   7   0    M    M    M  7.9 13  90   M    M   0        20  50
 2  74  37  56   M   9   0    M    M    M  6.2 14 190   M    M   0        18 200
 3  79  39  59   M   6   0    M    M    M  5.8 14 210   M    M   0        18 200
 4  88  44  66   M   0   1    M    M    M  6.8 13 240   M    M   0        18 240
 5  85  48  67   M   0   2    M    M    M  7.3 14  40   M    M   0        20  10
 6  80  40  60   M   5   0    M    M    M  3.0  8 140   M    M   0         M   M
 7  76  46  61   M   4   0    M    M    M 10.4 17 160   M    M   0 1      24 150
 8  83  53  68   M   0   3    M    M    M 13.1 20 220   M    M   0        29 220
 9  83  58  71   M   0   6    M    M    M 12.7 24 220   M    M   0        32 230
10  65  38  52   M  13   0    M    M    M  9.6 16 270   M    M   0        22 330
11  72  30  51   M  14   0    M    M    M  5.7 13 220   M    M   0        20 220
12  78  37  58   M   7   0    M    M    M  6.0  9 220   M    M   0        16 260
13  55  43  49   M  16   0    M    M    M  6.6 14  50   M    M   8        18  50
14  80  45  63   M   2   0    M    M    M 12.9 25 250   M    M   1        33 250
15  64  31  48   M  17   0    M    M    M  6.9 13 340   M    M   0        18 340
16  79  32  56   M   9   0    M    M    M  4.7 12 280   M    M   0        16 270
17  73  34  54   M  11   0    M    M    M  5.9 15 180   M    M   0        20 170
18  78  38  58   M   7   0    M    M    M  7.7 16 210   M    M   0        20 200
19  85  41  63   M   2   0    M    M    M  7.2 13 210   M    M   0        17 210
20  74  43  59   M   6   0    M    M    M  5.7 10  10   M    M   0         M   M
21  71  45  58   M   7   0    M    M    M  5.1 12 140   M    M   2        20 120
22  56  46  51   M  14   0    M    M    M  9.0 18  60   M    M   7 1      25  50
23  63  44  54   M  11   0    M    M    M  8.4 15 140   M    M   7 12     18 140
24  71  40  56   M   9   0    M    M    M 13.6 30 260   M    M   0 1      40 260
25  64  29  47   M  18   0    M    M    M  7.0 13 210   M    M   0        18 230
26  75  38  57   M   8   0    M    M    M  8.8 21 250   M    M   0        28 250
27  56  38  47   M  18   0    M    M    M 10.6 18  50   M    M   3        25  50
28  55  33  44   M  21   0    M    M    M  5.9 13  10   M    M   5        16  10
29  53  27  40   M  25   0    M    M    M 10.5 22  10   M    M   2 12     31  20
================================================================================
SM 2085 1162       266  12     M    M    231.0          M       35
================================================================================
AV 71.9 40.1                               8.0 FASTST   M    M   1    MAX(MPH)
                                 MISC ---->    30 260                 40 260
================================================================================
NOTES:
# LAST OF SEVERAL OCCURRENCES

COLUMN 17 PEAK WIND IN M.P.H.

PRELIMINARY LOCAL CLIMATOLOGICAL DATA (WS FORM: F-6) , PAGE 2

                                          STATION:   GAINES COUNTY AIRPORT
                                          MONTH:     NOVEMBER
                                          YEAR:      2020
                                          LATITUDE:   32 40 N
                                          LONGITUDE: 102 39 W

[TEMPERATURE DATA]      [PRECIPITATION DATA]       SYMBOLS USED IN COLUMN 16

AVERAGE MONTHLY: 56.0   TOTAL FOR MONTH:      M    1 = FOG OR MIST
DPTR FM NORMAL:   0.0   DPTR FM NORMAL:       M    2 = FOG REDUCING VISIBILITY
HIGHEST:    88 ON  4    GRTST 24HR      M ON  M       TO 1/4 MILE OR LESS
LOWEST:     27 ON 29                               3 = THUNDER
                        SNOW, ICE PELLETS, HAIL    4 = ICE PELLETS
                        TOTAL MONTH:  M            5 = HAIL
                        GRTST 24HR    M  ON   M    6 = FREEZING RAIN OR DRIZZLE
                        GRTST DEPTH:  M  ON   M    7 = DUSTSTORM OR SANDSTORM:
                                                       VSBY 1/2 MILE OR LESS
                                                   8 = SMOKE OR HAZE
[NO. OF DAYS WITH]      [WEATHER - DAYS WITH]      9 = BLOWING SNOW
                                                   X = TORNADO
MAX 32 OR BELOW:   0    0.01 INCH OR MORE:   0
MAX 90 OR ABOVE:   0    0.10 INCH OR MORE:   0
MIN 32 OR BELOW:   5    0.50 INCH OR MORE:   0
MIN  0 OR BELOW:   0    1.00 INCH OR MORE:   0

[HDD (BASE 65) ]
TOTAL THIS MO.   266    CLEAR  (SCALE 0-3)  24
DPTR FM NORMAL     M    PTCLDY (SCALE 4-7)   5
TOTAL FM JUL 1   484    CLOUDY (SCALE 8-10)  0
DPTR FM NORMAL     M

[CDD (BASE 65) ]
TOTAL THIS MO.    12
DPTR FM NORMAL     M    [PRESSURE DATA]
TOTAL FM JAN 1  2417    HIGHEST SLP M ON M
DPTR FM NORMAL     M    LOWEST  SLP M ON M

[REMARKS]
