000
CXUS56 KBOI 301002
CF6ONO
PRELIMINARY LOCAL CLIMATOLOGICAL DATA (WS FORM: F-6)

                                          STATION:   ONTARIO OR
                                          MONTH:     NOVEMBER
                                          YEAR:      2020
                                          LATITUDE:   44  1 N
                                          LONGITUDE: 117  1 W

  TEMPERATURE IN F:       :PCPN:    SNOW:  WIND      :SUNSHINE: SKY     :PK WND
================================================================================
1   2   3   4   5  6A  6B    7    8   9   10  11  12  13   14  15   16   17  18
                                     12Z  AVG MX 2MIN
DY MAX MIN AVG DEP HDD CDD  WTR  SNW DPTH SPD SPD DIR MIN PSBL S-S WX    SPD DR
================================================================================

 1  62  25  44   1  21   0 0.00    M    M  3.3  8 270   M    M   0        11 330
 2  64  25  45   2  20   0 0.00    M    M  2.1  9 230   M    M   0 8      10 230
 3  63  25  44   2  21   0 0.00    M    M  2.7  9 260   M    M   0        10 260
 4  68  31  50   8  15   0 0.00    M    M  1.8  8 270   M    M   0 8       9 270
 5  69  31  50   8  15   0 0.00    M    M  2.4 10 260   M    M   0 8      13 260
 6  67  37  52  11  13   0 0.00    M    M 10.1 29 330   M    M   1 8      34 330
 7  54  35  45   4  20   0 0.07    M    M 15.0 28 330   M    M   5 1      35 320
 8  41  34  38  -2  27   0 0.01    M    M 17.5 28 320   M    M  10        33 320
 9  43  29  36  -4  29   0 0.00    M    M  9.0 23 320   M    M   5        29 310
10  49  33  41   2  24   0 0.11    M    M  4.2 15  50   M    M   9        25  50
11  48  27  38  -1  27   0 0.00    M    M  6.9 20 290   M    M   5 128    23 290
12  44  19  32  -7  33   0 0.00    M    M  3.4  8  20   M    M   2        11  30
13  44  32  38   0  27   0 0.30    M    M  6.8 26 140   M    M   7 1      37 140
14  49  31  40   2  25   0 0.14    M    M  7.4 18 140   M    M   5        25 150
15  45  38  42   5  23   0 0.28    M    M  4.3 16 140   M    M   9 18     21 140
16  53  40  47  10  18   0 0.10    M    M  4.2  9  10   M    M   5 18     14 360
17  50  33  42   6  23   0 0.07    M    M  3.4 15 260   M    M   3 18     19 260
18  59  43  51  15  14   0 0.23    M    M  7.3 30 260   M    M   8 38     39 270
19  53  31  42   6  23   0 0.00    M    M  6.1 20 250   M    M   4        25 250
20  46  26  36   1  29   0 0.00    M    M  2.9  8 250   M    M   0        10 260
21  43  24  34  -1  31   0 0.00    M    M  1.8  8 270   M    M   0         9 260
22  43  22  33  -1  32   0 0.00    M    M  3.4  9 270   M    M   1 128    12 260
23  44  29  37   3  28   0 0.00    M    M  2.4  9 260   M    M   5 8      12 260
24  48  27  38   4  27   0 0.00    M    M  2.3 10 140   M    M   2 18     13  90
25  49  33  41   8  24   0 0.01    M    M  3.6 13 320   M    M   6 8      16 340
26  46  26  36   3  29   0 0.00    M    M  3.3  9 260   M    M   1        13  40
27  45  22  34   2  31   0 0.00    M    M  1.9  8 350   M    M   0        10 260
28  39  20  30  -2  35   0 0.00    M    M  2.9  8 210   M    M   0        10 200
29  38  18  28  -4  37   0 0.00    M    M  3.0 10 260   M    M   1 128    12 260
================================================================================
SM 1466  846       721   0  1.32    M    145.4          M       94
================================================================================
AV 50.6 29.2                               5.0 FASTST   M    M   3    MAX(MPH)
                                 MISC ---->    30 260                 39 270
================================================================================
NOTES:
# LAST OF SEVERAL OCCURRENCES

COLUMN 17 PEAK WIND IN M.P.H.

PRELIMINARY LOCAL CLIMATOLOGICAL DATA (WS FORM: F-6) , PAGE 2

                                          STATION:   ONTARIO OR
                                          MONTH:     NOVEMBER
                                          YEAR:      2020
                                          LATITUDE:   44  1 N
                                          LONGITUDE: 117  1 W

[TEMPERATURE DATA]      [PRECIPITATION DATA]       SYMBOLS USED IN COLUMN 16

AVERAGE MONTHLY: 39.9   TOTAL FOR MONTH:   1.32    1 = FOG OR MIST
DPTR FM NORMAL:   2.5   DPTR FM NORMAL:    0.26    2 = FOG REDUCING VISIBILITY
HIGHEST:    69 ON  5    GRTST 24HR  0.42 ON 14-15      TO 1/4 MILE OR LESS
LOWEST:     18 ON 29                               3 = THUNDER
                        SNOW, ICE PELLETS, HAIL    4 = ICE PELLETS
                        TOTAL MONTH:  M            5 = HAIL
                        GRTST 24HR    M  ON   M    6 = FREEZING RAIN OR DRIZZLE
                        GRTST DEPTH:  M  ON   M    7 = DUSTSTORM OR SANDSTORM:
                                                       VSBY 1/2 MILE OR LESS
                                                   8 = SMOKE OR HAZE
[NO. OF DAYS WITH]      [WEATHER - DAYS WITH]      9 = BLOWING SNOW
                                                   X = TORNADO
MAX 32 OR BELOW:   0    0.01 INCH OR MORE:  10
MAX 90 OR ABOVE:   0    0.10 INCH OR MORE:   6
MIN 32 OR BELOW:  20    0.50 INCH OR MORE:   0
MIN  0 OR BELOW:   0    1.00 INCH OR MORE:   0

[HDD (BASE 65) ]
TOTAL THIS MO.   721    CLEAR  (SCALE 0-3)  16
DPTR FM NORMAL   -81    PTCLDY (SCALE 4-7)  10
TOTAL FM JUL 1  1146    CLOUDY (SCALE 8-10)  3
DPTR FM NORMAL  -249

[CDD (BASE 65) ]
TOTAL THIS MO.     0
DPTR FM NORMAL     0    [PRESSURE DATA]
TOTAL FM JAN 1  1070    HIGHEST SLP M ON M
DPTR FM NORMAL   218    LOWEST  SLP 29.41 ON  7

[REMARKS]
