000
CXUS54 KLIX 300910
CF6PQL
PRELIMINARY LOCAL CLIMATOLOGICAL DATA (WS FORM: F-6)

                                          STATION:   PASCAGOULA/LOTT
                                          MONTH:     NOVEMBER
                                          YEAR:      2020
                                          LATITUDE:   30 28 N
                                          LONGITUDE:  88 32 W

  TEMPERATURE IN F:       :PCPN:    SNOW:  WIND      :SUNSHINE: SKY     :PK WND
================================================================================
1   2   3   4   5  6A  6B    7    8   9   10  11  12  13   14  15   16   17  18
                                     12Z  AVG MX 2MIN
DY MAX MIN AVG DEP HDD CDD  WTR  SNW DPTH SPD SPD DIR MIN PSBL S-S WX    SPD DR
================================================================================

 1  78  56  67   4   0   2 0.00    M    M  8.1 18 360   M    M   2 1      24 350
 2  69  43  56  -7   9   0 0.00    M    M  8.6 20  10   M    M   0        25  10
 3  75  38  57  -5   8   0 0.00    M    M  2.0  9  10   M    M   0 1      13  40
 4  77  42  60  -2   5   0 0.00    M    M  1.8 10 110   M    M   0 1      14 120
 5  81  46  64   2   1   0 0.00    M    M  3.4  9  20   M    M   0        14  20
 6  82  58  70   8   0   5 0.00    M    M  4.7 13 100   M    M   1        18  50
 7  80  68  74  13   0   9 0.00    M    M  6.0 14  50   M    M   3        17  40
 8  84  70  77  16   0  12 0.00    M    M  7.1 17 100   M    M   2        24  80
 9  87  66  77  16   0  12 0.00    M    M  6.9 14  60   M    M   5        19 100
10  79  75  77  16   0  12 0.10    M    M  5.4 10  70   M    M   9 1      13  90
11  86  74  80  20   0  15 0.03    M    M  4.8 13 360   M    M   8 1      16 350
12  83  54  69   9   0   4 0.00    M    M  5.1 13 360   M    M   4 1      19 350
13  84  51  68   8   0   3 0.00    M    M  2.8 13 350   M    M   0 1      17  20
14  81  50  66   6   0   1 0.00    M    M  4.3 16 150   M    M   1 1      22 150
15  87  59  73  14   0   8 0.00    M    M  6.4 18  10   M    M   2 12     24 350
16  72  42  57  -2   8   0 0.00    M    M  7.2 18  10   M    M   0        26  30
17  77  39  58  -1   7   0 0.00    M    M  6.0 18  10   M    M   0        24 340
18  73  39  56  -3   9   0 0.00    M    M  4.9 14  50   M    M   0        19  50
19  75  41  58   0   7   0 0.00    M    M  5.0 14 100   M    M   0 1      20 130
20  80  50  65   7   0   0 0.00    M    M  3.0 10  90   M    M   0 12     14  10
21  82  50  66   8   0   1 0.00    M    M  3.9 13  80   M    M   3 1      18 100
22  82  51  67   9   0   2 0.00    M    M  3.4 13 360   M    M   2        16  10
23  71  39  55  -3  10   0 0.00    M    M  7.0 21 360   M    M   2        26  10
24  78  38  58   1   7   0 0.00    M    M  5.8 16 120   M    M   1        20 110
25  82  67  75  18   0  10    T    M    M  6.7 15 150   M    M   6        21 200
26  80  68  74  17   0   9 0.79    M    M  3.2 14 260   M    M   9 138    20 250
27  80  63  72  15   0   7 0.50    M    M  2.6 10 150   M    M   8 1      15  20
28  72  63  68  12   0   3 0.03    M    M  6.4 15  10   M    M   8 1      21 360
29  75  55  65   9   0   0 0.55    M    M  7.4 17 290   M    M  10 1      32 310
================================================================================
SM 2292 1555        71 115  2.00    M    149.9          M       86
================================================================================
AV 79.0 53.6                               5.2 FASTST   M    M   3    MAX(MPH)
                                 MISC ---->    21 360                 32 310
================================================================================
NOTES:
# LAST OF SEVERAL OCCURRENCES

COLUMN 17 PEAK WIND IN M.P.H.

PRELIMINARY LOCAL CLIMATOLOGICAL DATA (WS FORM: F-6) , PAGE 2

                                          STATION:   PASCAGOULA/LOTT
                                          MONTH:     NOVEMBER
                                          YEAR:      2020
                                          LATITUDE:   30 28 N
                                          LONGITUDE:  88 32 W

[TEMPERATURE DATA]      [PRECIPITATION DATA]       SYMBOLS USED IN COLUMN 16

AVERAGE MONTHLY: 66.3   TOTAL FOR MONTH:   2.00    1 = FOG OR MIST
DPTR FM NORMAL:   6.9   DPTR FM NORMAL:   -2.57    2 = FOG REDUCING VISIBILITY
HIGHEST:    87 ON 15, 9  GRTST 24HR  0.79 ON 26-26      TO 1/4 MILE OR LESS
LOWEST:     38 ON 24, 3                             3 = THUNDER
                        SNOW, ICE PELLETS, HAIL    4 = ICE PELLETS
                        TOTAL MONTH:  M            5 = HAIL
                        GRTST 24HR    M  ON   M    6 = FREEZING RAIN OR DRIZZLE
                        GRTST DEPTH:  M  ON   M    7 = DUSTSTORM OR SANDSTORM:
                                                       VSBY 1/2 MILE OR LESS
                                                   8 = SMOKE OR HAZE
[NO. OF DAYS WITH]      [WEATHER - DAYS WITH]      9 = BLOWING SNOW
                                                   X = TORNADO
MAX 32 OR BELOW:   0    0.01 INCH OR MORE:   6
MAX 90 OR ABOVE:   0    0.10 INCH OR MORE:   4
MIN 32 OR BELOW:   0    0.50 INCH OR MORE:   3
MIN  0 OR BELOW:   0    1.00 INCH OR MORE:   0

[HDD (BASE 65) ]
TOTAL THIS MO.    71    CLEAR  (SCALE 0-3)  19
DPTR FM NORMAL  -123    PTCLDY (SCALE 4-7)   7
TOTAL FM JUL 1    88    CLOUDY (SCALE 8-10)  3
DPTR FM NORMAL  -163

[CDD (BASE 65) ]
TOTAL THIS MO.   115
DPTR FM NORMAL    81    [PRESSURE DATA]
TOTAL FM JAN 1  3198    HIGHEST SLP M ON M
DPTR FM NORMAL   815    LOWEST  SLP 29.76 ON 29

[REMARKS]
