882
CDUS41 KALY 180622
CLIPSF


CLIMATE REPORT
NATIONAL WEATHER SERVICE ALBANY NY
221 AM EDT WED APR 18 2018


...................................

...THE PITTSFIELD MA CLIMATE SUMMARY FOR APRIL 17 2018...

CLIMATE NORMAL PERIOD 1981 TO 2010
CLIMATE RECORD PERIOD 9999 TO 9999


WEATHER ITEM   OBSERVED TIME   NORMAL DEPARTURE LAST
                VALUE   (LST)  VALUE  FROM      YEAR
                                      NORMAL
......................................................
TEMPERATURE (F)
 YESTERDAY
  MAXIMUM         42   1145 AM  55    -13       63
  MINIMUM         32   1159 PM  35     -3       41
  AVERAGE         37            45     -8       52

PRECIPITATION (IN)
  YESTERDAY        0.04          0.11  -0.07     0.03
  MONTH TO DATE    2.25          2.52  -0.27     2.26
  SINCE MAR 1      4.60          5.89  -1.29     5.37
  SINCE JAN 1     13.35         11.49   1.86    10.95

DEGREE DAYS
 HEATING
  YESTERDAY       28            20      8       13
  MONTH TO DATE  500           401     99      313
  SINCE MAR 1   1533          1428    105     1444
  SINCE JUL 1   6375          6808   -433     6146

 COOLING
  YESTERDAY        0             0      0        0
  MONTH TO DATE    0             0      0        1
  SINCE MAR 1      0             0      0        1
  SINCE JAN 1      0             0      0        1
......................................................


WIND (MPH)
  HIGHEST WIND SPEED    24   HIGHEST WIND DIRECTION     W (290)
  HIGHEST GUST SPEED    33   HIGHEST GUST DIRECTION     W (270)
  AVERAGE WIND SPEED    12.6


SKY COVER
  AVERAGE SKY COVER 1.0



RELATIVE HUMIDITY (PERCENT)
 HIGHEST    89
 LOWEST     59
 AVERAGE    74

..........................................................


THE PITTSFIELD MA CLIMATE NORMALS FOR TODAY
                         NORMAL
 MAXIMUM TEMPERATURE (F)   56
 MINIMUM TEMPERATURE (F)   35


SUNRISE AND SUNSET
APRIL 18 2018.........SUNRISE   607 AM EDT   SUNSET   738 PM EDT
APRIL 19 2018.........SUNRISE   606 AM EDT   SUNSET   739 PM EDT


-  INDICATES NEGATIVE NUMBERS.
R  INDICATES RECORD WAS SET OR TIED.
MM INDICATES DATA IS MISSING.
T  INDICATES TRACE AMOUNT.




$$
