000
CXUS52 KMLB 010638
CF6VRB
PRELIMINARY LOCAL CLIMATOLOGICAL DATA (WS FORM: F-6)
STATION: VERO BEACH
MONTH: SEPTEMBER
YEAR: 2021
LATITUDE: 27 39 N
LONGITUDE: 80 25 W
TEMPERATURE IN F: :PCPN: SNOW: WIND :SUNSHINE: SKY :PK WND
================================================================================
1 2 3 4 5 6A 6B 7 8 9 10 11 12 13 14 15 16 17 18
12Z AVG MX 2MIN
DY MAX MIN AVG DEP HDD CDD WTR SNW DPTH SPD SPD DIR MIN PSBL S-S WX SPD DR
================================================================================
1 95 75 85 3 0 20 0.02 0.0 0 7.9 20 240 M M 1 138 26 260
2 91 76 84 2 0 19 0.20 0.0 0 9.4 21 240 M M 3 18 27 250
3 93 75 84 2 0 19 0.03 0.0 0 4.8 18 30 M M 5 13 22 20
4 90 73 82 0 0 17 0.85 0.0 0 4.3 15 20 M M 4 12 20 10
5 90 73 82 0 0 17 T 0.0 0 4.3 12 70 M M 3 13 15 60
6 93 75 84 2 0 19 0.04 0.0 0 5.5 12 330 M M 2 13 14 330
7 91 75 83 2 0 18 0.08 0.0 0 4.2 15 190 M M 1 3 20 200
8 91 73 82 1 0 17 0.00 0.0 0 6.4 17 210 M M 1 22 130
9 96 75 86 5 0 21 T 0.0 0 8.5 25 280 M M 2 3 35 270
10 92 73 83 2 0 18 1.06 0.0 0 6.3 28 290 M M 3 138 39 290
11 89 72 81 0 0 16 0.00 0.0 0 3.9 12 50 M M 1 1 15 70
12 91 78 85 4 0 20 T 0.0 0 6.4 18 150 M M 2 3 21 150
13 90 76 83 2 0 18 0.05 0.0 0 5.5 23 120 M M 2 138 29 120
14 89 74 82 1 0 17 0.39 0.0 0 5.8 14 70 M M 2 1 19 110
15 90 74 82 1 0 17 0.00 0.0 0 4.2 13 70 M M 2 16 70
16 91 72 82 1 0 17 0.50 0.0 0 4.5 17 120 M M 2 13 22 120
17 93 76 85 4 0 20 0.39 0.0 0 3.9 14 120 M M 4 13 18 120
18 89 75 82 1 0 17 0.00 0.0 0 3.9 12 120 M M 4 3 13 100
19 91 75 83 2 0 18 T 0.0 0 4.4 18 230 M M 2 13 22 230
20 91 76 84 3 0 19 0.06 0.0 0 4.2 13 250 M M 2 13 16 120
21 83 74 79 -2 0 14 0.12 0.0 0 3.3 15 230 M M 4 1 20 220
22 88 72 80 -1 0 15 0.73 0.0 0 4.0 16 250 M M 3 13 19 250
23 87 76 82 2 0 17 0.52 0.0 0 4.9 12 30 M M 5 123 14 50
24 90 76 83 3 0 18 0.01 0.0 0 7.7 16 30 M M 4 3 21 40
25 90 75 83 3 0 18 0.01 0.0 0 7.3 18 70 M M 5 1 23 70
26 88 71 80 0 0 15 0.00 0.0 0 5.9 16 60 M M 2 21 40
27 88 66 77 -3 0 12 0.00 0.0 0 6.4 16 50 M M 2 20 20
28 89 64 77 -3 0 12 0.00 0.0 0 4.4 14 20 M M 0 18 40
29 90 68 79 -1 0 14 0.00 0.0 0 6.9 15 20 M M 2 21 40
30 88 69 79 -1 0 14 0.00 0.0 0 8.1 16 40 M M 1 22 60
================================================================================
SM 2707 2202 0 513 5.06 0.0 167.2 M 76
================================================================================
AV 90.2 73.4 5.6 FASTST M M 3 MAX(MPH)
MISC ----> 28 290 39 290
================================================================================
NOTES:
# LAST OF SEVERAL OCCURRENCES
COLUMN 17 PEAK WIND IN M.P.H.
PRELIMINARY LOCAL CLIMATOLOGICAL DATA (WS FORM: F-6) , PAGE 2
STATION: VERO BEACH
MONTH: SEPTEMBER
YEAR: 2021
LATITUDE: 27 39 N
LONGITUDE: 80 25 W
[TEMPERATURE DATA] [PRECIPITATION DATA] SYMBOLS USED IN COLUMN 16
AVERAGE MONTHLY: 81.8 TOTAL FOR MONTH: 5.06 1 = FOG OR MIST
DPTR FM NORMAL: 0.9 DPTR FM NORMAL: -1.98 2 = FOG REDUCING VISIBILITY
HIGHEST: 96 ON 9 GRTST 24HR 1.06 ON 10-10 TO 1/4 MILE OR LESS
LOWEST: 64 ON 28 3 = THUNDER
SNOW, ICE PELLETS, HAIL 4 = ICE PELLETS
TOTAL MONTH: 0.0 INCH 5 = HAIL
GRTST 24HR 0.0 6 = FREEZING RAIN OR DRIZZLE
GRTST DEPTH: 0 7 = DUSTSTORM OR SANDSTORM:
VSBY 1/2 MILE OR LESS
8 = SMOKE OR HAZE
[NO. OF DAYS WITH] [WEATHER - DAYS WITH] 9 = BLOWING SNOW
X = TORNADO
MAX 32 OR BELOW: 0 0.01 INCH OR MORE: 17
MAX 90 OR ABOVE: 20 0.10 INCH OR MORE: 9
MIN 32 OR BELOW: 0 0.50 INCH OR MORE: 5
MIN 0 OR BELOW: 0 1.00 INCH OR MORE: 1
[HDD (BASE 65) ]
TOTAL THIS MO. 0 CLEAR (SCALE 0-3) 21
DPTR FM NORMAL 0 PTCLDY (SCALE 4-7) 9
TOTAL FM JUL 1 0 CLOUDY (SCALE 8-10) 0
DPTR FM NORMAL 0
[CDD (BASE 65) ]
TOTAL THIS MO. 513
DPTR FM NORMAL 36 [PRESSURE DATA]
TOTAL FM JAN 1 3127 HIGHEST SLP M ON M
DPTR FM NORMAL 243 LOWEST SLP 29.85 ON 23
[REMARKS]
#FINAL-09-21#