000
CXUS52 KFFC 241110
CF6AHN
PRELIMINARY LOCAL CLIMATOLOGICAL DATA (WS FORM: F-6)

                                          STATION:   ATHENS
                                          MONTH:     MAY
                                          YEAR:      2020
                                          LATITUDE:   33 57 N
                                          LONGITUDE:  83 19 W

  TEMPERATURE IN F:       :PCPN:    SNOW:  WIND      :SUNSHINE: SKY     :PK WND
================================================================================
1   2   3   4   5  6A  6B    7    8   9   10  11  12  13   14  15   16   17  18
                                     12Z  AVG MX 2MIN
DY MAX MIN AVG DEP HDD CDD  WTR  SNW DPTH SPD SPD DIR MIN PSBL S-S WX    SPD DR
================================================================================

 1  76  48  62  -4   3   0 0.00  0.0    0  7.4 16 290   M    M   0        25 300
 2  83  45  64  -2   1   0 0.00  0.0    0  2.4  8 230   M    M   0        13 210
 3  87  54  71   5   0   6 0.00  0.0    0  5.3 14 300   M    M   0        20 220
 4  88  63  76   9   0  11 0.00  0.0    0  4.5 12 300   M    M   2        18 260
 5  86  65  76   9   0  11 0.00  0.0    0  5.9 15 270   M    M   3        23 290
 6  75  48  62  -5   3   0    T    M    0 10.7 25 310   M    M   2 8      39 300
 7  72  44  58  -9   7   0 0.00  0.0    0  5.4 13 290   M    M   0        18 300
 8  67  44  56 -12   9   0 0.18    M    0  3.2 17 280   M    M   6 1      26 270
 9  69  42  56 -12   9   0 0.00  0.0    0  3.9 12 300   M    M   0        17 300
10  76  40  58 -10   7   0 0.00  0.0    0  3.0 10 270   M    M   0        16 220
11  70  48  59 -10   6   0 0.00  0.0    0  7.3 17 300   M    M   0        29 300
12  72  41  57 -12   8   0 0.00  0.0    0  3.0 12 100   M    M   1        15 100
13  76  52  64  -5   1   0 0.00  0.0    0  3.7 10 140   M    M   0        14 150
14  83  57  70   0   0   5 0.00  0.0    0  4.9 10 160   M    M   2        16 110
15  83  58  71   1   0   6 0.00  0.0    0  3.7 10 130   M    M   2        14 110
16  86  58  72   2   0   7 0.00  0.0    0  4.7 12  90   M    M   1 1      16  90
17  88  61  75   5   0  10 0.00  0.0    0  5.5 14  80   M    M   2        27 150
18  79  64  72   1   0   7 0.90  0.0    0  4.4 15 210   M    M   8 13     30 190
19  79  59  69  -2   0   4 0.41  0.0    0  6.8 18  70   M    M   8 1      24  60
20  59  54  57 -14   8   0 1.37  0.0    0 10.9 24  60   M    M  10 13     34  70
21  76  54  65  -7   0   0 0.00  0.0    0  1.5  8  40   M    M   9 1      11 310
22  87  61  74   2   0   9 0.00  0.0    0  4.4 17 320   M    M   5 3      27 320
23  91  63  77   5   0  12 0.00  0.0    0  3.4 10 340   M    M   1        16 200
================================================================================
SM 1808 1223        62  88  2.86     0.0 115.9          M       62
================================================================================
AV 78.6 53.2                               5.0 FASTST   M    M   3    MAX(MPH)
                                 MISC ---->  # 25 310               # 39  300
================================================================================
NOTES:
# LAST OF SEVERAL OCCURRENCES

COLUMN 17 PEAK WIND IN M.P.H.

PRELIMINARY LOCAL CLIMATOLOGICAL DATA (WS FORM: F-6) , PAGE 2

                                          STATION:  ATHENS
                                          MONTH:    MAY
                                          YEAR:     2020
                                          LATITUDE:   33 57 N
                                          LONGITUDE:  83 19 W

[TEMPERATURE DATA]      [PRECIPITATION DATA]       SYMBOLS USED IN COLUMN 16

AVERAGE MONTHLY: 65.9   TOTAL FOR MONTH:   2.86    1 = FOG OR MIST
DPTR FM NORMAL:  -3.1   DPTR FM NORMAL:    0.63    2 = FOG REDUCING VISIBILITY
HIGHEST:    91 ON 23    GRTST 24HR  1.37 ON 20-20      TO 1/4 MILE OR LESS
LOWEST:     40 ON 10                               3 = THUNDER
                        SNOW, ICE PELLETS, HAIL    4 = ICE PELLETS
                        TOTAL MONTH:   0.0 INCH    5 = HAIL
                        GRTST 24HR     0.0         6 = FREEZING RAIN OR DRIZZLE
                        GRTST DEPTH:   0           7 = DUSTSTORM OR SANDSTORM:
                                                       VSBY 1/2 MILE OR LESS
                                                   8 = SMOKE OR HAZE
[NO. OF DAYS WITH]      [WEATHER - DAYS WITH]      9 = BLOWING SNOW
                                                   X = TORNADO
MAX 32 OR BELOW:   0    0.01 INCH OR MORE:   4
MAX 90 OR ABOVE:   1    0.10 INCH OR MORE:   4
MIN 32 OR BELOW:   0    0.50 INCH OR MORE:   2
MIN  0 OR BELOW:   0    1.00 INCH OR MORE:   1

[HDD (BASE 65) ]
TOTAL THIS MO.    62    CLEAR  (SCALE 0-3)  17
DPTR FM NORMAL    37    PTCLDY (SCALE 4-7)   4
TOTAL FM JUL 1  2171    CLOUDY (SCALE 8-10)  2
DPTR FM NORMAL  -597

[CDD (BASE 65) ]
TOTAL THIS MO.    88
DPTR FM NORMAL   -26    [PRESSURE DATA]
TOTAL FM JAN 1   189    HIGHEST SLP M ON M
DPTR FM NORMAL    17    LOWEST  SLP 29.71 ON 19

[REMARKS]
