000
CXUS52 KFFC 251110
CF6AHN
PRELIMINARY LOCAL CLIMATOLOGICAL DATA (WS FORM: F-6)

                                          STATION:   ATHENS
                                          MONTH:     APRIL
                                          YEAR:      2018
                                          LATITUDE:   33 57 N
                                          LONGITUDE:  83 19 W

  TEMPERATURE IN F:       :PCPN:    SNOW:  WIND      :SUNSHINE: SKY     :PK WND
================================================================================
1   2   3   4   5  6A  6B    7    8   9   10  11  12  13   14  15   16   17  18
                                     12Z  AVG MX 2MIN
DY MAX MIN AVG DEP HDD CDD  WTR  SNW DPTH SPD SPD DIR MIN PSBL S-S WX    SPD DR
================================================================================

 1  79  40  60   2   5   0 0.00  0.0    0  2.8  9 220   M    M   0        17 250
 2  83  51  67   9   0   2 0.00  0.0    0  4.1 10 240   M    M   0        16 240
 3  83  51  67   8   0   2 0.00  0.0    0  4.1 12 240   M    M   2        20 260
 4  69  46  58  -1   7   0 0.01    M    0  8.5 20 300   M    M   2 1      30 290
 5  68  32  50  -9  15   0 0.00  0.0    0  1.6  7  90   M    M   0        11  90
 6  75  43  59   0   6   0    T  0.0    0  3.5 10 220   M    M   4 8      18 210
 7  67  46  57  -3   8   0 0.19    M    0  5.2 13 300   M    M  10 1      21 300
 8  55  41  48 -12  17   0 0.07  0.0    0  4.0 12 100   M    M   7 1      17 100
 9  53  45  49 -11  16   0 0.09  0.0    0  2.6  7  70   M    M  10 1       9  60
10  70  48  59  -1   6   0 0.00  0.0    0  1.5  9  70   M    M   3 1      13  60
11  72  40  56  -4   9   0 0.00  0.0    0  2.7  9  80   M    M   0        15 320
12  78  43  61   0   4   0 0.00  0.0    0  3.2  9 240   M    M   0 8      15 210
13  80  49  65   4   0   0 0.00  0.0    0  3.3 10 190   M    M   2        20 180
14  83  57  70   9   0   5 0.00  0.0    0  4.5 10 180   M    M   3        21 180
15  68  46  57  -4   8   0 2.27  0.0    0  6.8 17 280   M    M   8 123    28 300
16  52  37  45 -17  20   0    T    M    0  9.8 21 290   M    M   6        32 310
17  75  34  55  -7  10   0 0.00  0.0    0  6.5 18 280   M    M   0        29 270
18  84  49  67   5   0   2 0.00  0.0    0  6.4 15 270   M    M   0        24 250
19  70  47  59  -3   6   0 0.00  0.0    0  8.1 21 300   M    M   0        32 300
20  69  40  55  -8  10   0 0.00  0.0    0  4.7 14  60   M    M   0        21  90
21  73  37  55  -8  10   0 0.00  0.0    0  5.4 16  70   M    M   2        23  80
22  65  52  59  -4   6   0 0.39  0.0    0  7.1 14  90   M    M  10 1      23  80
23  64  56  60  -4   5   0 2.29  0.0    0  9.2 23  70   M    M   9 1      31  70
24  73  57  65   1   0   0    T  0.0    M  5.6 15 300   M    M   9 1      23 300
================================================================================
SM 1708 1087       168  11  5.31     0.0 121.2          M       87
================================================================================
AV 71.2 45.3                               5.0 FASTST   M    M   4    MAX(MPH)
                                 MISC ---->  # 23  70               # 32  310
================================================================================
NOTES:
# LAST OF SEVERAL OCCURRENCES

COLUMN 17 PEAK WIND IN M.P.H.

PRELIMINARY LOCAL CLIMATOLOGICAL DATA (WS FORM: F-6) , PAGE 2

                                          STATION:  ATHENS
                                          MONTH:    APRIL
                                          YEAR:     2018
                                          LATITUDE:   33 57 N
                                          LONGITUDE:  83 19 W

[TEMPERATURE DATA]      [PRECIPITATION DATA]       SYMBOLS USED IN COLUMN 16

AVERAGE MONTHLY: 58.2   TOTAL FOR MONTH:   5.31    1 = FOG OR MIST
DPTR FM NORMAL:  -2.6   DPTR FM NORMAL:    2.77    2 = FOG REDUCING VISIBILITY
HIGHEST:    84 ON 18    GRTST 24HR  2.29 ON 23-23      TO 1/4 MILE OR LESS
LOWEST:     32 ON  5                               3 = THUNDER
                        SNOW, ICE PELLETS, HAIL    4 = ICE PELLETS
                        TOTAL MONTH:   0.0 INCH    5 = HAIL
                        GRTST 24HR     0.0         6 = FREEZING RAIN OR DRIZZLE
                        GRTST DEPTH:   0           7 = DUSTSTORM OR SANDSTORM:
                                                       VSBY 1/2 MILE OR LESS
                                                   8 = SMOKE OR HAZE
[NO. OF DAYS WITH]      [WEATHER - DAYS WITH]      9 = BLOWING SNOW
                                                   X = TORNADO
MAX 32 OR BELOW:   0    0.01 INCH OR MORE:   7
MAX 90 OR ABOVE:   0    0.10 INCH OR MORE:   4
MIN 32 OR BELOW:   1    0.50 INCH OR MORE:   2
MIN  0 OR BELOW:   0    1.00 INCH OR MORE:   2

[HDD (BASE 65) ]
TOTAL THIS MO.   168    CLEAR  (SCALE 0-3)  15
DPTR FM NORMAL    38    PTCLDY (SCALE 4-7)   3
TOTAL FM JUL 1  2557    CLOUDY (SCALE 8-10)  6
DPTR FM NORMAL  -168

[CDD (BASE 65) ]
TOTAL THIS MO.    11
DPTR FM NORMAL   -21    [PRESSURE DATA]
TOTAL FM JAN 1    48    HIGHEST SLP M ON M
DPTR FM NORMAL     5    LOWEST  SLP 29.62 ON 15

[REMARKS]
