000
CXUS52 KFFC 231110
CF6AHN
PRELIMINARY LOCAL CLIMATOLOGICAL DATA (WS FORM: F-6)

                                          STATION:   ATHENS
                                          MONTH:     OCTOBER
                                          YEAR:      2019
                                          LATITUDE:   33 57 N
                                          LONGITUDE:  83 19 W

  TEMPERATURE IN F:       :PCPN:    SNOW:  WIND      :SUNSHINE: SKY     :PK WND
================================================================================
1   2   3   4   5  6A  6B    7    8   9   10  11  12  13   14  15   16   17  18
                                     12Z  AVG MX 2MIN
DY MAX MIN AVG DEP HDD CDD  WTR  SNW DPTH SPD SPD DIR MIN PSBL S-S WX    SPD DR
================================================================================

 1  94  70  82  14   0  17 0.00  0.0    0  2.8  9  30   M    M   0        11  30
 2  98  70  84  16   0  19 0.00  0.0    0  1.4 10 290   M    M   0 1      13 290
 3 100  69  85  18   0  20 0.00  0.0    0  1.3 15 330   M    M   1 1      23 150
 4  99  66  83  16   0  18 0.00  0.0    0  3.5 10 110   M    M   0 18     13  80
 5  77  62  70   4   0   5 0.00  0.0    0 12.9 21  80   M    M   8 1      29  80
 6  83  60  72   6   0   7 0.00  0.0    0  7.2 16  70   M    M   9 1      22  70
 7  83  64  74   8   0   9 0.00  0.0    0  4.8 10  70   M    M   2        13  90
 8  86  63  75  10   0  10 0.00  0.0    0  6.4 16  80   M    M   4        20  80
 9  75  60  68   3   0   3 0.00  0.0    M  6.9 14  70   M    M   6        17  90
10  80  59  70   5   0   5 0.00  0.0    0  6.5 13  60   M    M   3        18  40
11  82  53  68   4   0   3 0.00  0.0    0  2.4  8 110   M    M   1 1      12 340
12  87  57  72   8   0   7 0.00  0.0    0  3.2 10 270   M    M   5        17 280
13  70  62  66   2   0   1 0.04  0.0    0  2.3 10 300   M    M   9 1      17 300
14  82  54  68   5   0   3 0.00  0.0    0  3.1 10 320   M    M   0 1      16 300
15  75  58  67   4   0   2 0.07  0.0    0  3.8 12  90   M    M   9 18     16 130
16  76  51  64   1   1   0 0.37  0.0    0  7.5 21 310   M    M   6 1      30 320
17  71  43  57  -5   8   0 0.00  0.0    0  5.2 10 300   M    M   0        15 300
18  70  44  57  -5   8   0 0.00  0.0    0  5.1 13  70   M    M   0        19  90
19  56  51  54  -8  11   0 1.42  0.0    0 12.3 23  60   M    M   8 1      30  60
20  81  54  68   6   0   3 0.00  0.0    0  5.0 15  20   M    M   5 1      20  20
21  79  53  66   5   0   1    T  0.0    0  2.9 10  80   M    M   4 12     13  90
22  75  53  64   3   1   0 0.01  0.0    0  7.1 16 270   M    M   4 1      25 310
================================================================================
SM 1779 1276        29 133  1.91     0.0 113.6          M       84
================================================================================
AV 80.9 58.0                               5.2 FASTST   M    M   4    MAX(MPH)
                                 MISC ---->  # 23  60               # 30  320
================================================================================
NOTES:
# LAST OF SEVERAL OCCURRENCES

COLUMN 17 PEAK WIND IN M.P.H.

PRELIMINARY LOCAL CLIMATOLOGICAL DATA (WS FORM: F-6) , PAGE 2

                                          STATION:  ATHENS
                                          MONTH:    OCTOBER
                                          YEAR:     2019
                                          LATITUDE:   33 57 N
                                          LONGITUDE:  83 19 W

[TEMPERATURE DATA]      [PRECIPITATION DATA]       SYMBOLS USED IN COLUMN 16

AVERAGE MONTHLY: 69.4   TOTAL FOR MONTH:   1.91    1 = FOG OR MIST
DPTR FM NORMAL:   5.2   DPTR FM NORMAL:   -0.73    2 = FOG REDUCING VISIBILITY
HIGHEST:   100 ON  3    GRTST 24HR  1.42 ON 19-19      TO 1/4 MILE OR LESS
LOWEST:     43 ON 17                               3 = THUNDER
                        SNOW, ICE PELLETS, HAIL    4 = ICE PELLETS
                        TOTAL MONTH:   0.0 INCH    5 = HAIL
                        GRTST 24HR     0.0         6 = FREEZING RAIN OR DRIZZLE
                        GRTST DEPTH:   0           7 = DUSTSTORM OR SANDSTORM:
                                                       VSBY 1/2 MILE OR LESS
                                                   8 = SMOKE OR HAZE
[NO. OF DAYS WITH]      [WEATHER - DAYS WITH]      9 = BLOWING SNOW
                                                   X = TORNADO
MAX 32 OR BELOW:   0    0.01 INCH OR MORE:   5
MAX 90 OR ABOVE:   4    0.10 INCH OR MORE:   2
MIN 32 OR BELOW:   0    0.50 INCH OR MORE:   1
MIN  0 OR BELOW:   0    1.00 INCH OR MORE:   1

[HDD (BASE 65) ]
TOTAL THIS MO.    29    CLEAR  (SCALE 0-3)   9
DPTR FM NORMAL   -40    PTCLDY (SCALE 4-7)   9
TOTAL FM JUL 1    29    CLOUDY (SCALE 8-10)  4
DPTR FM NORMAL   -50

[CDD (BASE 65) ]
TOTAL THIS MO.   133
DPTR FM NORMAL    80    [PRESSURE DATA]
TOTAL FM JAN 1  2366    HIGHEST SLP M ON M
DPTR FM NORMAL   498    LOWEST  SLP 29.71 ON 20

[REMARKS]
