000
CXUS51 KCTP 210939
CF6BFD

PRELIMINARY LOCAL CLIMATOLOGICAL DATA (WS FORM: F-6)

                                          STATION:   BRADFORD
                                          MONTH:     OCTOBER
                                          YEAR:      2019
                                          LATITUDE:   41 47 N
                                          LONGITUDE:  78 38 W

  TEMPERATURE IN F:       :PCPN:    SNOW:  WIND      :SUNSHINE: SKY     :PK WND
================================================================================
1   2   3   4   5  6A  6B    7    8   9   10  11  12  13   14  15   16   17  18
                                     12Z  AVG MX 2MIN
DY MAX MIN AVG DEP HDD CDD  WTR  SNW DPTH SPD SPD DIR MIN PSBL S-S WX    SPD DR
================================================================================

 1  84  63  74  23   0   9 0.00    M    M  4.8 16 270   M    M   4 12     25 280
 2  79  52  66  15   0   1 0.10    M    M  6.9 15 330   M    M   6 1      20 280
 3  75  49  62  12   3   0 0.17    M    M  9.3 22 320   M    M   9 18     34 290
 4  55  39  47  -3  18   0 0.01    M    M  8.7 20 340   M    M  10 1      27 330
 5  58  34  46  -4  19   0 0.00    M    M 10.7 20 120   M    M   1        26 150
 6  67  50  59  10   6   0 0.27    M    M  8.7 17 210   M    M   8 1      24 190
 7  56  49  53   4  12   0 0.70    M    M  2.2  8 280   M    M   9 12     10 220
 8  63  39  51   2  14   0 0.00    M    M  3.0 14  40   M    M   4 12     18  40
 9  65  33  49   1  16   0 0.00    M    M  2.9 13 110   M    M   0 1      16 120
10  69  32  51   3  14   0 0.00    M    M  2.9 12 110   M    M   0 1      14 100
11  70  36  53   5  12   0 0.00    M    M  4.4 13 110   M    M   0 1      17 150
12  56  30  43  -5  22   0 0.08    M    M  5.5 16 300   M    M   5 1      20 240
13  62  27  45  -2  20   0 0.00    M    M  5.7 14 190   M    M   0 1      23 190
14  55  33  44  -3  21   0 0.00    M    M  5.7 18 270   M    M   4 1      28 270
15  62  27  45  -2  20   0 0.00    M    M  5.6 13 150   M    M   0 1      23 140
16  53  41  47   1  18   0 0.99    M    M  9.0 20 280   M    M   9 13     31 280
17  42  40  41  -5  24   0 0.18    M    M 17.7 29 310   M    M  10 1      41 290
18  49  29  39  -7  26   0 0.01    M    M  8.1 18 320   M    M   7 1      23 320
19  60  25  43  -3  22   0 0.00    M    M  3.5 12 120   M    M   1 12     15 120
20  67  41  54   9  11   0 0.00    M    M  3.3 10 190   M    M   0 1      13 150
================================================================================
SM 1247  769       298  10  2.51    M    128.6          M       87
================================================================================
AV 62.4 38.5                               6.4 FASTST   M    M   4    MAX(MPH)
                                 MISC ---->    29 310                 41 290
================================================================================
NOTES:
# LAST OF SEVERAL OCCURRENCES

COLUMN 17 PEAK WIND IN M.P.H.

PRELIMINARY LOCAL CLIMATOLOGICAL DATA (WS FORM: F-6) , PAGE 2

                                          STATION:   BRADFORD
                                          MONTH:     OCTOBER
                                          YEAR:      2019
                                          LATITUDE:   41 47 N
                                          LONGITUDE:  78 38 W

[TEMPERATURE DATA]      [PRECIPITATION DATA]       SYMBOLS USED IN COLUMN 16

AVERAGE MONTHLY: 50.4   TOTAL FOR MONTH:   2.51    1 = FOG OR MIST
DPTR FM NORMAL:   2.4   DPTR FM NORMAL:    0.24    2 = FOG REDUCING VISIBILITY
HIGHEST:    84 ON  1    GRTST 24HR  1.09 ON 16-17      TO 1/4 MILE OR LESS
LOWEST:     25 ON 19                               3 = THUNDER
                        SNOW, ICE PELLETS, HAIL    4 = ICE PELLETS
                        TOTAL MONTH:  M            5 = HAIL
                        GRTST 24HR    M  ON   M    6 = FREEZING RAIN OR DRIZZLE
                        GRTST DEPTH:  M  ON   M    7 = DUSTSTORM OR SANDSTORM:
                                                       VSBY 1/2 MILE OR LESS
                                                   8 = SMOKE OR HAZE
[NO. OF DAYS WITH]      [WEATHER - DAYS WITH]      9 = BLOWING SNOW
                                                   X = TORNADO
MAX 32 OR BELOW:   0    0.01 INCH OR MORE:   9
MAX 90 OR ABOVE:   0    0.10 INCH OR MORE:   6
MIN 32 OR BELOW:   6    0.50 INCH OR MORE:   2
MIN  0 OR BELOW:   0    1.00 INCH OR MORE:   0

[HDD (BASE 65) ]
TOTAL THIS MO.   298    CLEAR  (SCALE 0-3)   8
DPTR FM NORMAL    47    PTCLDY (SCALE 4-7)   7
TOTAL FM JUL 1   508    CLOUDY (SCALE 8-10)  5
DPTR FM NORMAL  -160

[CDD (BASE 65) ]
TOTAL THIS MO.    10
DPTR FM NORMAL    10    [PRESSURE DATA]
TOTAL FM JAN 1   283    HIGHEST SLP M ON M
DPTR FM NORMAL    91    LOWEST  SLP 29.48 ON 17

[REMARKS]
