000
CXUS54 KFWD 240730
CF6F46
PRELIMINARY LOCAL CLIMATOLOGICAL DATA (WS FORM: F-6)

                                          STATION:   ROCKWALL
                                          MONTH:     MAY
                                          YEAR:      2020
                                          LATITUDE:   32 55 N
                                          LONGITUDE:  96 26 W

  TEMPERATURE IN F:       :PCPN:    SNOW:  WIND      :SUNSHINE: SKY     :PK WND
================================================================================
1   2   3   4   5  6A  6B    7    8   9   10  11  12  13   14  15   16   17  18
                                     12Z  AVG MX 2MIN
DY MAX MIN AVG DEP HDD CDD  WTR  SNW DPTH SPD SPD DIR MIN PSBL S-S WX    SPD DR
================================================================================

 1  85  58  72   M   0   7 0.00  0.0    0 12.3 22 160   M    M   0        32 170
 2  86  64  75   M   0  10 0.00  0.0    0 14.2 21 170   M    M   2        32 170
 3  88  68  78   M   0  13 0.00  0.0    0 14.2 20 170   M    M   1        25 170
 4  90  69  80   M   0  15 0.00  0.0    0 13.2 23 170   M    M   3        29 170
 5  79  59  69   M   0   4 0.30  0.0    0  9.4 15 350   M    M   4 3      24 340
 6  80  53  67   M   0   2 0.00  0.0    0  3.8 12 360   M    M   0         M  M
 7  83  56  70   M   0   5 0.00  0.0    0 12.2 25 160   M    M   2        36 160
 8  73  54  64   M   1   0 0.27  0.0    0 13.8 27 180   M    M   6 3      33 180
 9  73  50  62   M   3   0 0.00  0.0    0  6.2 12  80   M    M   1        17  50
10  76  52  64   M   1   0 0.00  0.0    0  3.4  9  40   M    M   0         M  M
11  80  55  68   M   0   3 0.00  0.0    0  8.7 16 160   M    M   0        21  90
12  76  64  70   M   0   5 0.37  0.0    0  7.5 12 140   M    M   7 3      21 140
13  83  65  74   M   0   9 0.00  0.0    0  9.6 16 190   M    M   6        22 190
14  88  70  79   M   0  14 0.00  0.0    0  9.6 14 140   M    M   4        22 140
15  85  64  75   M   0  10 0.81  0.0    0 11.6 27  70   M    M   6 3      40  70
16  69  64  67   M   0   2 1.68  0.0    0  8.0 14 360   M    M  10 13     21 360
17  83  65  74   M   0   9 0.07  0.0    0  8.7 16 360   M    M   3        22 340
18  87  61  74   M   0   9 0.00  0.0    0  2.6  8 170   M    M   1         M  M
19  91  68  80   M   0  15 0.00  0.0    0  8.0 14  70   M    M   1        20  70
20  74  69  72   M   0   7 0.00  0.0    0  9.3 16 110   M    M  10        23 110
21  85  69  77   M   0  12    M  0.0    0  7.2 10 190   M    M   7 1       M  M
22  90  74  82   M   0  17 0.00  0.0    0 11.3 16 200   M    M   6        29 190
23  88  65  77   M   0  12 0.15  0.0    0 10.1 18 200   M    M   4 3      29 200
================================================================================
SM 1892 1436         5 180  3.65     0.0 214.9          M       84
================================================================================
AV 82.3 62.4                               9.3 FASTST   M    M   4    MAX(MPH)
                                 MISC ---->  # 27 180               # 40   70
================================================================================
NOTES:
# LAST OF SEVERAL OCCURRENCES

COLUMN 17 PEAK WIND IN M.P.H.

PRELIMINARY LOCAL CLIMATOLOGICAL DATA (WS FORM: F-6) , PAGE 2

                                          STATION:  ROCKWALL
                                          MONTH:    MAY
                                          YEAR:     2020
                                          LATITUDE:   32 55 N
                                          LONGITUDE:  96 26 W

[TEMPERATURE DATA]      [PRECIPITATION DATA]       SYMBOLS USED IN COLUMN 16

AVERAGE MONTHLY: 72.4   TOTAL FOR MONTH:   3.65    1 = FOG OR MIST
DPTR FM NORMAL:     M   DPTR FM NORMAL:       M    2 = FOG REDUCING VISIBILITY
HIGHEST:    91 ON 19    GRTST 24HR  1.68 ON 16-16      TO 1/4 MILE OR LESS
LOWEST:     50 ON  9                               3 = THUNDER
                        SNOW, ICE PELLETS, HAIL    4 = ICE PELLETS
                        TOTAL MONTH:   0.0 INCH    5 = HAIL
                        GRTST 24HR     0.0         6 = FREEZING RAIN OR DRIZZLE
                        GRTST DEPTH:   0           7 = DUSTSTORM OR SANDSTORM:
                                                       VSBY 1/2 MILE OR LESS
                                                   8 = SMOKE OR HAZE
[NO. OF DAYS WITH]      [WEATHER - DAYS WITH]      9 = BLOWING SNOW
                                                   X = TORNADO
MAX 32 OR BELOW:   0    0.01 INCH OR MORE:   7
MAX 90 OR ABOVE:   3    0.10 INCH OR MORE:   6
MIN 32 OR BELOW:   0    0.50 INCH OR MORE:   2
MIN  0 OR BELOW:   0    1.00 INCH OR MORE:   1

[HDD (BASE 65) ]
TOTAL THIS MO.     5    CLEAR  (SCALE 0-3)  11
DPTR FM NORMAL     M    PTCLDY (SCALE 4-7)  10
TOTAL FM JUL 1  2101    CLOUDY (SCALE 8-10)  2
DPTR FM NORMAL     M

[CDD (BASE 65) ]
TOTAL THIS MO.   180
DPTR FM NORMAL     M    [PRESSURE DATA]
TOTAL FM JAN 1   339    HIGHEST SLP M ON M
DPTR FM NORMAL     M    LOWEST  SLP M ON M

[REMARKS]
