000
CXUS54 KFWD 210730
CF6F46
PRELIMINARY LOCAL CLIMATOLOGICAL DATA (WS FORM: F-6)

                                          STATION:   ROCKWALL
                                          MONTH:     FEBRUARY
                                          YEAR:      2018
                                          LATITUDE:   32 55 N
                                          LONGITUDE:  96 26 W

  TEMPERATURE IN F:       :PCPN:    SNOW:  WIND      :SUNSHINE: SKY     :PK WND
================================================================================
1   2   3   4   5  6A  6B    7    8   9   10  11  12  13   14  15   16   17  18
                                     12Z  AVG MX 2MIN
DY MAX MIN AVG DEP HDD CDD  WTR  SNW DPTH SPD SPD DIR MIN PSBL S-S WX    SPD DR
================================================================================

 1  63  42  53   M  12   0 0.00  0.0    0 13.5 18  40   M    M   1        28  50
 2  53  31  42   M  23   0 0.00  0.0    0  7.2 13  40   M    M   1        20  40
 3  54  38  46   M  19   0 0.00  0.0    0  9.8 18 210   M    M   7 1      28 210
 4  63  33  48   M  17   0 0.00  0.0    0  8.0 18  50   M    M   5 1      28  50
 5  46  22  34   M  31   0 0.00  0.0    0  4.1 12  40   M    M   5        20  40
 6  44  32  38   M  27   0 0.37  0.0    0  7.4 15  10   M    M   8 13     18  10
 7  44  29  37   M  28   0 0.00  0.0    0  5.4 10  50   M    M   5 1      17  50
 8  58  29  44   M  21   0 0.00  0.0    0  3.9  9 150   M    M   0 1      18 150
 9  64  42  53   M  12   0 0.00  0.0    0  9.4 15 210   M    M  10        23 180
10  60  29  45   M  20   0 0.00  0.0    0 10.3 16 360   M    M  10 1      24 340
11  39  26  33   M  32   0    M    M    0  9.7 15 360   M    M   6         M  M
12  46  26  36   M  29   0 0.00  0.0    0  5.6 10 120   M    M   4        22  90
13  43  37  40   M  25   0 0.05  0.0    0  4.8  8 100   M    M  10 1       M  M
14  64  43  54   M  11   0 0.00  0.0    0 11.4 20 200   M    M  10 1      28 200
15  77  64  71   M   0   6 0.00  0.0    0 18.9 23 230   M    M   7        35 210
16  68  44  56   M   9   0    T  0.0    0 12.4 17  40   M    M   7        29  40
17  60  41  51   M  14   0 0.29  0.0    0  5.0 13 290   M    M   6 1      17 310
18  64  42  53   M  12   0 0.12  0.0    0  7.1 21 150   M    M   8 1      28 150
19  76  64  70   M   0   5 0.01  0.0    0 16.5 28 210   M    M   9 3      38 200
20  71  38  55   M  10   0 1.84  0.0    0 12.7 21 180   M    M  10 3      31 190
================================================================================
SM 1157  752       352  11  2.68     0.0 183.1          M      129
================================================================================
AV 57.9 37.6                               9.2 FASTST   M    M   6    MAX(MPH)
                                 MISC ---->    28   M               # 38  200
================================================================================
NOTES:
# LAST OF SEVERAL OCCURRENCES

COLUMN 17 PEAK WIND IN M.P.H.

PRELIMINARY LOCAL CLIMATOLOGICAL DATA (WS FORM: F-6) , PAGE 2

                                          STATION:  ROCKWALL
                                          MONTH:    FEBRUARY
                                          YEAR:     2018
                                          LATITUDE:   32 55 N
                                          LONGITUDE:  96 26 W

[TEMPERATURE DATA]      [PRECIPITATION DATA]       SYMBOLS USED IN COLUMN 16

AVERAGE MONTHLY: 47.7   TOTAL FOR MONTH:   2.68    1 = FOG OR MIST
DPTR FM NORMAL:     M   DPTR FM NORMAL:       M    2 = FOG REDUCING VISIBILITY
HIGHEST:    77 ON 15    GRTST 24HR  1.84 ON 20-20      TO 1/4 MILE OR LESS
LOWEST:     22 ON  5                               3 = THUNDER
                        SNOW, ICE PELLETS, HAIL    4 = ICE PELLETS
                        TOTAL MONTH:   0.0 INCH    5 = HAIL
                        GRTST 24HR     0.0         6 = FREEZING RAIN OR DRIZZLE
                        GRTST DEPTH:   0           7 = DUSTSTORM OR SANDSTORM:
                                                       VSBY 1/2 MILE OR LESS
                                                   8 = SMOKE OR HAZE
[NO. OF DAYS WITH]      [WEATHER - DAYS WITH]      9 = BLOWING SNOW
                                                   X = TORNADO
MAX 32 OR BELOW:   0    0.01 INCH OR MORE:   6
MAX 90 OR ABOVE:   0    0.10 INCH OR MORE:   4
MIN 32 OR BELOW:   8    0.50 INCH OR MORE:   1
MIN  0 OR BELOW:   0    1.00 INCH OR MORE:   1

[HDD (BASE 65) ]
TOTAL THIS MO.   352    CLEAR  (SCALE 0-3)   3
DPTR FM NORMAL     M    PTCLDY (SCALE 4-7)  11
TOTAL FM JUL 1  1814    CLOUDY (SCALE 8-10)  6
DPTR FM NORMAL     M

[CDD (BASE 65) ]
TOTAL THIS MO.    11
DPTR FM NORMAL     M    [PRESSURE DATA]
TOTAL FM JAN 1    11    HIGHEST SLP M ON M
DPTR FM NORMAL     M    LOWEST  SLP M ON M

[REMARKS]
