000
CXUS54 KFWD 230730
CF6F46
PRELIMINARY LOCAL CLIMATOLOGICAL DATA (WS FORM: F-6)

                                          STATION:   ROCKWALL
                                          MONTH:     JANUARY
                                          YEAR:      2019
                                          LATITUDE:   32 55 N
                                          LONGITUDE:  96 26 W

  TEMPERATURE IN F:       :PCPN:    SNOW:  WIND      :SUNSHINE: SKY     :PK WND
================================================================================
1   2   3   4   5  6A  6B    7    8   9   10  11  12  13   14  15   16   17  18
                                     12Z  AVG MX 2MIN
DY MAX MIN AVG DEP HDD CDD  WTR  SNW DPTH SPD SPD DIR MIN PSBL S-S WX    SPD DR
================================================================================

 1  46  38  42   M  23   0 0.00  0.0    0  9.8 16 360   M    M   8        22 360
 2  43  35  39   M  26   0 0.56  0.0    0  8.4 16 320   M    M  10 1      20 320
 3  44  39  42   M  23   0 0.50    M    0  7.5 14 280   M    M  10 13     17 280
 4  60  40  50   M  15   0 0.00  0.0    0  6.6 12 300   M    M   4        17 300
 5  73  41  57   M   8   0 0.00  0.0    0  5.1  9 170   M    M   0         M  M
 6  71  47  59   M   6   0 0.00  0.0    0 11.0 24 180   M    M   1        28 170
 7  78  57  68   M   0   3    T  0.0    0 10.6 16 190   M    M   4        24 190
 8  70  49  60   M   5   0 0.00  0.0    0  9.4 18  30   M    M   0        29  40
 9  62  43  53   M  12   0 0.00  0.0    0  6.1 10  60   M    M   0        20  60
10  53  38  46   M  19   0 0.00  0.0    0  4.8  9 120   M    M   8         M  M
11  57  47  52   M  13   0 0.18  0.0    0  6.9 13 150   M    M  10        18 150
12  57  45  51   M  14   0 0.00  0.0    0 12.7 21 300   M    M   8 1      25 300
13  45  39  42   M  23   0 0.00  0.0    0  9.3 15 330   M    M  10        18 320
14  47  37  42   M  23   0 0.00  0.0    0  2.9  7 360   M    M   6         M  M
15  51  36  44   M  21   0 0.00  0.0    0  4.3  9 190   M    M   9 1       M  M
16  61  48  55   M  10   0 0.00  0.0    0 10.1 17 180   M    M  10 1      24 190
17  63  46  55   M  10   0 0.00  0.0    0  8.8 17 200   M    M   4 1      25 200
18  67  46  57   M   8   0 0.20    M    0 10.9 20 180   M    M   5 13     27 190
19  64  33  49   M  16   0 0.00  0.0    0 20.1 31 320   M    M   8        40 310
20  49  28  39   M  26   0 0.00  0.0    0  4.4 10 360   M    M   0        20 360
21  60  37  49   M  16   0 0.00  0.0    0 10.6 17 150   M    M   0        28 160
22  65  40  53   M  12   0 0.10    M    0 12.9 24 310   M    M  10        32 300
================================================================================
SM 1286  909       329   3  1.54     0.0 193.2          M      125
================================================================================
AV 58.5 41.3                               8.8 FASTST   M    M   6    MAX(MPH)
                                 MISC ---->  # 31 320               # 40  310
================================================================================
NOTES:
# LAST OF SEVERAL OCCURRENCES

COLUMN 17 PEAK WIND IN M.P.H.

PRELIMINARY LOCAL CLIMATOLOGICAL DATA (WS FORM: F-6) , PAGE 2

                                          STATION:  ROCKWALL
                                          MONTH:    JANUARY
                                          YEAR:     2019
                                          LATITUDE:   32 55 N
                                          LONGITUDE:  96 26 W

[TEMPERATURE DATA]      [PRECIPITATION DATA]       SYMBOLS USED IN COLUMN 16

AVERAGE MONTHLY: 49.9   TOTAL FOR MONTH:   1.54    1 = FOG OR MIST
DPTR FM NORMAL:     M   DPTR FM NORMAL:       M    2 = FOG REDUCING VISIBILITY
HIGHEST:    78 ON  7    GRTST 24HR  0.56 ON  2- 2      TO 1/4 MILE OR LESS
LOWEST:     28 ON 20                               3 = THUNDER
                        SNOW, ICE PELLETS, HAIL    4 = ICE PELLETS
                        TOTAL MONTH:   0.0 INCH    5 = HAIL
                        GRTST 24HR     0.0         6 = FREEZING RAIN OR DRIZZLE
                        GRTST DEPTH:   0           7 = DUSTSTORM OR SANDSTORM:
                                                       VSBY 1/2 MILE OR LESS
                                                   8 = SMOKE OR HAZE
[NO. OF DAYS WITH]      [WEATHER - DAYS WITH]      9 = BLOWING SNOW
                                                   X = TORNADO
MAX 32 OR BELOW:   0    0.01 INCH OR MORE:   5
MAX 90 OR ABOVE:   0    0.10 INCH OR MORE:   5
MIN 32 OR BELOW:   1    0.50 INCH OR MORE:   2
MIN  0 OR BELOW:   0    1.00 INCH OR MORE:   0

[HDD (BASE 65) ]
TOTAL THIS MO.   329    CLEAR  (SCALE 0-3)   6
DPTR FM NORMAL     M    PTCLDY (SCALE 4-7)   9
TOTAL FM JUL 1  1015    CLOUDY (SCALE 8-10)  7
DPTR FM NORMAL     M

[CDD (BASE 65) ]
TOTAL THIS MO.     3
DPTR FM NORMAL     M    [PRESSURE DATA]
TOTAL FM JAN 1     3    HIGHEST SLP M ON M
DPTR FM NORMAL     M    LOWEST  SLP M ON M

[REMARKS]
