344
CXUS54 KFWD 270732
CF6F46
PRELIMINARY LOCAL CLIMATOLOGICAL DATA (WS FORM: F-6)

                                          STATION:   ROCKWALL
                                          MONTH:     MAY
                                          YEAR:      2024
                                          LATITUDE:   32 55 N
                                          LONGITUDE:  96 26 W

  TEMPERATURE IN F:       :PCPN:    SNOW:  WIND      :SUNSHINE: SKY     :PK WND
================================================================================
1   2   3   4   5  6A  6B    7    8   9   10  11  12  13   14  15   16   17  18
                                     12Z  AVG MX 2MIN
DY MAX MIN AVG DEP HDD CDD  WTR  SNW DPTH SPD SPD DIR MIN PSBL S-S WX    SPD DR
================================================================================

 1  82  65  74   M   0   9    M    M    M  8.1 13 170   M    M   5        21 170
 2  81  64  73   M   0   8 0.57    M    M  7.1 12 160   M    M   7        20 160
 3  84  67  76   M   0  11 0.00    M    M  7.1 13 190   M    M   4        21  90
 4  83  65  74   M   0   9 0.16    M    M  5.1  8 130   M    M   7 3      17  90
 5  80  65  73   M   0   8 1.09    M    M  6.0 20 200   M    M   7 3      29 200
 6  81  69  75   M   0  10 0.00    M    M  9.3 15 170   M    M   7        26 160
 7  88  73  81   M   0  16 0.00    M    M  9.6 15 210   M    M   4        25 210
 8  88  69  79   M   0  14    M    M    M 12.0 20 200   M    M   7 13     25 180
 9  82  63  73   M   0   8 0.00    M    M  6.7 17  20   M    M   6        25  20
10  81  62  72   M   0   7 0.00    M    M  8.0 15  50   M    M   1        22  50
11  79  62  71   M   0   6 0.02    M    M  5.6 10 110   M    M   4        16 110
12  67  63  65   M   0   0 0.47    M    M  5.9 12 130   M    M   8 3      18 130
13  80  63  72   M   0   7 0.00    M    M  2.6  9 220   M    M   7 1       M   M
14  83  62  73   M   0   8 0.00    M    M  5.0 14 330   M    M   0        20 330
15  88  65  77   M   0  12 0.00    M    M  6.0 13 160   M    M   0        20 150
16  75  63  69   M   0   4 0.33    M    M  7.2 17 170   M    M   4 3      25 170
17  83  61  72   M   0   7 0.00    M    M  4.3  9 280   M    M   2         M   M
18  89  66  78   M   0  13 0.00    M    M  6.1 13 200   M    M   1         9 200
19  89  71  80   M   0  15 0.00    M    M  7.4 13 170   M    M   1        18 140
20  89  71  80   M   0  15 0.00    M    M  8.9 16 180   M    M   0        23 170
21  87  73  80   M   0  15 0.01    M    M 10.4 18 200   M    M   6 3      24 190
22  83  70  77   M   0  12 0.15    M    M  8.2 14  60   M    M   6 3      25  80
23  88  70  79   M   0  14 0.00    M    M  8.2 17 190   M    M   4        23 170
24  89  71  80   M   0  15 0.00    M    M 12.3 18 190   M    M   8 3      25 180
25  89  69  79   M   0  14 0.00    M    M  6.9 17 170   M    M   7        23 170
26  94  75  85   M   0  20 0.01    M    M 12.7 25 180   M    M   1        32 180
================================================================================
SM 2182 1737         0 277  2.81    M    196.7          M      114
================================================================================
AV 83.9 66.8                               7.6 FASTST   M    M   4    MAX(MPH)
                                 MISC ---->    25 180                 32 180
================================================================================
NOTES:
# LAST OF SEVERAL OCCURRENCES

COLUMN 17 PEAK WIND IN M.P.H.

PRELIMINARY LOCAL CLIMATOLOGICAL DATA (WS FORM: F-6) , PAGE 2

                                          STATION:   ROCKWALL
                                          MONTH:     MAY
                                          YEAR:      2024
                                          LATITUDE:   32 55 N
                                          LONGITUDE:  96 26 W

[TEMPERATURE DATA]      [PRECIPITATION DATA]       SYMBOLS USED IN COLUMN 16

AVERAGE MONTHLY: 75.4   TOTAL FOR MONTH:   2.81    1 = FOG OR MIST
DPTR FM NORMAL:   0.0   DPTR FM NORMAL:    2.81    2 = FOG REDUCING VISIBILITY
HIGHEST:    94 ON 26    GRTST 24HR  1.09 ON  5- 5      TO 1/4 MILE OR LESS
LOWEST:     61 ON 17                               3 = THUNDER
                        SNOW, ICE PELLETS, HAIL    4 = ICE PELLETS
                        TOTAL MONTH:  M            5 = HAIL
                        GRTST 24HR    M  ON   M    6 = FREEZING RAIN OR DRIZZLE
                        GRTST DEPTH:  M  ON   M    7 = DUSTSTORM OR SANDSTORM:
                                                       VSBY 1/2 MILE OR LESS
                                                   8 = SMOKE OR HAZE
[NO. OF DAYS WITH]      [WEATHER - DAYS WITH]      9 = BLOWING SNOW
                                                   X = TORNADO
MAX 32 OR BELOW:   0    0.01 INCH OR MORE:   9
MAX 90 OR ABOVE:   1    0.10 INCH OR MORE:   6
MIN 32 OR BELOW:   0    0.50 INCH OR MORE:   2
MIN  0 OR BELOW:   0    1.00 INCH OR MORE:   1

[HDD (BASE 65) ]
TOTAL THIS MO.     0    CLEAR  (SCALE 0-3)   8
DPTR FM NORMAL     M    PTCLDY (SCALE 4-7)  17
TOTAL FM JUL 1  1777    CLOUDY (SCALE 8-10)  1
DPTR FM NORMAL     M

[CDD (BASE 65) ]
TOTAL THIS MO.   277
DPTR FM NORMAL     M    [PRESSURE DATA]
TOTAL FM JAN 1   480    HIGHEST SLP M ON M
DPTR FM NORMAL     M    LOWEST  SLP M ON M

[REMARKS]