000
CXUS54 KSHV 181500
CF6MLU
PRELIMINARY LOCAL CLIMATOLOGICAL DATA (WS FORM: F-6)

                                          STATION:   MONROE
                                          MONTH:     NOVEMBER
                                          YEAR:      2018
                                          LATITUDE:   32 30 N
                                          LONGITUDE:  92  2 W

  TEMPERATURE IN F:       :PCPN:    SNOW:  WIND      :SUNSHINE: SKY     :PK WND
================================================================================
1   2   3   4   5  6A  6B    7    8   9   10  11  12  13   14  15   16   17  18
                                     12Z  AVG MX 2MIN
DY MAX MIN AVG DEP HDD CDD  WTR  SNW DPTH SPD SPD DIR MIN PSBL S-S WX    SPD DR
================================================================================

 1  67  50  59  -2   6   0 0.41  0.0    0 11.9 21 290   M    M  10 138    27 290
 2  69  44  57  -4   8   0 0.00  0.0    0  5.5 20 270   M    M   1 1      24 250
 3  75  45  60   0   5   0 0.00  0.0    0  6.6 17 200   M    M   0 1      23 200
 4  68  49  59  -1   6   0 0.52  0.0    0  4.7 21 310   M    M   6 12     24 300
 5  74  52  63   3   2   0 1.82  0.0    0  7.1 16 250   M    M   9 12     24 170
 6  76  59  68   8   0   3 0.00  0.0    0  5.3 14  80   M    M   2 12     19  80
 7  66  55  61   2   4   0 0.13  0.0    0  7.8 26 340   M    M  10 123    37 320
 8  58  53  56  -3   9   0 2.18  0.0    0  8.7 17  40   M    M  10 13     21  50
 9  54  42  48 -11  17   0 0.60  0.0    0  9.8 20  10   M    M   7 13     25  20
10  49  36  43 -15  22   0 0.00  0.0    0  9.4 17  30   M    M   1        22 360
11  54  41  48 -10  17   0 0.36  0.0    0  4.8 12  60   M    M  10 1      15  50
12  53  42  48 -10  17   0 2.87  0.0    0 11.8 21 360   M    M  10 13     28  10
13  42  37  40 -17  25   0 0.01  0.0    0 11.7 21 350   M    M   9 1      26 360
14  38  29  34 -23  31   0 0.03  0.4    T  6.5 16  10   M    M   7 1      22  10
15  54  26  40 -17  25   0 0.00  0.0    0  3.0 12 260   M    M   1 12     16 250
16  70  32  51  -5  14   0 0.00  0.0    0  3.5 12 200   M    M   0        16 220
17  67  37  52  -4  13   0 0.00  0.0    0  2.9  8 150   M    M   0 1      12 160
================================================================================
SM 1034  729       221   3  8.93     0.4 121.0          M       93
================================================================================
AV 60.8 42.9                               7.1 FASTST   M    M   5    MAX(MPH)
                                 MISC ---->  # 26 340               # 37  320
================================================================================
NOTES:
# LAST OF SEVERAL OCCURRENCES

COLUMN 17 PEAK WIND IN M.P.H.

PRELIMINARY LOCAL CLIMATOLOGICAL DATA (WS FORM: F-6) , PAGE 2

                                          STATION:  MONROE
                                          MONTH:    NOVEMBER
                                          YEAR:     2018
                                          LATITUDE:   32 30 N
                                          LONGITUDE:  92  2 W

[TEMPERATURE DATA]      [PRECIPITATION DATA]       SYMBOLS USED IN COLUMN 16

AVERAGE MONTHLY: 51.9   TOTAL FOR MONTH:   8.93    1 = FOG OR MIST
DPTR FM NORMAL:  -6.7   DPTR FM NORMAL:    6.31    2 = FOG REDUCING VISIBILITY
HIGHEST:    76 ON  6    GRTST 24HR  2.87 ON 12-12      TO 1/4 MILE OR LESS
LOWEST:     26 ON 15                               3 = THUNDER
                        SNOW, ICE PELLETS, HAIL    4 = ICE PELLETS
                        TOTAL MONTH:   0.4 INCH    5 = HAIL
                        GRTST 24HR   0.4 ON 14-14  6 = FREEZING RAIN OR DRIZZLE
                        GRTST DEPTH:   T           7 = DUSTSTORM OR SANDSTORM:
                                                       VSBY 1/2 MILE OR LESS
                                                   8 = SMOKE OR HAZE
[NO. OF DAYS WITH]      [WEATHER - DAYS WITH]      9 = BLOWING SNOW
                                                   X = TORNADO
MAX 32 OR BELOW:   0    0.01 INCH OR MORE:  10
MAX 90 OR ABOVE:   0    0.10 INCH OR MORE:   8
MIN 32 OR BELOW:   3    0.50 INCH OR MORE:   5
MIN  0 OR BELOW:   0    1.00 INCH OR MORE:   3

[HDD (BASE 65) ]
TOTAL THIS MO.   221    CLEAR  (SCALE 0-3)   7
DPTR FM NORMAL    93    PTCLDY (SCALE 4-7)   3
TOTAL FM JUL 1   290    CLOUDY (SCALE 8-10)  7
DPTR FM NORMAL    72

[CDD (BASE 65) ]
TOTAL THIS MO.     3
DPTR FM NORMAL   -16    [PRESSURE DATA]
TOTAL FM JAN 1  2909    HIGHEST SLP M ON M
DPTR FM NORMAL   406    LOWEST  SLP 29.63 ON  1

[REMARKS]
