000
CXUS54 KSHV 171500
CF6MLU
PRELIMINARY LOCAL CLIMATOLOGICAL DATA (WS FORM: F-6)

                                          STATION:   MONROE
                                          MONTH:     OCTOBER
                                          YEAR:      2019
                                          LATITUDE:   32 30 N
                                          LONGITUDE:  92  2 W

  TEMPERATURE IN F:       :PCPN:    SNOW:  WIND      :SUNSHINE: SKY     :PK WND
================================================================================
1   2   3   4   5  6A  6B    7    8   9   10  11  12  13   14  15   16   17  18
                                     12Z  AVG MX 2MIN
DY MAX MIN AVG DEP HDD CDD  WTR  SNW DPTH SPD SPD DIR MIN PSBL S-S WX    SPD DR
================================================================================

 1  96  67  82  11   0  17 0.00  0.0    0  2.3 14 190   M    M   1 1      20 140
 2  99  69  84  13   0  19 0.00  0.0    0  1.7 12 350   M    M   1 8      13 320
 3  98  73  86  16   0  21 0.32  0.0    0  4.2 17 350   M    M   4 138    20 320
 4  86  70  78   8   0  13 0.01  0.0    0  6.5 16  30   M    M   2 138    24  80
 5  94  65  80  10   0  15 0.00  0.0    0  2.8  8 350   M    M   0        12 330
 6  94  70  82  13   0  17 0.00  0.0    0  3.6 13 210   M    M   1        16 200
 7  77  63  70   1   0   5 0.94  0.0    0  9.2 24  30   M    M   8 13     30  10
 8  81  56  69   0   0   4 0.00  0.0    0  5.8 13  60   M    M   1        17  50
 9  86  57  72   4   0   7 0.00  0.0    0  1.8  9 180   M    M   1 1      13 170
10  91  64  78  10   0  13 0.00  0.0    0  4.4 15 210   M    M   1 18     21 200
11  83  52  68   0   0   3 0.15  0.0    0  9.4 25 290   M    M   7 13     33 260
12  69  47  58  -9   7   0 0.00  0.0    0  6.7 18  30   M    M   0        23  40
13  69  48  59  -8   6   0 0.01    M    0  1.8 10 360   M    M   8        12 360
14  74  61  68   1   0   3 0.12  0.0    0  2.8  8  80   M    M   9 1      10 110
15  73  67  70   4   0   5 2.41  0.0    0  4.6 14  40   M    M  10 13     18  30
16  70  48  59  -7   6   0 0.04    M    0  8.7 26  20   M    M   4 138    36  20
================================================================================
SM 1340  977        19 142  4.00     0.0  76.3          M       58
================================================================================
AV 83.8 61.1                               4.8 FASTST   M    M   4    MAX(MPH)
                                 MISC ---->  # 26  20               # 36   20
================================================================================
NOTES:
# LAST OF SEVERAL OCCURRENCES

COLUMN 17 PEAK WIND IN M.P.H.

PRELIMINARY LOCAL CLIMATOLOGICAL DATA (WS FORM: F-6) , PAGE 2

                                          STATION:  MONROE
                                          MONTH:    OCTOBER
                                          YEAR:     2019
                                          LATITUDE:   32 30 N
                                          LONGITUDE:  92  2 W

[TEMPERATURE DATA]      [PRECIPITATION DATA]       SYMBOLS USED IN COLUMN 16

AVERAGE MONTHLY: 72.4   TOTAL FOR MONTH:   4.00    1 = FOG OR MIST
DPTR FM NORMAL:   3.9   DPTR FM NORMAL:    1.65    2 = FOG REDUCING VISIBILITY
HIGHEST:    99 ON  2    GRTST 24HR  2.41 ON 15-15      TO 1/4 MILE OR LESS
LOWEST:     47 ON 12                               3 = THUNDER
                        SNOW, ICE PELLETS, HAIL    4 = ICE PELLETS
                        TOTAL MONTH:   0.0 INCH    5 = HAIL
                        GRTST 24HR     0.0         6 = FREEZING RAIN OR DRIZZLE
                        GRTST DEPTH:   0           7 = DUSTSTORM OR SANDSTORM:
                                                       VSBY 1/2 MILE OR LESS
                                                   8 = SMOKE OR HAZE
[NO. OF DAYS WITH]      [WEATHER - DAYS WITH]      9 = BLOWING SNOW
                                                   X = TORNADO
MAX 32 OR BELOW:   0    0.01 INCH OR MORE:   8
MAX 90 OR ABOVE:   6    0.10 INCH OR MORE:   5
MIN 32 OR BELOW:   0    0.50 INCH OR MORE:   2
MIN  0 OR BELOW:   0    1.00 INCH OR MORE:   1

[HDD (BASE 65) ]
TOTAL THIS MO.    19    CLEAR  (SCALE 0-3)   9
DPTR FM NORMAL    -6    PTCLDY (SCALE 4-7)   5
TOTAL FM JUL 1    19    CLOUDY (SCALE 8-10)  2
DPTR FM NORMAL   -12

[CDD (BASE 65) ]
TOTAL THIS MO.   142
DPTR FM NORMAL    60    [PRESSURE DATA]
TOTAL FM JAN 1  2741    HIGHEST SLP M ON M
DPTR FM NORMAL   295    LOWEST  SLP 29.80 ON 10

[REMARKS]
