000
CXUS51 KAKQ 190633
CF6OXB
PRELIMINARY LOCAL CLIMATOLOGICAL DATA (WS FORM: F-6)

                                          STATION:   OCEAN_CITY
                                          MONTH:     SEPTEMBER
                                          YEAR:      2018
                                          LATITUDE:   38 18 N
                                          LONGITUDE:  75  7 W

  TEMPERATURE IN F:       :PCPN:    SNOW:  WIND      :SUNSHINE: SKY     :PK WND
================================================================================
1   2   3   4   5  6A  6B    7    8   9   10  11  12  13   14  15   16   17  18
                                     12Z  AVG MX 2MIN
DY MAX MIN AVG DEP HDD CDD  WTR  SNW DPTH SPD SPD DIR MIN PSBL S-S WX    SPD DR
================================================================================

 1  82  74  78   5   0  13 0.05  0.0    0  6.2 15 120   M    M   5 13     18 120
 2  84  74  79   7   0  14 0.02  0.0    0  4.6 12 120   M    M   3 13     15 110
 3  84  71  78   6   0  13 0.00  0.0    0  3.7 12 160   M    M   2 1      16 160
 4  87  71  79   7   0  14 0.00  0.0    0  2.4  8 210   M    M   0 13     11 140
 5  88  74  81   9   0  16 0.00  0.0    0  4.6  9 140   M    M   2 1      12 130
 6  89  71  80   9   0  15 0.00  0.0    0  5.2 10 190   M    M   1 12     17 200
 7  86  72  79   8   0  14    T  0.0    0  3.9 14 350   M    M   2 13     16 340
 8  80  69  75   4   0  10 1.34  0.0    0 10.9 23  70   M    M   9 123    33  50
 9   M   M   M   M   M   M 0.08    M    0 20.6 28  90   M    M  10 1      44 100
10  77  69  73   3   0   8 0.03  0.0    0  9.6 29  90   M    M  10 1      39  80
11  83  73  78   8   0  13 0.00  0.0    0  3.4  9 190   M    M   5 123    13 170
12  83  71  77   7   0  12 0.00  0.0    0  6.9 13  80   M    M   6 128    18  70
13  77  73  75   5   0  10    T  0.0    0 12.8 18  60   M    M  10 18     28  60
14  77  73  75   6   0  10 0.03  0.0    0 11.8 18  80   M    M   8 18     29  70
15  76  71  74   5   0   9 0.00  0.0    0 12.1 17  50   M    M   9        24  50
16  78  73  76   7   0  11 0.00  0.0    0 10.4 16  60   M    M   7        21  80
17  82  75  79  11   0  14    T  0.0    0  8.1 13 200   M    M   4        22 200
18  86  71  79  11   0  14 0.81  0.0    0 10.3 17 220   M    M   8 13     26 190
================================================================================
SM 1399 1225         0 210  2.36     0.0 147.5          M      101
================================================================================
AV 82.3 72.1                               8.2 FASTST   M    M   6    MAX(MPH)
                                 MISC ---->  # 29  90               # 44  100
================================================================================
NOTES:
# LAST OF SEVERAL OCCURRENCES

COLUMN 17 PEAK WIND IN M.P.H.

PRELIMINARY LOCAL CLIMATOLOGICAL DATA (WS FORM: F-6) , PAGE 2

                                          STATION:  OCEAN_CITY
                                          MONTH:    SEPTEMBER
                                          YEAR:     2018
                                          LATITUDE:   38 18 N
                                          LONGITUDE:  75  7 W

[TEMPERATURE DATA]      [PRECIPITATION DATA]       SYMBOLS USED IN COLUMN 16

AVERAGE MONTHLY: 77.2   TOTAL FOR MONTH:   2.36    1 = FOG OR MIST
DPTR FM NORMAL:   6.7   DPTR FM NORMAL:    0.20    2 = FOG REDUCING VISIBILITY
HIGHEST:    89 ON  6    GRTST 24HR  1.34 ON  8- 8      TO 1/4 MILE OR LESS
LOWEST:     69 ON 10, 8                            3 = THUNDER
                        SNOW, ICE PELLETS, HAIL    4 = ICE PELLETS
                        TOTAL MONTH:   0.0 INCH    5 = HAIL
                        GRTST 24HR     0.0         6 = FREEZING RAIN OR DRIZZLE
                        GRTST DEPTH:   0           7 = DUSTSTORM OR SANDSTORM:
                                                       VSBY 1/2 MILE OR LESS
                                                   8 = SMOKE OR HAZE
[NO. OF DAYS WITH]      [WEATHER - DAYS WITH]      9 = BLOWING SNOW
                                                   X = TORNADO
MAX 32 OR BELOW:   0    0.01 INCH OR MORE:   7
MAX 90 OR ABOVE:   0    0.10 INCH OR MORE:   2
MIN 32 OR BELOW:   0    0.50 INCH OR MORE:   2
MIN  0 OR BELOW:   0    1.00 INCH OR MORE:   1

[HDD (BASE 65) ]
TOTAL THIS MO.     0    CLEAR  (SCALE 0-3)   5
DPTR FM NORMAL    -6    PTCLDY (SCALE 4-7)   7
TOTAL FM JUL 1     1    CLOUDY (SCALE 8-10)  6
DPTR FM NORMAL    -5

[CDD (BASE 65) ]
TOTAL THIS MO.   210
DPTR FM NORMAL   105    [PRESSURE DATA]
TOTAL FM JAN 1  1270    HIGHEST SLP M ON M
DPTR FM NORMAL   254    LOWEST  SLP 29.73 ON 18

[REMARKS]
