000
CXUS51 KAKQ 210633
CF6OXB
PRELIMINARY LOCAL CLIMATOLOGICAL DATA (WS FORM: F-6)

                                          STATION:   OCEAN_CITY
                                          MONTH:     JUNE
                                          YEAR:      2018
                                          LATITUDE:   38 18 N
                                          LONGITUDE:  75  7 W

  TEMPERATURE IN F:       :PCPN:    SNOW:  WIND      :SUNSHINE: SKY     :PK WND
================================================================================
1   2   3   4   5  6A  6B    7    8   9   10  11  12  13   14  15   16   17  18
                                     12Z  AVG MX 2MIN
DY MAX MIN AVG DEP HDD CDD  WTR  SNW DPTH SPD SPD DIR MIN PSBL S-S WX    SPD DR
================================================================================

 1  86  69  78  11   0  13 0.00  0.0    0  5.7 13 190   M    M   2 1      19 180
 2  81  70  76   9   0  11    T  0.0    0  3.9 10  60   M    M   2 123    15  80
 3  70  61  66  -1   0   1 0.62  0.0    0 14.2 28 100   M    M  10 123    37 100
 4  76  57  67  -1   0   2 0.24  0.0    0  8.6 18 340   M    M   4 1      25 340
 5  80  56  68   0   0   3 0.04  0.0    0  8.5 18 250   M    M   2        24 280
 6  69  61  65  -3   0   0 0.00  0.0    0  8.7 17  50   M    M   4        21  60
 7  68  60  64  -5   1   0 0.00  0.0    0  5.8 12 100   M    M   4        14 120
 8  74  60  67  -2   0   2 0.00  0.0    0  6.5 14 220   M    M   1        21 220
 9  76  66  71   2   0   6 3.21  0.0    0  6.4 20  80   M    M   6 13     26  90
10  72  65  69  -1   0   4 0.66  0.0    0  6.2 14 110   M    M   8 12     19 120
11  68  58  63  -7   2   0 0.34  0.0    0 11.3 23  60   M    M   8 1      35  60
12  71  60  66  -5   0   1    T  0.0    0  6.8 13  90   M    M   3        17  90
13  82  66  74   3   0   9 0.04  0.0    0  7.9 16 240   M    M   6 1      22 190
14  83  68  76   5   0  11 0.00  0.0    0  8.9 18 310   M    M   1        26 300
15  77  58  68  -3   0   3    T  0.0    0  5.3 12 330   M    M   0        14 330
16  80  54  67  -5   0   2 0.00  0.0    0  5.3 12 220   M    M   0        18 210
17  79  68  74   2   0   9    T  0.0    0  4.9 10 230   M    M   1        13 130
18  80  70  75   3   0  10 0.00  0.0    0  4.2 12 240   M    M   4 12     16 240
19  91  75  83  10   0  18    T  0.0    0  7.0 15  70   M    M   4        19 300
20  79  72  76   3   0  11    T  0.0    0  5.6 12 210   M    M   5 1      17 160
================================================================================
SM 1542 1274         3 116  5.15     0.0 141.7          M       75
================================================================================
AV 77.1 63.7                               7.1 FASTST   M    M   4    MAX(MPH)
                                 MISC ---->  # 28 100               # 37  100
================================================================================
NOTES:
# LAST OF SEVERAL OCCURRENCES

COLUMN 17 PEAK WIND IN M.P.H.

PRELIMINARY LOCAL CLIMATOLOGICAL DATA (WS FORM: F-6) , PAGE 2

                                          STATION:  OCEAN_CITY
                                          MONTH:    JUNE
                                          YEAR:     2018
                                          LATITUDE:   38 18 N
                                          LONGITUDE:  75  7 W

[TEMPERATURE DATA]      [PRECIPITATION DATA]       SYMBOLS USED IN COLUMN 16

AVERAGE MONTHLY: 70.4   TOTAL FOR MONTH:   5.15    1 = FOG OR MIST
DPTR FM NORMAL:   0.5   DPTR FM NORMAL:    2.91    2 = FOG REDUCING VISIBILITY
HIGHEST:    91 ON 19    GRTST 24HR  3.21 ON  9- 9      TO 1/4 MILE OR LESS
LOWEST:     54 ON 16                               3 = THUNDER
                        SNOW, ICE PELLETS, HAIL    4 = ICE PELLETS
                        TOTAL MONTH:   0.0 INCH    5 = HAIL
                        GRTST 24HR     0.0         6 = FREEZING RAIN OR DRIZZLE
                        GRTST DEPTH:   0           7 = DUSTSTORM OR SANDSTORM:
                                                       VSBY 1/2 MILE OR LESS
                                                   8 = SMOKE OR HAZE
[NO. OF DAYS WITH]      [WEATHER - DAYS WITH]      9 = BLOWING SNOW
                                                   X = TORNADO
MAX 32 OR BELOW:   0    0.01 INCH OR MORE:   7
MAX 90 OR ABOVE:   1    0.10 INCH OR MORE:   5
MIN 32 OR BELOW:   0    0.50 INCH OR MORE:   3
MIN  0 OR BELOW:   0    1.00 INCH OR MORE:   1

[HDD (BASE 65) ]
TOTAL THIS MO.     3    CLEAR  (SCALE 0-3)   8
DPTR FM NORMAL   -12    PTCLDY (SCALE 4-7)  11
TOTAL FM JUL 1  4313    CLOUDY (SCALE 8-10)  1
DPTR FM NORMAL   -58

[CDD (BASE 65) ]
TOTAL THIS MO.   116
DPTR FM NORMAL     2    [PRESSURE DATA]
TOTAL FM JAN 1   212    HIGHEST SLP M ON M
DPTR FM NORMAL    35    LOWEST  SLP 29.67 ON  2

[REMARKS]
