000
CXUS55 KPUB 171059
CF6SPD
PRELIMINARY LOCAL CLIMATOLOGICAL DATA (WS FORM: F-6)

                                          STATION:   SPRINGFIELD CO
                                          MONTH:     OCTOBER
                                          YEAR:      2019
                                          LATITUDE:   37 16 N
                                          LONGITUDE: 102 37 W

  TEMPERATURE IN F:       :PCPN:    SNOW:  WIND      :SUNSHINE: SKY     :PK WND
================================================================================
1   2   3   4   5  6A  6B    7    8   9   10  11  12  13   14  15   16   17  18
                                     12Z  AVG MX 2MIN
DY MAX MIN AVG DEP HDD CDD  WTR  SNW DPTH SPD SPD DIR MIN PSBL S-S WX    SPD DR
================================================================================

 1  75  62  69   9   0   4 0.02  0.0    0 19.9 32 190   M    M   0        41 180
 2  69  47  58  -1   7   0 0.00  0.0    0 11.1 20  80   M    M   0        26  50
 3  59  44  52  -7  13   0 0.02    M    0 11.5 21 160   M    M   0        27 150
 4  75  47  61   2   4   0 0.00  0.0    0 20.7 35 200   M    M   0        46 200
 5  69  40  55  -3  10   0 0.00  0.0    0 10.8 21  40   M    M   0        29 340
 6  64  33  49  -9  16   0 0.00  0.0    0  6.8 21  40   M    M   0        28  30
 7  75  32  54  -3  11   0 0.00  0.0    0 15.2 26 180   M    M   0        41 190
 8  83  36  60   3   5   0 0.00  0.0    0 10.2 28 180   M    M   0        37 170
 9  85  41  63   7   2   0 0.00  0.0    0 12.8 35 340   M    M   0        49 320
10  41  20  31 -25  34   0 0.00  0.0    0 23.5 35 340   M    M   0        50 340
11  56  10  33 -23  32   0 0.00  0.0    0  5.8 17 300   M    M   0        22 300
12  71  25  48  -7  17   0 0.00  0.0    0  6.7 18 340   M    M   0        24 340
13  73  32  53  -2  12   0 0.00  0.0    0  9.2 17 320   M    M   0        22 310
14  81  32  57   2   8   0 0.00  0.0    0  7.6 14 310   M    M   0        21 320
15  64  28  46  -8  19   0 0.00  0.0    0 11.4 24 340   M    M   0        34 340
16  77  28  53  -1  12   0 0.00  0.0    0  7.3 16 230   M    M   0        23 230
================================================================================
SM 1117  557       202   4  0.04     0.0 190.5          M        0
================================================================================
AV 69.8 34.8                              11.9 FASTST   M    M   0    MAX(MPH)
                                 MISC ---->  # 35 200               # 50  340
================================================================================
NOTES:
# LAST OF SEVERAL OCCURRENCES

COLUMN 17 PEAK WIND IN M.P.H.

PRELIMINARY LOCAL CLIMATOLOGICAL DATA (WS FORM: F-6) , PAGE 2

                                          STATION:  SPRINGFIELD CO
                                          MONTH:    OCTOBER
                                          YEAR:     2019
                                          LATITUDE:   37 16 N
                                          LONGITUDE: 102 37 W

[TEMPERATURE DATA]      [PRECIPITATION DATA]       SYMBOLS USED IN COLUMN 16

AVERAGE MONTHLY: 52.3   TOTAL FOR MONTH:   0.04    1 = FOG OR MIST
DPTR FM NORMAL:  -4.4   DPTR FM NORMAL:   -0.72    2 = FOG REDUCING VISIBILITY
HIGHEST:    85 ON  9    GRTST 24HR  0.02 ON  3- 3      TO 1/4 MILE OR LESS
LOWEST:     10 ON 11                               3 = THUNDER
                        SNOW, ICE PELLETS, HAIL    4 = ICE PELLETS
                        TOTAL MONTH:   0.0 INCH    5 = HAIL
                        GRTST 24HR     0.0         6 = FREEZING RAIN OR DRIZZLE
                        GRTST DEPTH:   0           7 = DUSTSTORM OR SANDSTORM:
                                                       VSBY 1/2 MILE OR LESS
                                                   8 = SMOKE OR HAZE
[NO. OF DAYS WITH]      [WEATHER - DAYS WITH]      9 = BLOWING SNOW
                                                   X = TORNADO
MAX 32 OR BELOW:   0    0.01 INCH OR MORE:   2
MAX 90 OR ABOVE:   0    0.10 INCH OR MORE:   0
MIN 32 OR BELOW:   8    0.50 INCH OR MORE:   0
MIN  0 OR BELOW:   0    1.00 INCH OR MORE:   0

[HDD (BASE 65) ]
TOTAL THIS MO.   202    CLEAR  (SCALE 0-3)  16
DPTR FM NORMAL    61    PTCLDY (SCALE 4-7)   0
TOTAL FM JUL 1   205    CLOUDY (SCALE 8-10)  0
DPTR FM NORMAL   -26

[CDD (BASE 65) ]
TOTAL THIS MO.     4
DPTR FM NORMAL    -5    [PRESSURE DATA]
TOTAL FM JAN 1  1074    HIGHEST SLP M ON M
DPTR FM NORMAL    48    LOWEST  SLP 29.61 ON  9

[REMARKS]
