418
CXUS54 KBMX 251110
CF6TOI
PRELIMINARY LOCAL CLIMATOLOGICAL DATA (WS FORM: F-6)

                                          STATION:   TROY
                                          MONTH:     SEPTEMBER
                                          YEAR:      2018
                                          LATITUDE:   31 51 N
                                          LONGITUDE:  86  1 W

  TEMPERATURE IN F:       :PCPN:    SNOW:  WIND      :SUNSHINE: SKY     :PK WND
================================================================================
1   2   3   4   5  6A  6B    7    8   9   10  11  12  13   14  15   16   17  18
                                     12Z  AVG MX 2MIN
DY MAX MIN AVG DEP HDD CDD  WTR  SNW DPTH SPD SPD DIR MIN PSBL S-S WX    SPD DR
================================================================================

 1  91  68  80   1   0  15 0.00  0.0    0  5.7 16 130   M    M   1        24 120
 2  90  72  81   2   0  16    T  0.0    0  5.5 20 130   M    M   2        29 100
 3  91  71  81   2   0  16 0.12  0.0    0  5.9 25 120   M    M   4 138    35 130
 4  86  71  79   1   0  14 0.26  0.0    0  7.1 24 110   M    M   4 13     36 100
 5  82  72  77  -1   0  12 0.90  0.0    0  5.6 20 170   M    M   5 13     29 160
 6  90  72  81   3   0  16 0.01  0.0    0  2.5  9 120   M    M   1 1      12  60
 7  90  69  80   2   0  15 0.00  0.0    0  2.4 12  80   M    M   1 1      14  90
 8  91  69  80   2   0  15 0.00  0.0    0  2.5 12 220   M    M   2 13     15 230
 9  89  69  79   2   0  14 0.16  0.0    0  4.1 17 220   M    M   2 123    22 220
10  87  70  79   2   0  14 0.03  0.0    0  2.3 15 310   M    M   3 123    23 280
11  92  70  81   4   0  16 0.75  0.0    0  2.6 18 260   M    M   5 13     23 240
12  92  69  81   4   0  16 0.02  0.0    0  2.3 16 130   M    M   1 13     19 130
13  91  71  81   5   0  16 0.01  0.0    0  3.2 14  40   M    M   2 13     16  40
14  93  71  82   6   0  17 0.00  0.0    0  3.0 12 310   M    M   2 1      15 330
15  95  70  83   7   0  18 0.00  0.0    0  2.8 12  40   M    M   1 1      17  40
16  92  69  81   5   0  16 0.00  0.0    0  2.8 12 300   M    M   1        16 260
17  94  70  82   7   0  17 0.00  0.0    0  2.2  9 190   M    M   0 1      13 270
18  94  70  82   7   0  17 0.00  0.0    0  2.1 13 330   M    M   0 18     15 340
19  95  67  81   7   0  16 0.00  0.0    0  1.0  8  60   M    M   2 1      11  50
20  95  69  82   8   0  17 0.00  0.0    0  1.6 10 160   M    M   2 1      13 170
21  92  70  81   7   0  16 0.00  0.0    0  3.7 13  70   M    M   1 8      16  80
22  92  67  80   6   0  15    T  0.0    0  2.8 13 130   M    M   1 1      18 100
23  91  67  79   6   0  14    T  0.0    0  2.2 13 130   M    M   2 1      18 160
24  91  69  80   7   0  15 1.50  0.0    0  4.6 31 210   M    M   2 13     45 210
================================================================================
SM 2186 1672         0 373  3.76     0.0  80.5          M       47
================================================================================
AV 91.1 69.7                               3.4 FASTST   M    M   2    MAX(MPH)
                                 MISC ---->  # 31 210               # 45  210
================================================================================
NOTES:
# LAST OF SEVERAL OCCURRENCES

COLUMN 17 PEAK WIND IN M.P.H.

PRELIMINARY LOCAL CLIMATOLOGICAL DATA (WS FORM: F-6) , PAGE 2

                                          STATION:  TROY
                                          MONTH:    SEPTEMBER
                                          YEAR:     2018
                                          LATITUDE:   31 51 N
                                          LONGITUDE:  86  1 W

[TEMPERATURE DATA]      [PRECIPITATION DATA]       SYMBOLS USED IN COLUMN 16

AVERAGE MONTHLY: 80.4   TOTAL FOR MONTH:   3.76    1 = FOG OR MIST
DPTR FM NORMAL:   4.1   DPTR FM NORMAL:    0.50    2 = FOG REDUCING VISIBILITY
HIGHEST:    95 ON 20,19 GRTST 24HR  1.50 ON 24-24      TO 1/4 MILE OR LESS
LOWEST:     67 ON 23,22                            3 = THUNDER
                        SNOW, ICE PELLETS, HAIL    4 = ICE PELLETS
                        TOTAL MONTH:   0.0 INCH    5 = HAIL
                        GRTST 24HR     0.0         6 = FREEZING RAIN OR DRIZZLE
                        GRTST DEPTH:   0           7 = DUSTSTORM OR SANDSTORM:
                                                       VSBY 1/2 MILE OR LESS
                                                   8 = SMOKE OR HAZE
[NO. OF DAYS WITH]      [WEATHER - DAYS WITH]      9 = BLOWING SNOW
                                                   X = TORNADO
MAX 32 OR BELOW:   0    0.01 INCH OR MORE:  10
MAX 90 OR ABOVE:  20    0.10 INCH OR MORE:   6
MIN 32 OR BELOW:   0    0.50 INCH OR MORE:   3
MIN  0 OR BELOW:   0    1.00 INCH OR MORE:   1

[HDD (BASE 65) ]
TOTAL THIS MO.     0    CLEAR  (SCALE 0-3)  20
DPTR FM NORMAL     0    PTCLDY (SCALE 4-7)   4
TOTAL FM JUL 1     0    CLOUDY (SCALE 8-10)  0
DPTR FM NORMAL     0

[CDD (BASE 65) ]
TOTAL THIS MO.   373
DPTR FM NORMAL   100    [PRESSURE DATA]
TOTAL FM JAN 1  2174    HIGHEST SLP M ON M
DPTR FM NORMAL   267    LOWEST  SLP 29.80 ON  9

[REMARKS]
