677
CXUS55 KRIW 010945
CF6BPI
PRELIMINARY LOCAL CLIMATOLOGICAL DATA (WS FORM: F-6)
STATION: BIG PINEY WY
MONTH: MAY
YEAR: 2020
LATITUDE: 42 34 N
LONGITUDE: 110 6 W
TEMPERATURE IN F: :PCPN: SNOW: WIND :SUNSHINE: SKY :PK WND
================================================================================
1 2 3 4 5 6A 6B 7 8 9 10 11 12 13 14 15 16 17 18
12Z AVG MX 2MIN
DY MAX MIN AVG DEP HDD CDD WTR SNW DPTH SPD SPD DIR MIN PSBL S-S WX SPD DR
================================================================================
1 55 32 44 3 21 0 0.00 M M 8.4 18 170 M M 4 25 170
2 62 31 47 5 18 0 T M M 5.4 20 320 M M 6 12 26 310
3 59 32 46 4 19 0 0.05 M M 10.0 24 300 M M 4 1 39 270
4 53 30 42 0 23 0 0.00 M M 12.2 29 330 M M 2 36 320
5 61 19 40 -2 25 0 0.00 M M 7.8 24 340 M M 0 33 320
6 69 27 48 5 17 0 0.00 M M 9.6 36 270 M M 1 47 270
7 52 24 38 -5 27 0 0.00 M M 14.6 29 340 M M 1 44 330
8 62 26 44 1 21 0 0.00 M M 10.6 30 40 M M 2 41 40
9 63 19 41 -3 24 0 0.00 M M 4.9 16 250 M M 0 25 260
10 65 26 46 2 19 0 0.00 M M 8.0 18 160 M M 0 27 150
11 63 32 48 4 17 0 0.07 M M 8.1 31 10 M M 4 13 40 10
12 66 40 53 8 12 0 0.01 M M 8.6 28 270 M M 6 1 36 270
13 54 29 42 -3 23 0 T M M 10.6 24 300 M M 9 31 280
14 56 24 40 -5 25 0 0.01 M M 9.0 22 290 M M 6 31 280
15 57 26 42 -4 23 0 T M M 8.1 28 330 M M 3 36 280
16 60 19 40 -6 25 0 0.00 M M 6.2 15 180 M M 1 20 190
17 76 28 52 6 13 0 0.00 M M 7.9 25 250 M M 1 34 220
18 77 34 56 10 9 0 0.00 M M 10.7 30 230 M M 0 40 210
19 77 31 54 7 11 0 0.00 M M 12.7 37 200 M M 0 51 180
20 56 30 43 -4 22 0 T M M 12.5 38 250 M M 2 18 46 250
21 56 32 44 -3 21 0 0.00 M M 11.4 26 270 M M 5 36 250
22 58 28 43 -5 22 0 0.00 M M 9.6 37 280 M M 5 8 48 290
23 51 28 40 -8 25 0 0.04 M M 10.3 23 310 M M 6 1 32 320
24 57 23 40 -8 25 0 0.00 M M 11.7 25 340 M M 3 33 340
25 64 24 44 -4 21 0 0.00 M M 8.3 18 350 M M 2 28 330
26 67 31 49 0 16 0 0.00 M M 6.4 25 320 M M 8 32 320
27 73 35 54 5 11 0 0.00 M M 7.7 21 340 M M 2 31 350
28 77 35 56 7 9 0 0.00 M M 5.6 14 330 M M 0 22 170
29 85 37 61 11 4 0 0.00 M M 6.8 23 250 M M 1 3 32 250
30 83 41 62 12 3 0 0.08 M M 11.3 36 260 M M 2 13 48 260
31 79 44 62 12 3 0 T M M 10.2 32 270 M M 1 45 270
================================================================================
SM 1993 917 554 0 0.26 M 285.2 M 87
================================================================================
AV 64.3 29.6 9.2 FASTST M M 3 MAX(MPH)
MISC ----> # 38 250 # 51 180
================================================================================
NOTES:
# LAST OF SEVERAL OCCURRENCES
COLUMN 17 PEAK WIND IN M.P.H.
PRELIMINARY LOCAL CLIMATOLOGICAL DATA (WS FORM: F-6) , PAGE 2
STATION: BIG PINEY WY
MONTH: MAY
YEAR: 2020
LATITUDE: 42 34 N
LONGITUDE: 110 6 W
[TEMPERATURE DATA] [PRECIPITATION DATA] SYMBOLS USED IN COLUMN 16
AVERAGE MONTHLY: 46.9 TOTAL FOR MONTH: 0.26 1 = FOG OR MIST
DPTR FM NORMAL: 1.1 DPTR FM NORMAL: -0.58 2 = FOG REDUCING VISIBILITY
HIGHEST: 85 ON 29 GRTST 24HR 0.10 ON 30- 1 TO 1/4 MILE OR LESS
LOWEST: 19 ON 16, 9 3 = THUNDER
SNOW, ICE PELLETS, HAIL 4 = ICE PELLETS
TOTAL MONTH: M 5 = HAIL
GRTST 24HR M ON M 6 = FREEZING RAIN OR DRIZZLE
GRTST DEPTH: M ON M 7 = DUSTSTORM OR SANDSTORM:
VSBY 1/2 MILE OR LESS
8 = SMOKE OR HAZE
[NO. OF DAYS WITH] [WEATHER - DAYS WITH] 9 = BLOWING SNOW
X = TORNADO
MAX 32 OR BELOW: 0 0.01 INCH OR MORE: 6
MAX 90 OR ABOVE: 0 0.10 INCH OR MORE: 0
MIN 32 OR BELOW: 24 0.50 INCH OR MORE: 0
MIN 0 OR BELOW: 0 1.00 INCH OR MORE: 0
[HDD (BASE 65) ]
TOTAL THIS MO. 554 CLEAR (SCALE 0-3) 19
DPTR FM NORMAL -41 PTCLDY (SCALE 4-7) 11
TOTAL FM JUL 1 10718 CLOUDY (SCALE 8-10) 1
DPTR FM NORMAL 592
[CDD (BASE 65) ]
TOTAL THIS MO. 0
DPTR FM NORMAL 0 [PRESSURE DATA]
TOTAL FM JAN 1 0 HIGHEST SLP 30.32 ON 8
DPTR FM NORMAL 0 LOWEST SLP 29.49 ON 19
[REMARKS]
#FINAL-05-20#