000
CXUS55 KRIW 241010
CF6BPI
PRELIMINARY LOCAL CLIMATOLOGICAL DATA (WS FORM: F-6)

                                          STATION:   BIG PINEY  WY
                                          MONTH:     OCTOBER
                                          YEAR:      2020
                                          LATITUDE:   42 34 N
                                          LONGITUDE: 110  6 W

  TEMPERATURE IN F:       :PCPN:    SNOW:  WIND      :SUNSHINE: SKY     :PK WND
================================================================================
1   2   3   4   5  6A  6B    7    8   9   10  11  12  13   14  15   16   17  18
                                     12Z  AVG MX 2MIN
DY MAX MIN AVG DEP HDD CDD  WTR  SNW DPTH SPD SPD DIR MIN PSBL S-S WX    SPD DR
================================================================================

 1  71  26  49   5  16   0 0.00    M    M  5.4 13 340   M    M   0        16 340
 2  72  36  54  10  11   0 0.00    M    M  9.5 25 340   M    M   1 8      34 320
 3  70  27  49   6  16   0 0.00    M    M  4.6 13 340   M    M   0        15 350
 4  74  28  51   8  14   0 0.00    M    M  5.5 18 300   M    M   0 8      26 310
 5  74  25  50   8  15   0 0.00    M    M  8.4 20 340   M    M   0        30  10
 6  78  25  52  10  13   0 0.00    M    M  6.0 16 340   M    M   0        28  80
 7  73  23  48   6  17   0 0.00    M    M  4.2  6 350   M    M   0        14 350
 8  76  24  50   9  15   0 0.00    M    M  6.5 24 290   M    M   M        33 330
 9  73  30  52  11  13   0 0.00    M    M  4.9 16 260   M    M   0        23 260
10  73  22  48   7  17   0 0.00    M    M 10.8 32 270   M    M   1        46 270
11  46  25  36  -4  29   0 0.04    M    M 11.0 32 300   M    M   4 1      41 290
12  56  24  40   0  25   0 0.00    M    M  8.9 23 290   M    M   5        33 290
13  65  24  45   5  20   0 0.00    M    M 11.5 32 290   M    M   1        45 300
14  56  26  41   2  24   0    T    M    M 22.0 43 310   M    M   1        58 290
15  47  20  34  -5  31   0 0.00    M    M 11.8 25 340   M    M   0        38 350
16  58  14  36  -2  29   0 0.00    M    M  5.3 23 320   M    M   0        32 310
17  58  38  48  10  17   0 0.00    M    M 13.1 33 300   M    M   2        43 290
18  61  31  46   8  19   0 0.00    M    M 10.9 28 280   M    M   3        34 300
19  62  33  48  11  17   0 0.00    M    M  9.2 28 320   M    M   1        38 320
20  58  28  43   6  22   0    T    M    M  7.9 22 320   M    M   4        29 300
21  61  40  51  15  14   0 0.00    M    M  9.4 28 290   M    M   8        41 270
22  42  10  26 -10  39   0 0.00    M    M 11.3 22 340   M    M   4        30 340
23  37   3  20 -16  45   0 0.00    M    M  4.8 10  40   M    M   0        14 200
================================================================================
SM 1441  582       478   0  0.04    M    202.9          M       35
================================================================================
AV 62.7 25.3                               8.8 FASTST   M    M   2    MAX(MPH)
                                 MISC ---->    43 310                 58 290
================================================================================
NOTES:
# LAST OF SEVERAL OCCURRENCES

COLUMN 17 PEAK WIND IN M.P.H.

PRELIMINARY LOCAL CLIMATOLOGICAL DATA (WS FORM: F-6) , PAGE 2

                                          STATION:   BIG PINEY  WY
                                          MONTH:     OCTOBER
                                          YEAR:      2020
                                          LATITUDE:   42 34 N
                                          LONGITUDE: 110  6 W

[TEMPERATURE DATA]      [PRECIPITATION DATA]       SYMBOLS USED IN COLUMN 16

AVERAGE MONTHLY: 44.0   TOTAL FOR MONTH:   0.04    1 = FOG OR MIST
DPTR FM NORMAL:   4.1   DPTR FM NORMAL:   -0.40    2 = FOG REDUCING VISIBILITY
HIGHEST:    78 ON  6    GRTST 24HR  0.04 ON 11-11      TO 1/4 MILE OR LESS
LOWEST:      3 ON 23                               3 = THUNDER
                        SNOW, ICE PELLETS, HAIL    4 = ICE PELLETS
                        TOTAL MONTH:  M            5 = HAIL
                        GRTST 24HR    M  ON   M    6 = FREEZING RAIN OR DRIZZLE
                        GRTST DEPTH:  M  ON   M    7 = DUSTSTORM OR SANDSTORM:
                                                       VSBY 1/2 MILE OR LESS
                                                   8 = SMOKE OR HAZE
[NO. OF DAYS WITH]      [WEATHER - DAYS WITH]      9 = BLOWING SNOW
                                                   X = TORNADO
MAX 32 OR BELOW:   0    0.01 INCH OR MORE:   1
MAX 90 OR ABOVE:   0    0.10 INCH OR MORE:   0
MIN 32 OR BELOW:  19    0.50 INCH OR MORE:   0
MIN  0 OR BELOW:   0    1.00 INCH OR MORE:   0

[HDD (BASE 65) ]
TOTAL THIS MO.   478    CLEAR  (SCALE 0-3)  17
DPTR FM NORMAL  -100    PTCLDY (SCALE 4-7)   5
TOTAL FM JUL 1  1045    CLOUDY (SCALE 8-10)  1
DPTR FM NORMAL  -284

[CDD (BASE 65) ]
TOTAL THIS MO.     0
DPTR FM NORMAL     0    [PRESSURE DATA]
TOTAL FM JAN 1    34    HIGHEST SLP M ON M
DPTR FM NORMAL    -1    LOWEST  SLP 29.53 ON 11

[REMARKS]
