000
CXUS55 KRIW 241010
CF6GEY
PRELIMINARY LOCAL CLIMATOLOGICAL DATA (WS FORM: F-6)

                                          STATION:   GREYBULL WY
                                          MONTH:     OCTOBER
                                          YEAR:      2020
                                          LATITUDE:   44 30 N
                                          LONGITUDE: 108  4 W

  TEMPERATURE IN F:       :PCPN:    SNOW:  WIND      :SUNSHINE: SKY     :PK WND
================================================================================
1   2   3   4   5  6A  6B    7    8   9   10  11  12  13   14  15   16   17  18
                                     12Z  AVG MX 2MIN
DY MAX MIN AVG DEP HDD CDD  WTR  SNW DPTH SPD SPD DIR MIN PSBL S-S WX    SPD DR
================================================================================

 1  69  37  53   1  12   0 0.00    M    M  4.7 17 300   M    M   0        22 300
 2  76  34  55   4  10   0 0.00    M    M  8.7 24 350   M    M   0        34 360
 3  73  40  57   6   8   0 0.00    M    M  5.9 14 330   M    M   1 8      19 320
 4  80  36  58   8   7   0 0.00    M    M  2.2 10 130   M    M   0        15 190
 5  77  38  58   8   7   0 0.00    M    M  5.8 24 350   M    M   0        33 360
 6  84  38  61  11   4   0 0.00    M    M  2.7  9 110   M    M   0        14 170
 7  82  38  60  11   5   0 0.00    M    M  2.5  9 260   M    M   0        12 120
 8  84  36  60  11   5   0 0.00    M    M  3.6 13 150   M    M   0        16 150
 9  79  37  58   9   7   0 0.00    M    M  3.5  9 310   M    M   0        13 160
10  83  32  58  10   7   0 0.00    M    M  6.2 22 190   M    M   0        32 170
11  64  37  51   3  14   0    T    M    M 14.6 38 340   M    M   4        52 330
12  70  34  52   4  13   0 0.00    M    M 11.2 37 280   M    M   4        51 270
13  68  32  50   3  15   0    T    M    M  5.9 22 270   M    M   1        31 270
14  60  39  50   3  15   0 0.02    M    M 19.6 37 330   M    M   5        50 300
15  48  29  39  -7  26   0    T    M    M  4.8 20 270   M    M   7        28 260
16  60  22  41  -5  24   0 0.01    M    M  6.3 15 130   M    M   5        20 150
17  54  27  41  -5  24   0 0.06    M    M 15.3 26 310   M    M   9 1      36 310
18  39  26  33 -12  32   0 0.15    M    M  4.0 14 330   M    M  10 1      18 330
19  53  35  44  -1  21   0 0.10    M    M  3.7 14  10   M    M   9 1      16  10
20  52  41  47   2  18   0 0.02    M    M  8.8 25 330   M    M   7        33 320
21  50  37  44   0  21   0 0.00    M    M 14.1 37 330   M    M   7        49 330
22  38  19  29 -15  36   0 0.02    M    M 19.9 35 340   M    M  10 1      45 330
23  33  12  23 -20  42   0 0.00    M    M  5.1 15 150   M    M   1        22 120
================================================================================
SM 1476  756       373   0  0.38    M    179.1          M       80
================================================================================
AV 64.2 32.9                               7.8 FASTST   M    M   3    MAX(MPH)
                                 MISC ---->    38 340                 52 330
================================================================================
NOTES:
# LAST OF SEVERAL OCCURRENCES

COLUMN 17 PEAK WIND IN M.P.H.

PRELIMINARY LOCAL CLIMATOLOGICAL DATA (WS FORM: F-6) , PAGE 2

                                          STATION:   GREYBULL WY
                                          MONTH:     OCTOBER
                                          YEAR:      2020
                                          LATITUDE:   44 30 N
                                          LONGITUDE: 108  4 W

[TEMPERATURE DATA]      [PRECIPITATION DATA]       SYMBOLS USED IN COLUMN 16

AVERAGE MONTHLY: 48.5   TOTAL FOR MONTH:   0.38    1 = FOG OR MIST
DPTR FM NORMAL:   1.0   DPTR FM NORMAL:   -0.14    2 = FOG REDUCING VISIBILITY
HIGHEST:    84 ON  8, 6  GRTST 24HR  0.23 ON 18-19      TO 1/4 MILE OR LESS
LOWEST:     12 ON 23                               3 = THUNDER
                        SNOW, ICE PELLETS, HAIL    4 = ICE PELLETS
                        TOTAL MONTH:  M            5 = HAIL
                        GRTST 24HR    M  ON   M    6 = FREEZING RAIN OR DRIZZLE
                        GRTST DEPTH:  M  ON   M    7 = DUSTSTORM OR SANDSTORM:
                                                       VSBY 1/2 MILE OR LESS
                                                   8 = SMOKE OR HAZE
[NO. OF DAYS WITH]      [WEATHER - DAYS WITH]      9 = BLOWING SNOW
                                                   X = TORNADO
MAX 32 OR BELOW:   0    0.01 INCH OR MORE:   7
MAX 90 OR ABOVE:   0    0.10 INCH OR MORE:   2
MIN 32 OR BELOW:   8    0.50 INCH OR MORE:   0
MIN  0 OR BELOW:   0    1.00 INCH OR MORE:   0

[HDD (BASE 65) ]
TOTAL THIS MO.   373    CLEAR  (SCALE 0-3)  12
DPTR FM NORMAL   -28    PTCLDY (SCALE 4-7)   7
TOTAL FM JUL 1   536    CLOUDY (SCALE 8-10)  4
DPTR FM NORMAL   -96

[CDD (BASE 65) ]
TOTAL THIS MO.     0
DPTR FM NORMAL     0    [PRESSURE DATA]
TOTAL FM JAN 1   862    HIGHEST SLP M ON M
DPTR FM NORMAL   193    LOWEST  SLP 29.35 ON 11

[REMARKS]
