000
CXUS55 KRIW 160945
CF6GEY
PRELIMINARY LOCAL CLIMATOLOGICAL DATA (WS FORM: F-6)

                                          STATION:   GREYBULL WY
                                          MONTH:     FEBRUARY
                                          YEAR:      2020
                                          LATITUDE:   44 30 N
                                          LONGITUDE: 108  4 W

  TEMPERATURE IN F:       :PCPN:    SNOW:  WIND      :SUNSHINE: SKY     :PK WND
================================================================================
1   2   3   4   5  6A  6B    7    8   9   10  11  12  13   14  15   16   17  18
                                     12Z  AVG MX 2MIN
DY MAX MIN AVG DEP HDD CDD  WTR  SNW DPTH SPD SPD DIR MIN PSBL S-S WX    SPD DR
================================================================================

 1  55  27  41  22  24   0 0.00  0.0    M  4.9 17 180   M    M   0        22 180
 2  43  23  33  14  32   0 0.02    M    M 15.6 32 330   M    M   3 1      42 320
 3  24  13  19   0  46   0 0.13    M    M  6.1 15 330   M    M  10 18     19 330
 4  18 -11   4 -15  61   0 0.00  0.0    M  3.3 13 150   M    M   4 12     15 150
 5  19  -5   7 -13  58   0 0.00  0.0    M  1.4  7 120   M    M   8 8       9 120
 6  24  12  18  -2  47   0 0.24    M    M  2.8  8 220   M    M  10 12     13 130
 7  30  21  26   6  39   0 0.06    M    M  2.7  9 140   M    M  10 1      12 130
 8  31  11  21   0  44   0    T    M    M  9.1 43 340   M    M   7 1289   53 350
 9  25  11  18  -3  47   0 0.00    M    M  9.5 38 330   M    M   2 89     47 330
10  27  -2  13  -8  52   0    T    M    M  2.2  9 280   M    M   5 18     12 110
11  24  -5  10 -12  55   0 0.00    M    M  3.0  9 100   M    M   7 128    11 110
12  27  15  21  -1  44   0 0.02    M    M  7.5 23 330   M    M   7 1      29 320
13  23   5  14  -9  51   0    T    M    M  2.6 10 180   M    M   4 1      14 170
14  35  -3  16  -7  49   0    T    M    M  6.4 28 340   M    M   2        32 340
15  28  -1  14 -10  51   0 0.00    M    M  2.9 12 250   M    M   2 1      13 250
================================================================================
SM  433  111       700   0  0.47     0.0  80.0          M       81
================================================================================
AV 28.9  7.4                               5.3 FASTST   M    M   5    MAX(MPH)
                                 MISC ---->  # 43 340               # 53  350
================================================================================
NOTES:
# LAST OF SEVERAL OCCURRENCES

COLUMN 17 PEAK WIND IN M.P.H.

PRELIMINARY LOCAL CLIMATOLOGICAL DATA (WS FORM: F-6) , PAGE 2

                                          STATION:  GREYBULL WY
                                          MONTH:    FEBRUARY
                                          YEAR:     2020
                                          LATITUDE:   44 30 N
                                          LONGITUDE: 108  4 W

[TEMPERATURE DATA]      [PRECIPITATION DATA]       SYMBOLS USED IN COLUMN 16

AVERAGE MONTHLY: 18.1   TOTAL FOR MONTH:   0.47    1 = FOG OR MIST
DPTR FM NORMAL:  -2.7   DPTR FM NORMAL:    0.38    2 = FOG REDUCING VISIBILITY
HIGHEST:    55 ON  1    GRTST 24HR  0.24 ON  6- 6      TO 1/4 MILE OR LESS
LOWEST:    -11 ON  4                               3 = THUNDER
                        SNOW, ICE PELLETS, HAIL    4 = ICE PELLETS
                        TOTAL MONTH:   0.0 INCH    5 = HAIL
                        GRTST 24HR     0.0         6 = FREEZING RAIN OR DRIZZLE
                        GRTST DEPTH:  M  ON   M    7 = DUSTSTORM OR SANDSTORM:
                                                       VSBY 1/2 MILE OR LESS
                                                   8 = SMOKE OR HAZE
[NO. OF DAYS WITH]      [WEATHER - DAYS WITH]      9 = BLOWING SNOW
                                                   X = TORNADO
MAX 32 OR BELOW:  12    0.01 INCH OR MORE:   5
MAX 90 OR ABOVE:   0    0.10 INCH OR MORE:   2
MIN 32 OR BELOW:  15    0.50 INCH OR MORE:   0
MIN  0 OR BELOW:   6    1.00 INCH OR MORE:   0

[HDD (BASE 65) ]
TOTAL THIS MO.   700    CLEAR  (SCALE 0-3)   5
DPTR FM NORMAL    37    PTCLDY (SCALE 4-7)   7
TOTAL FM JUL 1  5092    CLOUDY (SCALE 8-10)  3
DPTR FM NORMAL  -385

[CDD (BASE 65) ]
TOTAL THIS MO.     0
DPTR FM NORMAL     0    [PRESSURE DATA]
TOTAL FM JAN 1     0    HIGHEST SLP M ON M
DPTR FM NORMAL     0    LOWEST  SLP 29.69 ON  8

[REMARKS]
