000
CXUS55 KRIW 010945
CF6RKS
PRELIMINARY LOCAL CLIMATOLOGICAL DATA (WS FORM: F-6)

                                          STATION:   ROCK SPRINGS WY
                                          MONTH:     MARCH
                                          YEAR:      2020
                                          LATITUDE:   41 35 N
                                          LONGITUDE: 109  4 W

  TEMPERATURE IN F:       :PCPN:    SNOW:  WIND      :SUNSHINE: SKY     :PK WND
================================================================================
1   2   3   4   5  6A  6B    7    8   9   10  11  12  13   14  15   16   17  18
                                     12Z  AVG MX 2MIN
DY MAX MIN AVG DEP HDD CDD  WTR  SNW DPTH SPD SPD DIR MIN PSBL S-S WX    SPD DR
================================================================================

 1  34  12  23  -5  42   0 0.05    M    M 14.5 29  60   M    M   7 12     44  40
 2  26   9  18 -11  47   0 0.00    M    M 23.1 39 260   M    M   2 1      49 270
 3  37  20  29   0  36   0 0.00    M    M 20.2 37 270   M    M   1        49 280
 4  42  24  33   3  32   0 0.00    M    M 18.4 37 260   M    M   0        48 260
 5  49  28  39   9  26   0 0.00    M    M 10.2 32 260   M    M   0        40 260
 6  54  25  40  10  25   0 0.00    M    M  5.4 15 220   M    M   0        21 220
 7  54  33  44  13  21   0 0.00    M    M 12.6 31 200   M    M   0        40 200
 8  41  31  36   5  29   0    T    M    M 10.2 20 280   M    M   M        26 250
 9  46  27  37   6  28   0 0.00    M    M  8.9 21 250   M    M   M        36 260
10  44  27  36   4  29   0 0.00    M    M 13.5 32 290   M    M   M        42 290
11  51  25  38   6  27   0    T    M    M 14.7  M   M   M    M   M        43 250
12  47  26  37   5  28   0 0.00    M    M 17.9 40 260   M    M   M        50 260
13  30  20  25  -8  40   0 0.13    M    M 12.8 24  70   M    M   M 1      30  70
14  46  19  33   0  32   0 0.00    M    M   M  35 200   M    M   M 2      45 200
15  51  35  43   9  22   0 0.00    M    M 17.4 35 190   M    M   M        42 180
16  53  28  41   7  24   0 0.00    M    M  5.8 16  90   M    M   1        23  80
17  55  24  40   6  25   0 0.00    M    M 11.1 30 180   M    M   2 12     40 180
18  49  31  40   6  25   0    T    M    M 10.4 39 260   M    M   4        50 260
19  34  21  28  -7  37   0    T    M    M 19.5 39  60   M    M  10 18     57  60
20  37  18  28  -7  37   0    T    M    M  8.4 17  70   M    M   7 18     21  60
21  45  24  35   0  30   0 0.00    M    M 10.0 16 240   M    M   4        23 260
22  46  27  37   1  28   0    T    M    M 15.6 35 270   M    M   4        44 280
23  47  24  36   0  29   0 0.00  0.0    M  8.7 22 280   M    M   3        33 230
24  46  28  37   1  28   0 0.03    M    M  9.5 31 290   M    M   8 12     42 290
25  37  27  32  -4  33   0 0.04    M    M  9.1 18 270   M    M  10 12     25 270
26  37  24  31  -5  34   0    T    M    M  9.9 20 270   M    M  10 1      26 270
27  36  21  29  -8  36   0 0.00    M    M 13.1 25 270   M    M   5        33 260
28  41  20  31  -6  34   0 0.00    M    M 18.2 29 250   M    M   5        42 260
29  45  22  34  -3  31   0 0.00  0.0    0  4.5 14 250   M    M   3        21 250
30  49  24  37  -1  28   0 0.00    M    M 12.7 29 260   M    M   3        38 260
31  54  31  43   5  22   0    T    M    M 15.4 35 270   M    M   7        46 300
================================================================================
SM 1363  755       945   0  0.25     0.0 381.7          M       96
================================================================================
AV 44.0 24.4                              12.7 FASTST   M    M   4    MAX(MPH)
                                 MISC ---->  # 40 260               # 57   60
================================================================================
NOTES:
# LAST OF SEVERAL OCCURRENCES

COLUMN 17 PEAK WIND IN M.P.H.

PRELIMINARY LOCAL CLIMATOLOGICAL DATA (WS FORM: F-6) , PAGE 2

                                          STATION:  ROCK SPRINGS WY
                                          MONTH:    MARCH
                                          YEAR:     2020
                                          LATITUDE:   41 35 N
                                          LONGITUDE: 109  4 W

[TEMPERATURE DATA]      [PRECIPITATION DATA]       SYMBOLS USED IN COLUMN 16

AVERAGE MONTHLY: 34.2   TOTAL FOR MONTH:   0.25    1 = FOG OR MIST
DPTR FM NORMAL:   0.7   DPTR FM NORMAL:   -0.43    2 = FOG REDUCING VISIBILITY
HIGHEST:    55 ON 17    GRTST 24HR  0.13 ON 13-13      TO 1/4 MILE OR LESS
LOWEST:      9 ON  2                               3 = THUNDER
                        SNOW, ICE PELLETS, HAIL    4 = ICE PELLETS
                        TOTAL MONTH:   0.0 INCH    5 = HAIL
                        GRTST 24HR     0.0         6 = FREEZING RAIN OR DRIZZLE
                        GRTST DEPTH:   0           7 = DUSTSTORM OR SANDSTORM:
                                                       VSBY 1/2 MILE OR LESS
                                                   8 = SMOKE OR HAZE
[NO. OF DAYS WITH]      [WEATHER - DAYS WITH]      9 = BLOWING SNOW
                                                   X = TORNADO
MAX 32 OR BELOW:   2    0.01 INCH OR MORE:   4
MAX 90 OR ABOVE:   0    0.10 INCH OR MORE:   1
MIN 32 OR BELOW:  29    0.50 INCH OR MORE:   0
MIN  0 OR BELOW:   0    1.00 INCH OR MORE:   0

[HDD (BASE 65) ]
TOTAL THIS MO.   945    CLEAR  (SCALE 0-3)  10
DPTR FM NORMAL   -32    PTCLDY (SCALE 4-7)  10
TOTAL FM JUL 1  7094    CLOUDY (SCALE 8-10)  3
DPTR FM NORMAL   265

[CDD (BASE 65) ]
TOTAL THIS MO.     0
DPTR FM NORMAL     0    [PRESSURE DATA]
TOTAL FM JAN 1     0    HIGHEST SLP 30.42 ON  5
DPTR FM NORMAL     0    LOWEST  SLP 29.63 ON 19

[REMARKS]
#FINAL-03-20#
