000
CXUS56 KSGX 011045
CF6MYF
PRELIMINARY LOCAL CLIMATOLOGICAL DATA (WS FORM: F-6)
STATION: SAN DIEGO/MONTGOMERY FLD CA
MONTH: JULY
YEAR: 2022
LATITUDE: 32 49 N
LONGITUDE: 117 9 W
TEMPERATURE IN F: :PCPN: SNOW: WIND :SUNSHINE: SKY :PK WND
================================================================================
1 2 3 4 5 6A 6B 7 8 9 10 11 12 13 14 15 16 17 18
12Z AVG MX 2MIN
DY MAX MIN AVG DEP HDD CDD WTR SNW DPTH SPD SPD DIR MIN PSBL S-S WX SPD DR
================================================================================
1 81 68 75 5 0 10 0.00 M M 5.4 14 220 M M 3 17 220
2 79 66 73 3 0 8 0.00 M M 5.3 14 230 M M 3 18 250
3 74 65 70 0 0 5 0.00 M M 5.2 14 260 M M 5 18 250
4 75 64 70 -1 0 5 0.00 M M 6.1 15 260 M M 3 20 270
5 77 64 71 0 0 6 0.00 M M 6.2 13 240 M M 4 18 230
6 78 67 73 2 0 8 0.00 M M 6.4 15 280 M M 7 21 280
7 77 67 72 1 0 7 0.00 M M 5.4 13 250 M M 4 18 250
8 79 66 73 2 0 8 0.00 M M 4.7 13 240 M M 4 18 250
9 83 65 74 3 0 9 0.00 M M 5.4 12 280 M M 3 15 270
10 82 65 74 3 0 9 0.00 M M 4.7 13 230 M M 4 18 19 230
11 76 63 70 -2 0 5 0.00 M M 5.7 13 240 M M 4 18 220
12 76 63 70 -2 0 5 0.00 M M 6.3 14 250 M M 4 19 240
13 75 62 69 -3 0 4 0.00 M M 6.4 14 290 M M 5 19 290
14 75 63 69 -3 0 4 0.00 M M 6.0 12 250 M M 4 8 16 250
15 77 63 70 -2 0 5 0.00 M M 5.2 13 240 M M 3 1 16 230
16 78 65 72 0 0 7 0.00 M M 4.9 10 230 M M 2 18 16 250
17 80 64 72 0 0 7 0.00 M M 5.0 13 210 M M 3 18 19 230
18 80 66 73 1 0 8 0.00 M M 4.1 13 230 M M 0 18 16 210
19 84 66 75 3 0 10 0.00 M M 5.3 12 260 M M 0 8 17 270
20 85 67 76 4 0 11 0.00 M M 4.6 14 250 M M 2 1 17 260
21 83 64 74 2 0 9 0.00 M M 4.9 13 240 M M 1 18 16 230
22 77 63 70 -3 0 5 0.00 M M 5.1 13 240 M M 4 16 240
23 76 64 70 -3 0 5 0.00 M M 6.1 14 250 M M 5 8 18 260
24 76 64 70 -3 0 5 0.00 M M 5.0 12 240 M M 6 18 18 260
25 78 66 72 -1 0 7 0.00 M M 5.7 14 240 M M 6 19 220
26 81 65 73 0 0 8 0.00 M M 4.7 12 300 M M 4 17 310
27 80 66 73 0 0 8 0.00 M M 5.2 13 310 M M 3 17 290
28 80 65 73 0 0 8 0.00 M M 5.7 14 230 M M 2 8 16 260
29 77 64 71 -2 0 6 0.00 M M 4.8 14 240 M M 3 8 17 260
30 81 66 74 1 0 9 0.00 M M 4.8 12 250 M M 2 15 240
31 86 68 77 4 0 12 0.00 M M 4.9 13 240 M M 3 17 300
================================================================================
SM 2446 2014 0 223 0.00 M 165.2 M 106
================================================================================
AV 78.9 65.0 5.3 FASTST M M 3 MAX(MPH)
MISC ----> # 15 260 21 280
================================================================================
NOTES:
# LAST OF SEVERAL OCCURRENCES
COLUMN 17 PEAK WIND IN M.P.H.
PRELIMINARY LOCAL CLIMATOLOGICAL DATA (WS FORM: F-6) , PAGE 2
STATION: SAN DIEGO/MONTGOMERY FLD CA
MONTH: JULY
YEAR: 2022
LATITUDE: 32 49 N
LONGITUDE: 117 9 W
[TEMPERATURE DATA] [PRECIPITATION DATA] SYMBOLS USED IN COLUMN 16
AVERAGE MONTHLY: 71.9 TOTAL FOR MONTH: 0.00 1 = FOG OR MIST
DPTR FM NORMAL: 0.0 DPTR FM NORMAL: -0.07 2 = FOG REDUCING VISIBILITY
HIGHEST: 86 ON 31 GRTST 24HR 0.00 ON 1- 1 TO 1/4 MILE OR LESS
LOWEST: 62 ON 13 3 = THUNDER
SNOW, ICE PELLETS, HAIL 4 = ICE PELLETS
TOTAL MONTH: M 5 = HAIL
GRTST 24HR M ON M 6 = FREEZING RAIN OR DRIZZLE
GRTST DEPTH: M ON M 7 = DUSTSTORM OR SANDSTORM:
VSBY 1/2 MILE OR LESS
8 = SMOKE OR HAZE
[NO. OF DAYS WITH] [WEATHER - DAYS WITH] 9 = BLOWING SNOW
X = TORNADO
MAX 32 OR BELOW: 0 0.01 INCH OR MORE: 0
MAX 90 OR ABOVE: 0 0.10 INCH OR MORE: 0
MIN 32 OR BELOW: 0 0.50 INCH OR MORE: 0
MIN 0 OR BELOW: 0 1.00 INCH OR MORE: 0
[HDD (BASE 65) ]
TOTAL THIS MO. 0 CLEAR (SCALE 0-3) 13
DPTR FM NORMAL -1 PTCLDY (SCALE 4-7) 18
TOTAL FM JUL 1 0 CLOUDY (SCALE 8-10) 0
DPTR FM NORMAL 0
[CDD (BASE 65) ]
TOTAL THIS MO. 223
DPTR FM NORMAL 9 [PRESSURE DATA]
TOTAL FM JAN 1 536 HIGHEST SLP 30.09 ON 9
DPTR FM NORMAL 158 LOWEST SLP 29.82 ON 22
[REMARKS]
#FINAL-07-22#