000
CXUS53 KARX 050754
CLMLSE

CLIMATE REPORT
NATIONAL WEATHER SERVICE LA CROSSE WI
154 AM CST WED MAR 5 2017

...FEBRUARY AT LA CROSSE WISCONSIN WAS WARMER THAN NORMAL AND
RECEIVED NEAR NORMAL PRECIPITATION...

THE AVERAGE TEMPERATURE FOR THE MONTH WAS 33.3 DEGREES, WHICH WAS
10.8 DEGREES ABOVE NORMAL. THE AVERAGE HIGH TEMPERATURE WAS 42.6
DEGREES AND THE AVERAGE LOW WAS 23.9 DEGREES. THE HIGHEST
TEMPERATURE FOR THE MONTH WAS 65 DEGREES ON THE 19TH AND THE
COLDEST TEMPERATURE WAS 7 DEGREES WHICH OCCURRED ON THE 9TH.

A TOTAL OF 1.17 INCHES OF PRECIPITATION FELL DURING THE MONTH.
THIS WAS TWELVE HUNDREDTHS OF AN INCH ABOVE NORMAL. THE GREATEST 24
HOUR PRECIPITATION WAS FIFTY FIVE HUNDREDTHS OF AN INCH WHICH
OCCURRED ON THE 20TH.

A TOTAL OF 3.9 INCHES OF SNOW FELL IN THE MONTH. THE GREATEST 24
HOUR SNOWFALL WAS 3.4 INCHES WHICH OCCURRED ON THE 24TH.

...RECORDS...

THE TEMPERATURE DROPPED TO 45 DEGREES ON THE 20TH. THIS BROKE THE
RECORD HIGHEST LOW TEMPERATURE OF 41 DEGREES PREVIOUSLY SET IN 1930.

THE TEMPERATURE CLIMBED TO 65 DEGREES ON THE 19TH. THIS BROKE THE
RECORD DAILY HIGH TEMPERATURE OF 59 DEGREES PREVIOUSLY SET IN 1930.

THE TEMPERATURE ROSE TO 63 DEGREES ON THE 22ND. THIS BROKE THE
RECORD DAILY HIGH TEMPERATURE OF 62 DEGREES PREVIOUSLY SET IN 1984.

...DISCUSSION...

LA CROSSE WAS WARMER THAN NORMAL IN THE MONTH OF FEBRUARY. THE
WARMEST STRETCH OCCURRED FROM THE 10TH THROUGH THE 24TH...WHERE
THE AVERAGE DAILY TEMPERATURE RANGED FROM 2 TO 28 DEGREES ABOVE
NORMAL. THERE WERE 5 DAYS WHERE THE AVERAGE DAILY TEMPERATURE WAS
BELOW NORMAL. THE MONTH OF FEBRUARY WAS THE 5TH WARMEST ON RECORD.
THERE WERE 5 DAYS WHERE THE AVERAGE DAILY TEMPERATURE WAS AT OR
BELOW 32 DEGREES.

DURING THE MONTH OF FEBRUARY...PRECIPITATION WAS NEAR NORMAL. THE
DRIEST PERIOD DURING THE MONTH OCCURRED FROM THE 1ST THROUGH THE
19TH WHERE THREE HUNDREDTHS OF AN INCH OF PRECIPITATION FELL. THE
WETTEST PERIOD OCCURRED FROM THE 20TH THROUGH THE 24TH WHERE 1.12
INCHES OF PRECIPITATION FELL. THERE WERE 5 DAYS OF MEASURABLE
PRECIPITATION IN THE MONTH WITH 1 DAY OF A HALF OF AN INCH OR MORE
OF PRECIPITATION.

...................................

...THE LA CROSSE WI CLIMATE SUMMARY FOR THE MONTH OF FEBRUARY 2017...

CLIMATE NORMAL PERIOD 1981 TO 2010
CLIMATE RECORD PERIOD 1873 TO 2017

WEATHER         OBSERVED          NORMAL  DEPART  LAST YEAR`S
                 VALUE   DATE(S)  VALUE   FROM    VALUE  DATE(S)
                                          NORMAL
................................................................
TEMPERATURE (F)
RECORD
 HIGH              65   02/19/2017
                        02/15/1921
                        02/12/1882
 LOW              -36   02/08/1971
HIGHEST            65R  02/19        MM      MM       62  02/27
LOWEST              7   02/09        MM      MM       -8  02/13
AVG. MAXIMUM     42.6              31.4    11.2     33.7
AVG. MINIMUM     23.9              13.6    10.3     17.3
MEAN             33.3              22.5    10.8     25.5
DAYS MAX >= 90      0               0.0     0.0        0
DAYS MAX <= 32      5              13.7    -8.7       11
DAYS MIN <= 32     22              26.0    -4.0       26
DAYS MIN <= 0       0               5.4    -5.4        4

PRECIPITATION (INCHES)
RECORD
 MAXIMUM         4.04   1922
 MINIMUM         0.05   1969
TOTALS           1.17              1.05    0.12     0.78
DAILY AVG.       0.04              0.04    0.00     0.03
DAYS >= .01         5               8.0    -3.0        5
DAYS >= .10         2               2.9    -0.9        3
DAYS >= .50         1               0.5     0.5        0
DAYS >= 1.00        0               0.1    -0.1        0
GREATEST
 24 HR. TOTAL    0.55   02/20 TO 02/20

SNOWFALL (INCHES)
RECORDS
 TOTAL           31.0   1959
TOTALS            3.9               8.2    -4.3     10.8
SINCE 7/1        34.2              34.5    -0.3     27.4
SNOWDEPTH AVG.      1                 5      -4        4
DAYS >= TRACE       6               6.4    -0.4       14
DAYS >= 1.0         1               2.6    -1.6        3
GREATEST
 SNOW DEPTH         3   02/26                         11  02/05
                        02/25                             02/04
                        02/07                             02/03
 24 HR TOTAL      3.4   02/24 TO 02/24

DEGREE_DAYS
HEATING TOTAL     883              1190    -307     1136
 SINCE 7/1       4280              5509   -1229     4575
COOLING TOTAL       0                 0       0        0
 SINCE 1/1          0                 0       0        0
.................................................................

WIND (MPH)
AVERAGE WIND SPEED              9.3
HIGHEST WIND SPEED/DIRECTION    28/300    DATE  02/12
HIGHEST GUST SPEED/DIRECTION    37/290    DATE  02/12

SKY COVER
POSSIBLE SUNSHINE (PERCENT)   MM
AVERAGE SKY COVER           0.30
NUMBER OF DAYS FAIR           16
NUMBER OF DAYS PC              8
NUMBER OF DAYS CLOUDY          4

AVERAGE RH (PERCENT)     65

WEATHER CONDITIONS. NUMBER OF DAYS WITH
THUNDERSTORM              1     MIXED PRECIP               0
HEAVY RAIN                1     RAIN                       1
LIGHT RAIN                8     FREEZING RAIN              0
LT FREEZING RAIN          0     HAIL                       0
HEAVY SNOW                0     SNOW                       0
LIGHT SNOW                6     SLEET                      0
FOG                       7     FOG W/VIS <= 1/4 MILE      0
HAZE                      4

-  INDICATES NEGATIVE NUMBERS.
R  INDICATES RECORD WAS SET OR TIED.
MM INDICATES DATA IS MISSING.
T  INDICATES TRACE AMOUNT.

$$

BOYNE
