693
CXUS53 KARX 010922
CLMLSE


CLIMATE REPORT
NATIONAL WEATHER SERVICE LA CROSSE WI
421 AM CDT MON AUG 1 2016

...................................

...THE LA CROSSE WI CLIMATE SUMMARY FOR THE MONTH OF JULY 2016...

CLIMATE NORMAL PERIOD 1981 TO 2010
CLIMATE RECORD PERIOD 1873 TO 2016

WEATHER         OBSERVED          NORMAL  DEPART  LAST YEAR`S
                 VALUE   DATE(S)  VALUE   FROM    VALUE  DATE(S)
                                          NORMAL
................................................................
TEMPERATURE (F)
RECORD
 HIGH             108   07/13/1995
                        07/14/1936
 LOW               44   07/04/1967
HIGHEST            94   07/22        MM      MM       92  07/17
LOWEST             56   07/03        MM      MM       51  07/02
                        07/02
                        07/01
AVG. MAXIMUM     84.4              84.1     0.3     82.9
AVG. MINIMUM     65.6              63.2     2.4     62.5
MEAN             75.0              73.7     1.3     72.7
DAYS MAX >= 90      5               5.5    -0.5        3
DAYS MAX <= 32      0               0.0     0.0        0
DAYS MIN <= 32      0               0.0     0.0        0
DAYS MIN <= 0       0               0.0     0.0        0

PRECIPITATION (INCHES)
RECORD
 MAXIMUM        11.03   1883
 MINIMUM         0.16   1967
TOTALS           5.15              4.26    0.89     3.62
DAILY AVG.       0.17              0.14    0.03     0.12
DAYS >= .01        10              10.4    -0.4        7
DAYS >= .10         7               6.7     0.3        6
DAYS >= .50         5               2.8     2.2        3
DAYS >= 1.00        2               1.1     0.9        0
GREATEST
 24 HR. TOTAL    1.35   07/23 TO 07/23

SNOWFALL (INCHES)
RECORDS
 TOTAL             MM   MM
TOTALS            0.0               0.0     0.0      0.0
SINCE 7/1         0.0               0.0     0.0      0.0
SNOWDEPTH AVG.      0                MM      MM        0
DAYS >= TRACE       0               0.0     0.0        0
DAYS >= 1.0         0               0.0     0.0        0
GREATEST
 SNOW DEPTH         0   MM                             0  MM
 24 HR TOTAL      0.0   MM

DEGREE_DAYS
HEATING TOTAL       0                 5      -5        3
 SINCE 7/1          0                 5      -5        3
COOLING TOTAL     318               273      45      250
 SINCE 1/1        616               487     129      482
.................................................................

WIND (MPH)
AVERAGE WIND SPEED              7.6
HIGHEST WIND SPEED/DIRECTION    51/280    DATE  07/05
HIGHEST GUST SPEED/DIRECTION    68/260    DATE  07/05

SKY COVER
POSSIBLE SUNSHINE (PERCENT)   MM
AVERAGE SKY COVER           0.30
NUMBER OF DAYS FAIR           20
NUMBER OF DAYS PC              9
NUMBER OF DAYS CLOUDY          2

AVERAGE RH (PERCENT)     71

WEATHER CONDITIONS. NUMBER OF DAYS WITH
THUNDERSTORM              0     MIXED PRECIP               0
HEAVY RAIN                5     RAIN                       5
LIGHT RAIN               14     FREEZING RAIN              0
LT FREEZING RAIN          0     HAIL                       0
HEAVY SNOW                0     SNOW                       0
LIGHT SNOW                0     SLEET                      0
FOG                      10     FOG W/VIS <= 1/4 MILE      0
HAZE                      1

-  INDICATES NEGATIVE NUMBERS.
R  INDICATES RECORD WAS SET OR TIED.
MM INDICATES DATA IS MISSING.
T  INDICATES TRACE AMOUNT.

$$
