000
CXUS51 KCLE 021333
CLMCAK


CLIMATE REPORT
NATIONAL WEATHER SERVICE CLEVELAND OH
921 AM EDT TUE SEP 2 2014

...................................

...THE AKRON CANTON OH CLIMATE SUMMARY FOR THE MONTH OF AUGUST 2014...

CLIMATE NORMAL PERIOD 1981 TO 2010
CLIMATE RECORD PERIOD 1887 TO 2014

WEATHER         OBSERVED          NORMAL  DEPART  LAST YEAR`S
                 VALUE   DATE(S)  VALUE   FROM    VALUE
                                          NORMAL
.............................................................
TEMPERATURE (F)
RECORD
 HIGH             104   10/07/5881
 LOW               39   10/07/5881
HIGHEST            89   08/30
LOWEST             50   08/16
AVG. MAXIMUM     80.5              80.3     0.2     80.3
AVG. MINIMUM     61.5              60.6     0.9     60.6
MEAN             71.0              70.5     0.5     70.5
DAYS MAX >= 90      0               1.6    -1.6        0
DAYS MAX <= 32      0               0.0     0.0        0
DAYS MIN <= 32      0               0.0     0.0        0
DAYS MIN <= 0       0               0.0     0.0        0

PRECIPITATION (INCHES)
RECORD
 MAXIMUM         8.19   1974
 MINIMUM         0.28   1894
TOTALS           5.72              3.56    2.16     1.79
DAYS >= .01        14               9.6     4.4       11
DAYS >= .10         8               6.2     1.8        4
DAYS >= .50         3               2.3     0.7        1
DAYS >= 1.00        2               0.9     1.1        0
GREATEST
 24 HR. TOTAL    2.09   08/11 TO 08/12              0.58

SNOWFALL (INCHES)
RECORDS
 TOTAL             MM
TOTALS            0.0               0.0     0.0      0.0
SINCE 7/1         0.0               0.0     0.0      0.0
DAYS >= 1.0         0               0.0     0.0        0
GREATEST
 24 HR TOTAL      0.0

DEGREE_DAYS
HEATING TOTAL       6                14      -8        8
 SINCE 7/1         16                20      -4       13
COOLING TOTAL     200               183      17      185
 SINCE 1/1        636               582      54      724
..............................................................

WIND (MPH)
AVERAGE WIND SPEED              6.5
HIGHEST WIND SPEED/DIRECTION    26/340    DATE  08/19
HIGHEST GUST SPEED/DIRECTION    33/330    DATE  08/19

SKY COVER
AVERAGE SKY COVER           0.60

AVERAGE RH (PERCENT)     68

WEATHER CONDITIONS. NUMBER OF DAYS WITH
THUNDERSTORM              0     MIXED PRECIP               0
HEAVY RAIN                3     RAIN                       6
LIGHT RAIN               15     FREEZING RAIN              0
LT FREEZING RAIN          0     HAIL                       0
HEAVY SNOW                0     SNOW                       0
LIGHT SNOW                0     SLEET                      0
FOG                      19     FOG W/VIS <= 1/4 MILE      0
HAZE                     13

-  INDICATES NEGATIVE NUMBERS.
R  INDICATES RECORD WAS SET OR TIED.
MM INDICATES DATA IS MISSING.
T  INDICATES TRACE AMOUNT.

$$
