414
CXUS51 KCLE 012024
CLMCAK


CLIMATE REPORT
NATIONAL WEATHER SERVICE CLEVELAND OH
321 PM EST WED FEB 1 2017

...................................

...THE AKRON CANTON OH CLIMATE SUMMARY FOR THE MONTH OF JANUARY 2017...

CLIMATE NORMAL PERIOD 1981 TO 2010
CLIMATE RECORD PERIOD 1887 TO 2017

WEATHER         OBSERVED          NORMAL  DEPART  LAST YEAR`S
                 VALUE   DATE(S)  VALUE   FROM    VALUE
                                          NORMAL
.............................................................
TEMPERATURE (F)
RECORD
 HIGH              73   01/23/1906
 LOW              -25   01/19/1994
HIGHEST            63   01/17
                        01/12
LOWEST                  01/07
                        01/06
AVG. MAXIMUM     40.4              33.1     7.3     35.2
AVG. MINIMUM     27.0              19.1     7.9     19.1
MEAN             33.7              26.1     7.6     27.2
DAYS MAX >= 90      0               0.0     0.0        0
DAYS MAX <= 32      9              14.4    -5.4       14
DAYS MIN <= 32     19              26.7    -7.7       28
DAYS MIN <= 0       2               1.9     0.1        0

PRECIPITATION (INCHES)
RECORD
 MAXIMUM         8.70   1950
 MINIMUM         0.71   1961
TOTALS           6.14              2.61    3.53     1.21
DAYS >= .01        23              17.1     5.9       14
DAYS >= .10        13               6.7     6.3        4
DAYS >= .50         3               1.3     1.7        0
DAYS >= 1.00        1               0.2     0.8        0
GREATEST
 24 HR. TOTAL    2.28   01/11 TO 01/12              0.46

SNOWFALL (INCHES)
RECORDS
 TOTAL           37.5   1978
TOTALS            7.3              12.4    -5.1      6.1
SINCE 7/1        16.9              26.0    -9.1      6.3
DAYS >= 1.0         2               4.4    -2.4        2
GREATEST
 24 HR TOTAL      2.9   01/05 TO 01/05

DEGREE_DAYS
HEATING TOTAL     960              1206    -246     1168
 SINCE 7/1       2904              3536    -632     2700
COOLING TOTAL       0                 0       0        0
 SINCE 1/1          0                 0       0        0
..............................................................

WIND (MPH)
AVERAGE WIND SPEED              10.5
HIGHEST WIND SPEED/DIRECTION    36/270    DATE  01/10
HIGHEST GUST SPEED/DIRECTION    50/280    DATE  01/10

SKY COVER
AVERAGE SKY COVER           0.90

AVERAGE RH (PERCENT)     74

WEATHER CONDITIONS. NUMBER OF DAYS WITH
THUNDERSTORM              0     MIXED PRECIP               0
HEAVY RAIN                3     RAIN                       8
LIGHT RAIN               17     FREEZING RAIN              0
LT FREEZING RAIN          1     HAIL                       0
HEAVY SNOW                1     SNOW                       4
LIGHT SNOW               14     SLEET                      1
FOG                      22     FOG W/VIS <= 1/4 MILE      3
HAZE                     17

-  INDICATES NEGATIVE NUMBERS.
R  INDICATES RECORD WAS SET OR TIED.
MM INDICATES DATA IS MISSING.
T  INDICATES TRACE AMOUNT.

$$
