000
CDUS41 KCLE 290537
CLIYNG


CLIMATE REPORT
NATIONAL WEATHER SERVICE CLEVELAND OH
136 AM EDT FRI MAY 29 2015


...................................

...THE YOUNGSTOWN OH CLIMATE SUMMARY FOR MAY 28 2015...

CLIMATE NORMAL PERIOD 1981 TO 2010
CLIMATE RECORD PERIOD 1897 TO 2015


WEATHER ITEM   OBSERVED TIME   RECORD YEAR NORMAL DEPARTURE LAST
                VALUE   (LST)  VALUE       VALUE  FROM      YEAR
                                                  NORMAL
..................................................................
TEMPERATURE (F)
 YESTERDAY
  MAXIMUM         78    351 PM  90    2012  72      6       80
  MINIMUM         57        MM  34    1992  50      7       62
  AVERAGE         68                        61      7       71

PRECIPITATION (IN)
  YESTERDAY        0.27                      0.13   0.14     0.00
  MONTH TO DATE    3.08                      3.40  -0.32     3.55
  SINCE MAR 1      8.29                      9.70  -1.41    10.40
  SINCE JAN 1     13.52                     14.40  -0.88    15.09

SNOWFALL (IN)
  YESTERDAY        0.0                       0.0    0.0      0.0
  MONTH TO DATE    0.0                       0.0    0.0       T
  SINCE MAR 1      9.5                      13.9   -4.4      9.1
  SINCE JUL 1     79.0                      62.7   16.3     90.1
  SNOW DEPTH       0

DEGREE DAYS
 HEATING
  YESTERDAY        0                         5     -5        0
  MONTH TO DATE  133                       237   -104      201
  SINCE MAR 1   1564                      1616    -52     1755
  SINCE JUL 1   6682                      6264    418     6823

 COOLING
  YESTERDAY        3                         2      1        6
  MONTH TO DATE   98                        24     74       55
  SINCE MAR 1     98                        33     65       55
  SINCE JAN 1     98                        33     65       55
..................................................................


WIND (MPH)
  HIGHEST WIND SPEED     8   HIGHEST WIND DIRECTION     N (20)
  HIGHEST GUST SPEED    MM   HIGHEST GUST DIRECTION    MM
  AVERAGE WIND SPEED     4.9


SKY COVER
  POSSIBLE SUNSHINE  MM
  AVERAGE SKY COVER 0.6


WEATHER CONDITIONS
 THE FOLLOWING WEATHER WAS RECORDED YESTERDAY.
  THUNDERSTORM
  LIGHT RAIN
  FOG


RELATIVE HUMIDITY (PERCENT)
 HIGHEST   100          1200 AM
 LOWEST     40           500 PM
 AVERAGE    70

..........................................................


THE YOUNGSTOWN OH CLIMATE NORMALS FOR TODAY
                         NORMAL    RECORD    YEAR
 MAXIMUM TEMPERATURE (F)   72        91      1942
 MINIMUM TEMPERATURE (F)   50        34      2004


SUNRISE AND SUNSET
MAY 29 2015...........SUNRISE   554 AM EDT   SUNSET   847 PM EDT
MAY 30 2015...........SUNRISE   553 AM EDT   SUNSET   848 PM EDT


-  INDICATES NEGATIVE NUMBERS.
R  INDICATES RECORD WAS SET OR TIED.
MM INDICATES DATA IS MISSING.
T  INDICATES TRACE AMOUNT.




$$
