000
CXUS51 KCLE 021904
CLMYNG


CLIMATE REPORT
NATIONAL WEATHER SERVICE CLEVELAND OH
302 PM EDT THU JUN 2 2016

...................................

...THE YOUNGSTOWN OH CLIMATE SUMMARY FOR THE MONTH OF MAY 2016...

CLIMATE NORMAL PERIOD 1981 TO 2010
CLIMATE RECORD PERIOD 1897 TO 2016

WEATHER         OBSERVED          NORMAL  DEPART  LAST YEAR`S
                 VALUE   DATE(S)  VALUE   FROM    VALUE
                                          NORMAL
.............................................................
TEMPERATURE (F)
RECORD
 HIGH              92   05/18/1962
 LOW               20   05/07/2010
HIGHEST            88   05/28
LOWEST             32   05/16
AVG. MAXIMUM     69.8              68.9     0.9     75.7
AVG. MINIMUM     47.3              46.7     0.6     52.2
MEAN             58.6              57.8     0.8     64.0
DAYS MAX >= 90      0               0.0     0.0        0
DAYS MAX <= 32      0               0.0     0.0        0
DAYS MIN <= 32      1               1.0     0.0        2
DAYS MIN <= 0       0               0.0     0.0        0

PRECIPITATION (INCHES)
RECORD
 MAXIMUM         9.87   1946
 MINIMUM         0.78
TOTALS           2.29              3.79   -1.50     4.54
DAYS >= .01        11              13.6    -2.6       16
DAYS >= .10         7               8.6    -1.6        8
DAYS >= .50         0               2.5    -2.5        2
DAYS >= 1.00        0               0.6    -0.6        2
GREATEST
 24 HR. TOTAL    0.47   05/14 TO 05/15              1.69

SNOWFALL (INCHES)
RECORDS
 TOTAL            5.4   5
TOTALS            0.2                 T     0.2      0.0
SINCE 7/1        44.9              62.7   -17.8     79.0
DAYS >= 1.0         0               0.0     0.0        0
GREATEST
 24 HR TOTAL      0.2   MM

DEGREE_DAYS
HEATING TOTAL     246               253      -7      137
 SINCE 7/1       5253              6280   -1027     6686
COOLING TOTAL      55                30      25      112
 SINCE 1/1         55                39      16      112
..............................................................

WIND (MPH)
AVERAGE WIND SPEED              7.3
HIGHEST WIND SPEED/DIRECTION    30/340    DATE  05/06
HIGHEST GUST SPEED/DIRECTION    39/340    DATE  05/06

SKY COVER
AVERAGE SKY COVER           0.70

AVERAGE RH (PERCENT)     68

WEATHER CONDITIONS. NUMBER OF DAYS WITH
THUNDERSTORM              0     MIXED PRECIP               0
HEAVY RAIN                0     RAIN                       7
LIGHT RAIN               15     FREEZING RAIN              0
LT FREEZING RAIN          0     HAIL                       0
HEAVY SNOW                0     SNOW                       1
LIGHT SNOW                1     SLEET                      1
FOG                      13     FOG W/VIS <= 1/4 MILE      3
HAZE                      2

-  INDICATES NEGATIVE NUMBERS.
R  INDICATES RECORD WAS SET OR TIED.
MM INDICATES DATA IS MISSING.
T  INDICATES TRACE AMOUNT.

$$
