000
CXUS51 KCLE 021259
CLMYNG


CLIMATE REPORT
NATIONAL WEATHER SERVICE CLEVELAND OH
759 AM EST MON DEC 2 2013

...................................

...THE YOUNGSTOWN OH CLIMATE SUMMARY FOR THE MONTH OF NOVEMBER 2013...

CLIMATE NORMAL PERIOD 1981 TO 2010
CLIMATE RECORD PERIOD 1897 TO 2013

WEATHER         OBSERVED          NORMAL  DEPART  LAST YEAR`S
                 VALUE   DATE(S)  VALUE   FROM    VALUE
                                          NORMAL
.............................................................
TEMPERATURE (F)
RECORD
 HIGH              80   11/03/1961
 LOW                1   11/30/1976
                        11/30/1958
HIGHEST            68   11/06
LOWEST             14   11/25
                        11/24
AVG. MAXIMUM     45.0              48.9    -3.9     47.3
AVG. MINIMUM     29.6              33.9    -4.3     29.8
MEAN             37.3              41.4    -4.1     38.6
DAYS MAX >= 90      0               0.0     0.0        0
DAYS MAX <= 32      4               1.7     2.3        1
DAYS MIN <= 32     18              13.1     4.9       22
DAYS MIN <= 0       0               0.0     0.0        0

PRECIPITATION (INCHES)
RECORD
 MAXIMUM         9.11   1985
 MINIMUM         0.82
TOTALS           3.08              3.18   -0.10     0.82
DAYS >= .01        15              14.1     0.9        8
DAYS >= .10        10               7.5     2.5        3
DAYS >= .50         2               1.7     0.3        0
DAYS >= 1.00        0               0.3    -0.3        0
GREATEST
 24 HR. TOTAL    0.65   11/17 TO 11/17              0.40

SNOWFALL (INCHES)
RECORDS
 TOTAL           30.6   5
                        0
                        -26215
TOTALS           12.9               3.6     9.3      2.9
SINCE 7/1        14.1               4.4     9.7      2.9
DAYS >= 1.0         4               1.1     2.9        2
GREATEST
 24 HR TOTAL      5.4R  MM

DEGREE_DAYS
HEATING TOTAL     824               708     116      785
 SINCE 7/1       1382              1329      53     1381
COOLING TOTAL       0                 0       0        0
 SINCE 1/1        630               544      86      761
..............................................................

WIND (MPH)
AVERAGE WIND SPEED              9.8
HIGHEST WIND SPEED/DIRECTION    33/270    DATE  11/17
HIGHEST GUST SPEED/DIRECTION    51/190    DATE  11/01

SKY COVER
AVERAGE SKY COVER           0.80

AVERAGE RH (PERCENT)     67

WEATHER CONDITIONS. NUMBER OF DAYS WITH
THUNDERSTORM              0     MIXED PRECIP               0
HEAVY RAIN                2     RAIN                       6
LIGHT RAIN               10     FREEZING RAIN              0
LT FREEZING RAIN          1     HAIL                       0
HEAVY SNOW                2     SNOW                       6
LIGHT SNOW               14     SLEET                      1
FOG                      15     FOG W/VIS <= 1/4 MILE      1
HAZE                      1

-  INDICATES NEGATIVE NUMBERS.
R  INDICATES RECORD WAS SET OR TIED.
MM INDICATES DATA IS MISSING.
T  INDICATES TRACE AMOUNT.

$$
