000
CXUS51 KCLE 011323
CLMYNG


CLIMATE REPORT
NATIONAL WEATHER SERVICE CLEVELAND OH
923 AM EDT TUE JUL 1 2014

...................................

...THE YOUNGSTOWN OH CLIMATE SUMMARY FOR THE MONTH OF JUNE 2014...

CLIMATE NORMAL PERIOD 1981 TO 2010
CLIMATE RECORD PERIOD 1897 TO 2014

WEATHER         OBSERVED          NORMAL  DEPART  LAST YEAR`S
                 VALUE   DATE(S)  VALUE   FROM    VALUE
                                          NORMAL
.............................................................
TEMPERATURE (F)
RECORD
 HIGH              99   06/25/1988
                        06/26/1952
 LOW               30   06/11/1972
HIGHEST            88   06/28
LOWEST             43   06/06
AVG. MAXIMUM     79.9              77.4     2.5     77.5
AVG. MINIMUM     57.8              55.4     2.4     56.1
MEAN             68.9              66.4     2.5     66.8
DAYS MAX >= 90      0               0.9    -0.9        0
DAYS MAX <= 32      0               0.0     0.0        0
DAYS MIN <= 32      0               0.0     0.0        0
DAYS MIN <= 0       0               0.0     0.0        0

PRECIPITATION (INCHES)
RECORD
 MAXIMUM        10.66   1986
 MINIMUM         0.71
TOTALS           4.80              3.88    0.92     5.37
DAYS >= .01        14              12.3     1.7       12
DAYS >= .10        11               7.6     3.4        9
DAYS >= .50         3               2.5     0.5        5
DAYS >= 1.00        0               0.8    -0.8        1
GREATEST
 24 HR. TOTAL    0.94   06/24 TO 06/25              1.71

SNOWFALL (INCHES)
RECORDS
 TOTAL             MM   5
TOTALS            0.0               0.0     0.0        T
SINCE 7/1        90.1              62.7    27.4     80.9
DAYS >= 1.0         0               0.0     0.0        0
GREATEST
 24 HR TOTAL      0.0   06/30 TO 06/30

DEGREE_DAYS
HEATING TOTAL      28                69     -41       56
 SINCE 7/1       6855              6349     506     6156
COOLING TOTAL     153               110      43      118
 SINCE 1/1        208               149      59      206
..............................................................

WIND (MPH)
AVERAGE WIND SPEED              6.3
HIGHEST WIND SPEED/DIRECTION    30/330    DATE  06/18
HIGHEST GUST SPEED/DIRECTION    40/150    DATE  06/11

SKY COVER
AVERAGE SKY COVER           0.70

AVERAGE RH (PERCENT)     73

WEATHER CONDITIONS. NUMBER OF DAYS WITH
THUNDERSTORM              0     MIXED PRECIP               0
HEAVY RAIN                8     RAIN                       9
LIGHT RAIN               15     FREEZING RAIN              0
LT FREEZING RAIN          0     HAIL                       0
HEAVY SNOW                0     SNOW                       0
LIGHT SNOW                0     SLEET                      0
FOG                      24     FOG W/VIS <= 1/4 MILE      3
HAZE                      4

-  INDICATES NEGATIVE NUMBERS.
R  INDICATES RECORD WAS SET OR TIED.
MM INDICATES DATA IS MISSING.
T  INDICATES TRACE AMOUNT.

$$
