000
CXUS53 KDVN 011100
CF6MLI
PRELIMINARY LOCAL CLIMATOLOGICAL DATA (WS FORM: F-6)
STATION: MOLINE IL
MONTH: FEBRUARY
YEAR: 2023
LATITUDE: 41 27 N
LONGITUDE: 90 31 W
TEMPERATURE IN F: :PCPN: SNOW: WIND :SUNSHINE: SKY :PK WND
================================================================================
1 2 3 4 5 6A 6B 7 8 9 10 11 12 13 14 15 16 17 18
12Z AVG MX 2MIN
DY MAX MIN AVG DEP HDD CDD WTR SNW DPTH SPD SPD DIR MIN PSBL S-S WX SPD DR
================================================================================
1 33 5 19 -5 46 0 0.00 0.0 1 7.1 18 210 M M 0 25 220
2 38 7 23 -1 42 0 0.00 0.0 1 13.1 26 300 M M 0 35 300
3 14 0 7 -17 58 0 0.00 0.0 T 7.0 16 310 M M 4 24 320
4 50 12 31 7 34 0 0.00 0.0 T 10.4 18 220 M M 0 27 200
5 47 25 36 12 29 0 0.00 0.0 0 8.3 20 310 M M 0 1 27 280
6 55 20 38 13 27 0 0.00 0.0 0 12.6 25 200 M M 1 18 45 190
7 53 27 40 15 25 0 0.00 0.0 0 12.8 29 260 M M 4 40 260
8 48 23 36 11 29 0 0.00 0.0 0 6.2 15 80 M M 3 19 70
9 39 34 37 11 28 0 1.34 1.1 0 13.7 26 300 M M 9 1 38 310
10 35 21 28 2 37 0 0.00 0.0 T 8.6 18 300 M M 1 1 24 300
11 48 18 33 7 32 0 0.00 0.0 0 5.2 16 220 M M 0 22 220
12 56 22 39 13 26 0 0.00 0.0 0 4.9 16 230 M M 0 20 230
13 55 30 43 16 22 0 0.00 0.0 0 5.5 12 280 M M 0 15 280
14 53 33 43 16 22 0 0.06 0.0 0 12.7 23 160 M M 5 33 150
15 49 31 40 12 25 0 0.00 0.0 0 16.5 37 250 M M 9 53 250
16 34 21 28 0 37 0 0.32 2.3 T 12.7 23 320 M M 9 128 34 40
17 30 11 21 -7 44 0 0.00 0.0 2 7.4 17 200 M M 2 25 200
18 48 29 39 10 26 0 0.00 0.0 2 10.2 22 190 M M 0 31 190
19 52 33 43 14 22 0 0.00 0.0 0 10.9 23 240 M M 2 34 210
20 53 25 39 9 26 0 0.00 0.0 0 6.8 20 290 M M 1 18 29 280
21 39 23 31 1 34 0 0.00 0.0 0 12.5 28 290 M M 2 43 300
22 38 34 36 6 29 0 0.98 0.0 0 15.4 28 80 M M 10 1 36 70
23 40 19 30 -1 35 0 T T 0 17.6 32 270 M M 10 1 44 280
24 31 15 23 -8 42 0 T T 0 8.4 17 310 M M 8 24 300
25 44 26 35 3 30 0 T T T 8.4 17 270 M M 3 8 24 260
26 57 25 41 9 24 0 0.00 0.0 0 7.5 18 120 M M 2 18 28 120
27 57 41 49 17 16 0 0.81 0.0 0 15.3 31 300 M M 10 138 43 300
28 51 37 44 11 21 0 0.01 0.0 0 9.1 18 100 M M 6 26 310
================================================================================
SM 1247 647 868 0 3.52 3.4 286.8 M 101
================================================================================
AV 44.5 23.1 10.2 FASTST M M 4 MAX(MPH)
MISC ----> 37 250 53 250
================================================================================
NOTES:
# LAST OF SEVERAL OCCURRENCES
COLUMN 17 PEAK WIND IN M.P.H.
PRELIMINARY LOCAL CLIMATOLOGICAL DATA (WS FORM: F-6) , PAGE 2
STATION: MOLINE IL
MONTH: FEBRUARY
YEAR: 2023
LATITUDE: 41 27 N
LONGITUDE: 90 31 W
[TEMPERATURE DATA] [PRECIPITATION DATA] SYMBOLS USED IN COLUMN 16
AVERAGE MONTHLY: 33.8 TOTAL FOR MONTH: 3.52 1 = FOG OR MIST
DPTR FM NORMAL: 6.1 DPTR FM NORMAL: 1.69 2 = FOG REDUCING VISIBILITY
HIGHEST: 57 ON 27,26 GRTST 24HR 1.34 ON 9- 9 TO 1/4 MILE OR LESS
LOWEST: 0 ON 3 3 = THUNDER
SNOW, ICE PELLETS, HAIL 4 = ICE PELLETS
TOTAL MONTH: 3.4 INCHES 5 = HAIL
GRTST 24HR 2.3 ON 16-16 6 = FREEZING RAIN OR DRIZZLE
GRTST DEPTH: 2 ON 18,17 7 = DUSTSTORM OR SANDSTORM:
VSBY 1/2 MILE OR LESS
8 = SMOKE OR HAZE
[NO. OF DAYS WITH] [WEATHER - DAYS WITH] 9 = BLOWING SNOW
X = TORNADO
MAX 32 OR BELOW: 3 0.01 INCH OR MORE: 6
MAX 90 OR ABOVE: 0 0.10 INCH OR MORE: 4
MIN 32 OR BELOW: 22 0.50 INCH OR MORE: 3
MIN 0 OR BELOW: 1 1.00 INCH OR MORE: 1
[HDD (BASE 65) ]
TOTAL THIS MO. 868 CLEAR (SCALE 0-3) 17
DPTR FM NORMAL -176 PTCLDY (SCALE 4-7) 4
TOTAL FM JUL 1 4162 CLOUDY (SCALE 8-10) 7
DPTR FM NORMAL -489
[CDD (BASE 65) ]
TOTAL THIS MO. 0
DPTR FM NORMAL 0 [PRESSURE DATA]
TOTAL FM JAN 1 0 HIGHEST SLP 30.73 ON 3
DPTR FM NORMAL 0 LOWEST SLP 29.02 ON 27
[REMARKS]
#FINAL-02-23#